{"id":9590,"date":"2023-01-04T22:02:25","date_gmt":"2023-01-04T21:02:25","guid":{"rendered":"https:\/\/www.operaincertaeditore.it\/shop\/?post_type=product&#038;p=9590"},"modified":"2023-01-08T11:50:51","modified_gmt":"2023-01-08T10:50:51","slug":"nicola-colombo-il-medico-dei-poveri","status":"publish","type":"product","link":"https:\/\/www.operaincertaeditore.it\/shop\/index.php\/prodotto\/nicola-colombo-il-medico-dei-poveri\/","title":{"rendered":"Nicola Colombo &#8211; Il medico dei poveri"},"content":{"rendered":"<p><a href=\"https:\/\/www.operaincertaeditore.it\/shop\/?attachment_id=9665\" rel=\"attachment wp-att-9665\"><img loading=\"lazy\" decoding=\"async\" class=\"alignleft size-full wp-image-9665\" src=\"https:\/\/www.operaincertaeditore.it\/shop\/wp-content\/uploads\/2023\/01\/medico_anteprima.jpg\" alt=\"\" width=\"2000\" height=\"1425\" srcset=\"https:\/\/www.operaincertaeditore.it\/shop\/wp-content\/uploads\/2023\/01\/medico_anteprima.jpg 2000w, https:\/\/www.operaincertaeditore.it\/shop\/wp-content\/uploads\/2023\/01\/medico_anteprima-300x214.jpg 300w, https:\/\/www.operaincertaeditore.it\/shop\/wp-content\/uploads\/2023\/01\/medico_anteprima-1024x730.jpg 1024w, https:\/\/www.operaincertaeditore.it\/shop\/wp-content\/uploads\/2023\/01\/medico_anteprima-768x547.jpg 768w, https:\/\/www.operaincertaeditore.it\/shop\/wp-content\/uploads\/2023\/01\/medico_anteprima-1536x1094.jpg 1536w, https:\/\/www.operaincertaeditore.it\/shop\/wp-content\/uploads\/2023\/01\/medico_anteprima-600x428.jpg 600w\" sizes=\"auto, (max-width: 2000px) 100vw, 2000px\" \/><\/a><\/p>\n","protected":false},"excerpt":{"rendered":"<p>Data di Pubblicazione: gennaio 2023<br \/>\nISBN: 978-88-32220-43-8<br \/>\nPagine: 198<\/p>\n<p>Una storia semplice ed essenziale, ma quanto intensa e passionale, onesta e pulita, quella del medico-chirurgo Concetto Carbone (14 gennaio 1927 \/ 23 novembre 1964), inteso il Medico dei Poveri. In forma romanzata, ce la espone Nicola Colombo che cesella toccanti pagine, narrando vicende e situazioni che hanno visto il Nostro impegnato a rendere realt\u00e0 l&#8217;amore per lo studio che lo avrebbe portato alla laurea. Proprio quel titolo \u2013 dottore di polso \u2013 lo ha reso il professionista scrupoloso che \u00e8 stato professando \u201cil dovere di operare il bene del diritto alla salute, curando, a cominciare dagli ultimi\u201d. Il Concetto Carbone, qui riproposto, \u00e8 una Persona tratteggiata a tutto tondo, attraverso le varie fasi della sua breve esistenza in un contesto che vede coprotagonisti i familiari \u2013 il padre Vannino e la madre Raffelina in primis \u2013 e gli amici con cui condivise gioie e aspettative di vita, speranze mai sopite e sofferenze, per Lui quelle della grave malattia. Nella trama non potevano mancare gli aspetti per cos\u00ec dire teneramente sentimentali. In particolare quelli amorosi per l&#8217;appassionata relazione che Concetto condivise con la giovane Loredana, conosciuta e frequentata a Siena, durante gli anni universitari. Un amore senza limiti e confini di spazio e tempo, nonostante la prematura dipartita del Nostro. Ogni frammento di vicenda qui narrata della vita e dell&#8217;opera del dottore Concetto Carbone \u00e8 contestualizzato alla realt\u00e0 sociale e culturale del tempo che i Lettori avranno la possibilit\u00e0 di poter rivivere e constatare.<\/p>\n","protected":false},"featured_media":9666,"comment_status":"closed","ping_status":"closed","template":"","meta":[],"product_brand":[],"product_cat":[18,53],"product_tag":[],"class_list":{"0":"post-9590","1":"product","2":"type-product","3":"status-publish","4":"has-post-thumbnail","6":"product_cat-fabula","7":"product_cat-nicola-colombo","9":"first","10":"instock","11":"shipping-taxable","12":"purchasable","13":"product-type-simple"},"_links":{"self":[{"href":"https:\/\/www.operaincertaeditore.it\/shop\/index.php\/wp-json\/wp\/v2\/product\/9590","targetHints":{"allow":["GET"]}}],"collection":[{"href":"https:\/\/www.operaincertaeditore.it\/shop\/index.php\/wp-json\/wp\/v2\/product"}],"about":[{"href":"https:\/\/www.operaincertaeditore.it\/shop\/index.php\/wp-json\/wp\/v2\/types\/product"}],"replies":[{"embeddable":true,"href":"https:\/\/www.operaincertaeditore.it\/shop\/index.php\/wp-json\/wp\/v2\/comments?post=9590"}],"wp:featuredmedia":[{"embeddable":true,"href":"https:\/\/www.operaincertaeditore.it\/shop\/index.php\/wp-json\/wp\/v2\/media\/9666"}],"wp:attachment":[{"href":"https:\/\/www.operaincertaeditore.it\/shop\/index.php\/wp-json\/wp\/v2\/media?parent=9590"}],"wp:term":[{"taxonomy":"product_brand","embeddable":true,"href":"https:\/\/www.operaincertaeditore.it\/shop\/index.php\/wp-json\/wp\/v2\/product_brand?post=9590"},{"taxonomy":"product_cat","embeddable":true,"href":"https:\/\/www.operaincertaeditore.it\/shop\/index.php\/wp-json\/wp\/v2\/product_cat?post=9590"},{"taxonomy":"product_tag","embeddable":true,"href":"https:\/\/www.operaincertaeditore.it\/shop\/index.php\/wp-json\/wp\/v2\/product_tag?post=9590"}],"curies":[{"name":"wp","href":"https:\/\/api.w.org\/{rel}","templated":true}]}}

<p>Data di Pubblicazione: gennaio 2023<br />
ISBN: 978-88-32220-43-8<br />
Pagine: 198</p>
<p>Una storia semplice ed essenziale, ma quanto intensa e passionale, onesta e pulita, quella del medico-chirurgo Concetto Carbone (14 gennaio 1927 / 23 novembre 1964), inteso il Medico dei Poveri. In forma romanzata, ce la espone Nicola Colombo che cesella toccanti pagine, narrando vicende e situazioni che hanno visto il Nostro impegnato a rendere realtà l&#8217;amore per lo studio che lo avrebbe portato alla laurea. Proprio quel titolo – dottore di polso – lo ha reso il professionista scrupoloso che è stato professando “il dovere di operare il bene del diritto alla salute, curando, a cominciare dagli ultimi”. Il Concetto Carbone, qui riproposto, è una Persona tratteggiata a tutto tondo, attraverso le varie fasi della sua breve esistenza in un contesto che vede coprotagonisti i familiari – il padre Vannino e la madre Raffelina in primis – e gli amici con cui condivise gioie e aspettative di vita, speranze mai sopite e sofferenze, per Lui quelle della grave malattia. Nella trama non potevano mancare gli aspetti per così dire teneramente sentimentali. In particolare quelli amorosi per l&#8217;appassionata relazione che Concetto condivise con la giovane Loredana, conosciuta e frequentata a Siena, durante gli anni universitari. Un amore senza limiti e confini di spazio e tempo, nonostante la prematura dipartita del Nostro. Ogni frammento di vicenda qui narrata della vita e dell&#8217;opera del dottore Concetto Carbone è contestualizzato alla realtà sociale e culturale del tempo che i Lettori avranno la possibilità di poter rivivere e constatare.</p>
