{"id":8436,"date":"2022-10-06T14:30:06","date_gmt":"2022-10-06T12:30:06","guid":{"rendered":"https:\/\/www.operaincertaeditore.it\/shop\/?post_type=product&#038;p=8436"},"modified":"2022-10-10T08:31:17","modified_gmt":"2022-10-10T06:31:17","slug":"salvatore-spampinato-giovanni-spampinato","status":"publish","type":"product","link":"https:\/\/www.operaincertaeditore.it\/shop\/index.php\/prodotto\/salvatore-spampinato-giovanni-spampinato\/","title":{"rendered":"Salvatore Spampinato &#8211; Giovanni Spampinato"},"content":{"rendered":"<p><a href=\"https:\/\/www.operaincertaeditore.it\/shop\/?attachment_id=8428\" rel=\"attachment wp-att-8428\"><img loading=\"lazy\" decoding=\"async\" class=\"alignleft size-full wp-image-8428\" src=\"https:\/\/www.operaincertaeditore.it\/shop\/wp-content\/uploads\/2022\/10\/spampinato_anteprima.jpg\" alt=\"\" width=\"2000\" height=\"1425\" srcset=\"https:\/\/www.operaincertaeditore.it\/shop\/wp-content\/uploads\/2022\/10\/spampinato_anteprima.jpg 2000w, https:\/\/www.operaincertaeditore.it\/shop\/wp-content\/uploads\/2022\/10\/spampinato_anteprima-300x214.jpg 300w, https:\/\/www.operaincertaeditore.it\/shop\/wp-content\/uploads\/2022\/10\/spampinato_anteprima-1024x730.jpg 1024w, https:\/\/www.operaincertaeditore.it\/shop\/wp-content\/uploads\/2022\/10\/spampinato_anteprima-768x547.jpg 768w, https:\/\/www.operaincertaeditore.it\/shop\/wp-content\/uploads\/2022\/10\/spampinato_anteprima-1536x1094.jpg 1536w, https:\/\/www.operaincertaeditore.it\/shop\/wp-content\/uploads\/2022\/10\/spampinato_anteprima-600x428.jpg 600w\" sizes=\"auto, (max-width: 2000px) 100vw, 2000px\" \/><\/a><\/p>\n","protected":false},"excerpt":{"rendered":"<p>Data di Pubblicazione: ottobre 2022<br \/>\nISBN: 978-88-32220-41-4<br \/>\nPagine: 454<\/p>\n<p>Giovanni Spampinato era corrispondente da Ragusa dei quotidiani L\u2019Ora e L\u2019Unit\u00e0 e aveva 25 anni quando, il 27 ottobre 1972, fu assassinato all\u2019interno della sua Cinquecento, davanti al\u00a0 carcere di Ragusa, da Roberto Campria, figlio dell\u2019allora presidente del locale tribunale, e tra i maggiori indiziati per l\u2019omicidio del commerciante di opere d\u2019arte Angelo Tumino, avvenuto in citt\u00e0 otto mesi prima. L\u2019Ora l\u2019indomani titol\u00f2 \u201cAssassinato perch\u00e9 cercava la verit\u00e0\u201d e la verit\u00e0 che cercava Giovanni non era solo quella che riguardava l\u2019assassinio del Tumino ma anche, e forse soprattutto, quella relativa ai rapporti tra le organizzazioni di estrema destra (in quei giorni fu notata la presenza a Ragusa di Stefano delle Chiaie e di altri fascisti legati in qualche modo a Junio Valerio Borghese, che due anni prima aveva tentato un colpo di stato) e la criminalit\u00e0 organizzata. Forse, quella che \u00e8 da tutti conosciuta come la provincia \u201cbabba\u201d, stupida, cio\u00e8 senza mafia, cos\u00ec stupida non era. Anche su quello Giovanni stava indagando, sulla convergenza tra neofascismo e criminalit\u00e0, ed \u00e8 in quell\u2019ambiente che probabilmente bisogna cercare il movente del suo omicidio. Ad oggi, del delitto Tumino non si conoscono n\u00e9 esecutore n\u00e9 movente.<\/p>\n","protected":false},"featured_media":8429,"comment_status":"closed","ping_status":"closed","template":"","meta":[],"product_brand":[],"product_cat":[16,71],"product_tag":[],"class_list":{"0":"post-8436","1":"product","2":"type-product","3":"status-publish","4":"has-post-thumbnail","6":"product_cat-fabrica","7":"product_cat-salvatore-spampinato","9":"first","10":"instock","11":"shipping-taxable","12":"purchasable","13":"product-type-simple"},"_links":{"self":[{"href":"https:\/\/www.operaincertaeditore.it\/shop\/index.php\/wp-json\/wp\/v2\/product\/8436","targetHints":{"allow":["GET"]}}],"collection":[{"href":"https:\/\/www.operaincertaeditore.it\/shop\/index.php\/wp-json\/wp\/v2\/product"}],"about":[{"href":"https:\/\/www.operaincertaeditore.it\/shop\/index.php\/wp-json\/wp\/v2\/types\/product"}],"replies":[{"embeddable":true,"href":"https:\/\/www.operaincertaeditore.it\/shop\/index.php\/wp-json\/wp\/v2\/comments?post=8436"}],"wp:featuredmedia":[{"embeddable":true,"href":"https:\/\/www.operaincertaeditore.it\/shop\/index.php\/wp-json\/wp\/v2\/media\/8429"}],"wp:attachment":[{"href":"https:\/\/www.operaincertaeditore.it\/shop\/index.php\/wp-json\/wp\/v2\/media?parent=8436"}],"wp:term":[{"taxonomy":"product_brand","embeddable":true,"href":"https:\/\/www.operaincertaeditore.it\/shop\/index.php\/wp-json\/wp\/v2\/product_brand?post=8436"},{"taxonomy":"product_cat","embeddable":true,"href":"https:\/\/www.operaincertaeditore.it\/shop\/index.php\/wp-json\/wp\/v2\/product_cat?post=8436"},{"taxonomy":"product_tag","embeddable":true,"href":"https:\/\/www.operaincertaeditore.it\/shop\/index.php\/wp-json\/wp\/v2\/product_tag?post=8436"}],"curies":[{"name":"wp","href":"https:\/\/api.w.org\/{rel}","templated":true}]}}

<p>Data di Pubblicazione: ottobre 2022<br />
ISBN: 978-88-32220-41-4<br />
Pagine: 454</p>
<p>Giovanni Spampinato era corrispondente da Ragusa dei quotidiani L’Ora e L’Unità e aveva 25 anni quando, il 27 ottobre 1972, fu assassinato all’interno della sua Cinquecento, davanti al  carcere di Ragusa, da Roberto Campria, figlio dell’allora presidente del locale tribunale, e tra i maggiori indiziati per l’omicidio del commerciante di opere d’arte Angelo Tumino, avvenuto in città otto mesi prima. L’Ora l’indomani titolò “Assassinato perché cercava la verità” e la verità che cercava Giovanni non era solo quella che riguardava l’assassinio del Tumino ma anche, e forse soprattutto, quella relativa ai rapporti tra le organizzazioni di estrema destra (in quei giorni fu notata la presenza a Ragusa di Stefano delle Chiaie e di altri fascisti legati in qualche modo a Junio Valerio Borghese, che due anni prima aveva tentato un colpo di stato) e la criminalità organizzata. Forse, quella che è da tutti conosciuta come la provincia “babba”, stupida, cioè senza mafia, così stupida non era. Anche su quello Giovanni stava indagando, sulla convergenza tra neofascismo e criminalità, ed è in quell’ambiente che probabilmente bisogna cercare il movente del suo omicidio. Ad oggi, del delitto Tumino non si conoscono né esecutore né movente.</p>
