{"id":8111,"date":"2022-08-09T15:13:55","date_gmt":"2022-08-09T13:13:55","guid":{"rendered":"https:\/\/www.operaincertaeditore.it\/shop\/?post_type=product&#038;p=8111"},"modified":"2022-08-09T15:21:00","modified_gmt":"2022-08-09T13:21:00","slug":"carmelo-ferrera-il-gatto-di-cartone","status":"publish","type":"product","link":"https:\/\/www.operaincertaeditore.it\/shop\/index.php\/prodotto\/carmelo-ferrera-il-gatto-di-cartone\/","title":{"rendered":"Carmelo Ferrera &#8211; Il gatto di cartone"},"content":{"rendered":"<p><a href=\"https:\/\/www.operaincertaeditore.it\/shop\/?attachment_id=8113\" rel=\"attachment wp-att-8113\"><img loading=\"lazy\" decoding=\"async\" class=\"alignleft size-full wp-image-8113\" src=\"https:\/\/www.operaincertaeditore.it\/shop\/wp-content\/uploads\/2022\/08\/ferrera_gatto_anteprima.jpg\" alt=\"\" width=\"2000\" height=\"1425\" srcset=\"https:\/\/www.operaincertaeditore.it\/shop\/wp-content\/uploads\/2022\/08\/ferrera_gatto_anteprima.jpg 2000w, https:\/\/www.operaincertaeditore.it\/shop\/wp-content\/uploads\/2022\/08\/ferrera_gatto_anteprima-300x214.jpg 300w, https:\/\/www.operaincertaeditore.it\/shop\/wp-content\/uploads\/2022\/08\/ferrera_gatto_anteprima-1024x730.jpg 1024w, https:\/\/www.operaincertaeditore.it\/shop\/wp-content\/uploads\/2022\/08\/ferrera_gatto_anteprima-768x547.jpg 768w, https:\/\/www.operaincertaeditore.it\/shop\/wp-content\/uploads\/2022\/08\/ferrera_gatto_anteprima-1536x1094.jpg 1536w, https:\/\/www.operaincertaeditore.it\/shop\/wp-content\/uploads\/2022\/08\/ferrera_gatto_anteprima-600x428.jpg 600w\" sizes=\"auto, (max-width: 2000px) 100vw, 2000px\" \/><\/a><\/p>\n","protected":false},"excerpt":{"rendered":"<p>Data di Pubblicazione: agosto 2022<br \/>\nISBN: 978-88-32220-38-4<br \/>\nPagine: 208<\/p>\n<p>Quando Giovanni, da bambino, andava a letto per ordine della madre, e i suoi occhi, vinti dal sonno iniziavano a socchiudersi, il gatto di cartone, blu con la cravatta arancio, scivolava dalla parete dove era appeso e andava verso di lui per ghermirlo. Un terrore proveniente dall&#8217;infanzia che si perpetuer\u00e0 per tutta la sua vita, rappresentazione dello sgomento per la solitudine e del senso di abbandono, mentre dentro di lui, contemporaneamente, conviveranno le aspettative oniriche, il desiderio d&#8217;amare e di trovare l&#8217;amore per sempre. Una lotta tra desiderio e realt\u00e0 dalla quale, nonostante i milioni, i miliardi di gatti di cartone con cui si confronter\u00e0, riuscir\u00e0 vincitore, giungendo alla conclusione che straordinario \u00e8 chi batte le proprie frustrazioni scegliendo la vita, anche se certe fascinanti impressioni, certi amori non ricambiati, resteranno per sempre dentro di lui.<\/p>\n","protected":false},"featured_media":8114,"comment_status":"closed","ping_status":"closed","template":"","meta":[],"product_brand":[],"product_cat":[22,18],"product_tag":[],"class_list":{"0":"post-8111","1":"product","2":"type-product","3":"status-publish","4":"has-post-thumbnail","6":"product_cat-carmelo-ferrera","7":"product_cat-fabula","9":"first","10":"instock","11":"shipping-taxable","12":"purchasable","13":"product-type-simple"},"_links":{"self":[{"href":"https:\/\/www.operaincertaeditore.it\/shop\/index.php\/wp-json\/wp\/v2\/product\/8111","targetHints":{"allow":["GET"]}}],"collection":[{"href":"https:\/\/www.operaincertaeditore.it\/shop\/index.php\/wp-json\/wp\/v2\/product"}],"about":[{"href":"https:\/\/www.operaincertaeditore.it\/shop\/index.php\/wp-json\/wp\/v2\/types\/product"}],"replies":[{"embeddable":true,"href":"https:\/\/www.operaincertaeditore.it\/shop\/index.php\/wp-json\/wp\/v2\/comments?post=8111"}],"wp:featuredmedia":[{"embeddable":true,"href":"https:\/\/www.operaincertaeditore.it\/shop\/index.php\/wp-json\/wp\/v2\/media\/8114"}],"wp:attachment":[{"href":"https:\/\/www.operaincertaeditore.it\/shop\/index.php\/wp-json\/wp\/v2\/media?parent=8111"}],"wp:term":[{"taxonomy":"product_brand","embeddable":true,"href":"https:\/\/www.operaincertaeditore.it\/shop\/index.php\/wp-json\/wp\/v2\/product_brand?post=8111"},{"taxonomy":"product_cat","embeddable":true,"href":"https:\/\/www.operaincertaeditore.it\/shop\/index.php\/wp-json\/wp\/v2\/product_cat?post=8111"},{"taxonomy":"product_tag","embeddable":true,"href":"https:\/\/www.operaincertaeditore.it\/shop\/index.php\/wp-json\/wp\/v2\/product_tag?post=8111"}],"curies":[{"name":"wp","href":"https:\/\/api.w.org\/{rel}","templated":true}]}}

<p>Data di Pubblicazione: agosto 2022<br />
ISBN: 978-88-32220-38-4<br />
Pagine: 208</p>
<p>Quando Giovanni, da bambino, andava a letto per ordine della madre, e i suoi occhi, vinti dal sonno iniziavano a socchiudersi, il gatto di cartone, blu con la cravatta arancio, scivolava dalla parete dove era appeso e andava verso di lui per ghermirlo. Un terrore proveniente dall&#8217;infanzia che si perpetuerà per tutta la sua vita, rappresentazione dello sgomento per la solitudine e del senso di abbandono, mentre dentro di lui, contemporaneamente, conviveranno le aspettative oniriche, il desiderio d&#8217;amare e di trovare l&#8217;amore per sempre. Una lotta tra desiderio e realtà dalla quale, nonostante i milioni, i miliardi di gatti di cartone con cui si confronterà, riuscirà vincitore, giungendo alla conclusione che straordinario è chi batte le proprie frustrazioni scegliendo la vita, anche se certe fascinanti impressioni, certi amori non ricambiati, resteranno per sempre dentro di lui.</p>
