{"id":7480,"date":"2022-03-18T07:43:44","date_gmt":"2022-03-18T06:43:44","guid":{"rendered":"https:\/\/www.operaincertaeditore.it\/shop\/?post_type=product&#038;p=7480"},"modified":"2025-04-09T11:46:26","modified_gmt":"2025-04-09T09:46:26","slug":"carmelo-di-stefano-granelli-di-sabbia","status":"publish","type":"product","link":"https:\/\/www.operaincertaeditore.it\/shop\/index.php\/prodotto\/carmelo-di-stefano-granelli-di-sabbia\/","title":{"rendered":"Carmelo Di Stefano &#8211; Granelli di sabbia"},"content":{"rendered":"<p><a href=\"https:\/\/www.operaincertaeditore.it\/shop\/granelli_anteprima\/\"><img loading=\"lazy\" decoding=\"async\" class=\"alignleft size-full wp-image-7472\" src=\"https:\/\/www.operaincertaeditore.it\/shop\/wp-content\/uploads\/2022\/03\/granelli_anteprima.jpg\" alt=\"\" width=\"2000\" height=\"1425\" srcset=\"https:\/\/www.operaincertaeditore.it\/shop\/wp-content\/uploads\/2022\/03\/granelli_anteprima.jpg 2000w, https:\/\/www.operaincertaeditore.it\/shop\/wp-content\/uploads\/2022\/03\/granelli_anteprima-300x214.jpg 300w, https:\/\/www.operaincertaeditore.it\/shop\/wp-content\/uploads\/2022\/03\/granelli_anteprima-1024x730.jpg 1024w, https:\/\/www.operaincertaeditore.it\/shop\/wp-content\/uploads\/2022\/03\/granelli_anteprima-768x547.jpg 768w, https:\/\/www.operaincertaeditore.it\/shop\/wp-content\/uploads\/2022\/03\/granelli_anteprima-1536x1094.jpg 1536w, https:\/\/www.operaincertaeditore.it\/shop\/wp-content\/uploads\/2022\/03\/granelli_anteprima-600x428.jpg 600w\" sizes=\"auto, (max-width: 2000px) 100vw, 2000px\" \/><\/a><\/p>\n","protected":false},"excerpt":{"rendered":"<p>Data di Pubblicazione: marzo 2022<br \/>\nISBN: 978-88-32220-32-2<br \/>\nPagine: 104<\/p>\n<p>Mi piace definire la mia poetica \u201cper sottrazione\u201d. La pausa d\u00e0 respiro e il silenzio \u00e8 una nota aggiunta che il poeta poggia sul foglio, come il musicista sul pentagramma. Granelli di sabbia \u00e8\u00a0 una tappa importante della mia produzione poetica, il momento della consapevolezza, dell\u2019autocritica, della riflessione, dello stupore. Perch\u00e9 questo titolo e il continuo riferimento alla\u00a0 clessidra? La clessidra \u00e8 per me metafora della vita, i granelli siamo noi che ci sfioriamo eppure siamo distanti, ci tocchiamo e ci ignoriamo, apatici, indifferenti; la sabbia sono gli istanti che ci sfuggono, quel tempo che ci illudiamo di saper gestire, per poi accorgerci di averlo perso solo quando non c\u2019\u00e8 pi\u00f9 tempo per recuperarlo. Clessidre che si frantumano e sabbia che si\u00a0 disperde, i nostri momenti che si perdono senza che noi li si possa afferrare. Rincorse affannose e ormai inutili. Granelli di sabbia: sogni e rimpianti; passioni ed emozioni; esperienze,\u00a0 delusioni e affetti; tutti momenti dispersi dal vento impetuoso e impietoso che \u00e8 la nostra vita.<\/p>\n<p>(dalla prefazione)<\/p>\n","protected":false},"featured_media":7473,"comment_status":"closed","ping_status":"closed","template":"","meta":[],"product_brand":[],"product_cat":[64,17],"product_tag":[],"class_list":{"0":"post-7480","1":"product","2":"type-product","3":"status-publish","4":"has-post-thumbnail","6":"product_cat-carmelo-di-stefano","7":"product_cat-carmina","9":"first","10":"outofstock","11":"shipping-taxable","12":"purchasable","13":"product-type-simple"},"_links":{"self":[{"href":"https:\/\/www.operaincertaeditore.it\/shop\/index.php\/wp-json\/wp\/v2\/product\/7480","targetHints":{"allow":["GET"]}}],"collection":[{"href":"https:\/\/www.operaincertaeditore.it\/shop\/index.php\/wp-json\/wp\/v2\/product"}],"about":[{"href":"https:\/\/www.operaincertaeditore.it\/shop\/index.php\/wp-json\/wp\/v2\/types\/product"}],"replies":[{"embeddable":true,"href":"https:\/\/www.operaincertaeditore.it\/shop\/index.php\/wp-json\/wp\/v2\/comments?post=7480"}],"wp:featuredmedia":[{"embeddable":true,"href":"https:\/\/www.operaincertaeditore.it\/shop\/index.php\/wp-json\/wp\/v2\/media\/7473"}],"wp:attachment":[{"href":"https:\/\/www.operaincertaeditore.it\/shop\/index.php\/wp-json\/wp\/v2\/media?parent=7480"}],"wp:term":[{"taxonomy":"product_brand","embeddable":true,"href":"https:\/\/www.operaincertaeditore.it\/shop\/index.php\/wp-json\/wp\/v2\/product_brand?post=7480"},{"taxonomy":"product_cat","embeddable":true,"href":"https:\/\/www.operaincertaeditore.it\/shop\/index.php\/wp-json\/wp\/v2\/product_cat?post=7480"},{"taxonomy":"product_tag","embeddable":true,"href":"https:\/\/www.operaincertaeditore.it\/shop\/index.php\/wp-json\/wp\/v2\/product_tag?post=7480"}],"curies":[{"name":"wp","href":"https:\/\/api.w.org\/{rel}","templated":true}]}}

<p>Data di Pubblicazione: marzo 2022<br />
ISBN: 978-88-32220-32-2<br />
Pagine: 104</p>
<p>Mi piace definire la mia poetica “per sottrazione”. La pausa dà respiro e il silenzio è una nota aggiunta che il poeta poggia sul foglio, come il musicista sul pentagramma. Granelli di sabbia è  una tappa importante della mia produzione poetica, il momento della consapevolezza, dell’autocritica, della riflessione, dello stupore. Perché questo titolo e il continuo riferimento alla  clessidra? La clessidra è per me metafora della vita, i granelli siamo noi che ci sfioriamo eppure siamo distanti, ci tocchiamo e ci ignoriamo, apatici, indifferenti; la sabbia sono gli istanti che ci sfuggono, quel tempo che ci illudiamo di saper gestire, per poi accorgerci di averlo perso solo quando non c’è più tempo per recuperarlo. Clessidre che si frantumano e sabbia che si  disperde, i nostri momenti che si perdono senza che noi li si possa afferrare. Rincorse affannose e ormai inutili. Granelli di sabbia: sogni e rimpianti; passioni ed emozioni; esperienze,  delusioni e affetti; tutti momenti dispersi dal vento impetuoso e impietoso che è la nostra vita.</p>
<p>(dalla prefazione)</p>
