{"id":747,"date":"2019-07-02T15:31:23","date_gmt":"2019-07-02T13:31:23","guid":{"rendered":"https:\/\/www.operaincertaeditore.it\/shop\/?post_type=product&#038;p=747"},"modified":"2019-07-02T17:04:30","modified_gmt":"2019-07-02T15:04:30","slug":"aa-vv-della-antipatia","status":"publish","type":"product","link":"https:\/\/www.operaincertaeditore.it\/shop\/index.php\/prodotto\/aa-vv-della-antipatia\/","title":{"rendered":"AA. VV.: Della Antipatia"},"content":{"rendered":"<p><a href=\"https:\/\/www.operaincertaeditore.it\/shop\/?attachment_id=757\" rel=\"attachment wp-att-757\"><img loading=\"lazy\" decoding=\"async\" class=\"aligncenter size-full wp-image-757\" src=\"https:\/\/www.operaincertaeditore.it\/shop\/wp-content\/uploads\/2019\/07\/antipatia_anteprima-1.jpg\" alt=\"\" width=\"2000\" height=\"1425\" srcset=\"https:\/\/www.operaincertaeditore.it\/shop\/wp-content\/uploads\/2019\/07\/antipatia_anteprima-1.jpg 2000w, https:\/\/www.operaincertaeditore.it\/shop\/wp-content\/uploads\/2019\/07\/antipatia_anteprima-1-300x214.jpg 300w, https:\/\/www.operaincertaeditore.it\/shop\/wp-content\/uploads\/2019\/07\/antipatia_anteprima-1-768x547.jpg 768w, https:\/\/www.operaincertaeditore.it\/shop\/wp-content\/uploads\/2019\/07\/antipatia_anteprima-1-1024x730.jpg 1024w, https:\/\/www.operaincertaeditore.it\/shop\/wp-content\/uploads\/2019\/07\/antipatia_anteprima-1-600x428.jpg 600w\" sizes=\"auto, (max-width: 2000px) 100vw, 2000px\" \/><\/a><\/p>\n<h2 style=\"text-align: center;\">Mappa delle illustrazioni<a href=\"https:\/\/www.operaincertaeditore.it\/shop\/?attachment_id=776\" rel=\"attachment wp-att-776\"><br \/>\n<img loading=\"lazy\" decoding=\"async\" class=\"aligncenter size-full wp-image-776\" src=\"https:\/\/www.operaincertaeditore.it\/shop\/wp-content\/uploads\/2019\/07\/antipatia_illustrazione.jpg\" alt=\"\" width=\"2000\" height=\"1425\" srcset=\"https:\/\/www.operaincertaeditore.it\/shop\/wp-content\/uploads\/2019\/07\/antipatia_illustrazione.jpg 2000w, https:\/\/www.operaincertaeditore.it\/shop\/wp-content\/uploads\/2019\/07\/antipatia_illustrazione-300x214.jpg 300w, https:\/\/www.operaincertaeditore.it\/shop\/wp-content\/uploads\/2019\/07\/antipatia_illustrazione-768x547.jpg 768w, https:\/\/www.operaincertaeditore.it\/shop\/wp-content\/uploads\/2019\/07\/antipatia_illustrazione-1024x730.jpg 1024w, https:\/\/www.operaincertaeditore.it\/shop\/wp-content\/uploads\/2019\/07\/antipatia_illustrazione-600x428.jpg 600w\" sizes=\"auto, (max-width: 2000px) 100vw, 2000px\" \/><\/a><\/h2>\n<p><strong>1 <\/strong>Gaetano Accardi, <strong>2 <\/strong>Aldo Adamo, <strong>3 <\/strong>Cesare Ammendola, <strong>4 <\/strong>Carmelo Arezzo, <strong>5 <\/strong>Gaetano Arezzo, <strong>6 <\/strong>Giovanni Bellina, <strong>7 <\/strong>Carlo Blangiforti, <strong>8 <\/strong>Katia Blasco, <strong>9 <\/strong>Gianni Brinch, <strong>10 <\/strong>Vito Campo, <strong>11 <\/strong>Alessandro Cangemi, <strong>12 <\/strong>Amelia Cartia, <strong>13 <\/strong>Giuseppe Cultrera, <strong>14 <\/strong>Alessandro D\u2019Amato, <strong>15 <\/strong>Costanza Di Quattro, <strong>16 <\/strong>Rosalba Diquattro, <strong>17 <\/strong>Saro Distefano, <strong>18 <\/strong>Gaudenzia Flaccavento, <strong>19 <\/strong>Giuliana Gambuzza, <strong>20 <\/strong>Lorenzo Guardiano, <strong>21 <\/strong>Pippo Gurrieri, <strong>22 <\/strong>Giuseppe Nuccio Iacono, <strong>23 <\/strong>Vincenzo La Monica, <strong>24 <\/strong>Bruno Occhipinti, <strong>25 <\/strong>Emanuele Occhipinti, <strong>26 <\/strong>Silvia Occhipinti, <strong>27 <\/strong>Andrea G. Parasiliti, <strong>28 <\/strong>Giuseppe Pitrolo, <strong>29 <\/strong>Giuseppe Platania, <strong>30 <\/strong>Gianni Raniolo, <strong>31 <\/strong>Maurizio Re, <strong>32 <\/strong>Sergio Russo, <strong>33 <\/strong>Anna e Saverio Scerra, <strong>34 <\/strong>Giuseppe Traina, <strong>35 <\/strong>Stefano Vaccaro, <strong>36 <\/strong>Giorgio Veninata, <strong>37 <\/strong>Donatella Ventura, <strong>38 <\/strong>Clara Vitale.<\/p>\n","protected":false},"excerpt":{"rendered":"<p>Data di Pubblicazione: 12 luglio 2019<br \/>\nISBN: 978-88-32220-01-8<br \/>\nPagine: 176<\/p>\n<p>Torneremo a leggere e rileggere Della antipatia, appigliandoci a un aspetto della realt\u00e0 che sinora avevamo stoltamente sottovalutato. Ci\u00f2 che non sopportiamo ci apparir\u00e0 in una luce nuova e ne vedremo con chiarezza il ruolo che, chiss\u00e0 perch\u00e9, non gli abbiamo riconosciuto prima, ovvero la capacit\u00e0 di salvarci da una vita piena di confortante noia, di tranquillo appagamento, di melensa condivisione e di zuccherosit\u00e0 che caria i denti e il pensiero critico.<\/p>\n<p>(Cettina Flaccavento)<\/p>\n<p>Prefazione di Cettina Flaccavento<br \/>\nIllustrazioni di Carlo Blangiforti<br \/>\nTesti di Gaetano Accardi, Aldo Adamo, Cesare Ammendola, Carmelo Arezzo, Gaetano Arezzo, Giovanni Bellina, Carlo Blangiforti, Katia Blasco, Gianni Brinch, Vito Campo, Alessandro Cangemi, Amelia Cartia, Giuseppe Cultrera, Alessandro D\u2019Amato, Costanza Di Quattro, Rosalba Diquattro, Saro Distefano, Gaudenzia Flaccavento, Giuliana Gambuzza, Lorenzo Guardiano, Pippo Gurrieri, Giuseppe Nuccio Iacono, Vincenzo La Monica, Bruno Occhipinti, Emanuele Occhipinti, Silvia Occhipinti, Andrea G.G. Parasiliti, Giuseppe Pitrolo, Giuseppe Platania, Gianni Raniolo, Maurizio Re, Sergio Russo, Anna e Saverio Scerra, Giuseppe Traina, Stefano Vaccaro, Giorgio Veninata, Donatella Ventura, Clara Vitale.<\/p>\n<p>&nbsp;<\/p>\n<p><a href=\"https:\/\/www.operaincertaeditore.it\/shop\/?attachment_id=758\" rel=\"attachment wp-att-758\"><img loading=\"lazy\" decoding=\"async\" class=\" wp-image-758 alignleft\" src=\"https:\/\/www.operaincertaeditore.it\/shop\/wp-content\/uploads\/2019\/07\/cosi-come-sei-onlus-logo-testo.png\" alt=\"\" width=\"624\" height=\"252\" srcset=\"https:\/\/www.operaincertaeditore.it\/shop\/wp-content\/uploads\/2019\/07\/cosi-come-sei-onlus-logo-testo.png 624w, https:\/\/www.operaincertaeditore.it\/shop\/wp-content\/uploads\/2019\/07\/cosi-come-sei-onlus-logo-testo-300x121.png 300w, https:\/\/www.operaincertaeditore.it\/shop\/wp-content\/uploads\/2019\/07\/cosi-come-sei-onlus-logo-testo-600x242.png 600w\" sizes=\"auto, (max-width: 624px) 100vw, 624px\" \/><\/a>Il ricavato, al netto delle spese editoriali, sar\u00e0 devoluto alla Onlus &#8220;Cos\u00ec come sei&#8221;.<\/p>\n","protected":false},"featured_media":748,"comment_status":"closed","ping_status":"closed","template":"","meta":[],"product_brand":[],"product_cat":[44,16,18],"product_tag":[],"class_list":{"0":"post-747","1":"product","2":"type-product","3":"status-publish","4":"has-post-thumbnail","6":"product_cat-aa-vv","7":"product_cat-fabrica","8":"product_cat-fabula","10":"first","11":"instock","12":"shipping-taxable","13":"purchasable","14":"product-type-simple"},"_links":{"self":[{"href":"https:\/\/www.operaincertaeditore.it\/shop\/index.php\/wp-json\/wp\/v2\/product\/747","targetHints":{"allow":["GET"]}}],"collection":[{"href":"https:\/\/www.operaincertaeditore.it\/shop\/index.php\/wp-json\/wp\/v2\/product"}],"about":[{"href":"https:\/\/www.operaincertaeditore.it\/shop\/index.php\/wp-json\/wp\/v2\/types\/product"}],"replies":[{"embeddable":true,"href":"https:\/\/www.operaincertaeditore.it\/shop\/index.php\/wp-json\/wp\/v2\/comments?post=747"}],"wp:featuredmedia":[{"embeddable":true,"href":"https:\/\/www.operaincertaeditore.it\/shop\/index.php\/wp-json\/wp\/v2\/media\/748"}],"wp:attachment":[{"href":"https:\/\/www.operaincertaeditore.it\/shop\/index.php\/wp-json\/wp\/v2\/media?parent=747"}],"wp:term":[{"taxonomy":"product_brand","embeddable":true,"href":"https:\/\/www.operaincertaeditore.it\/shop\/index.php\/wp-json\/wp\/v2\/product_brand?post=747"},{"taxonomy":"product_cat","embeddable":true,"href":"https:\/\/www.operaincertaeditore.it\/shop\/index.php\/wp-json\/wp\/v2\/product_cat?post=747"},{"taxonomy":"product_tag","embeddable":true,"href":"https:\/\/www.operaincertaeditore.it\/shop\/index.php\/wp-json\/wp\/v2\/product_tag?post=747"}],"curies":[{"name":"wp","href":"https:\/\/api.w.org\/{rel}","templated":true}]}}

<p>Data di Pubblicazione: 12 luglio 2019<br />
ISBN: 978-88-32220-01-8<br />
Pagine: 176</p>
<p>Torneremo a leggere e rileggere Della antipatia, appigliandoci a un aspetto della realtà che sinora avevamo stoltamente sottovalutato. Ciò che non sopportiamo ci apparirà in una luce nuova e ne vedremo con chiarezza il ruolo che, chissà perché, non gli abbiamo riconosciuto prima, ovvero la capacità di salvarci da una vita piena di confortante noia, di tranquillo appagamento, di melensa condivisione e di zuccherosità che caria i denti e il pensiero critico.</p>
<p>(Cettina Flaccavento)</p>
<p>Prefazione di Cettina Flaccavento<br />
Illustrazioni di Carlo Blangiforti<br />
Testi di Gaetano Accardi, Aldo Adamo, Cesare Ammendola, Carmelo Arezzo, Gaetano Arezzo, Giovanni Bellina, Carlo Blangiforti, Katia Blasco, Gianni Brinch, Vito Campo, Alessandro Cangemi, Amelia Cartia, Giuseppe Cultrera, Alessandro D’Amato, Costanza Di Quattro, Rosalba Diquattro, Saro Distefano, Gaudenzia Flaccavento, Giuliana Gambuzza, Lorenzo Guardiano, Pippo Gurrieri, Giuseppe Nuccio Iacono, Vincenzo La Monica, Bruno Occhipinti, Emanuele Occhipinti, Silvia Occhipinti, Andrea G.G. Parasiliti, Giuseppe Pitrolo, Giuseppe Platania, Gianni Raniolo, Maurizio Re, Sergio Russo, Anna e Saverio Scerra, Giuseppe Traina, Stefano Vaccaro, Giorgio Veninata, Donatella Ventura, Clara Vitale.</p>
<p>&nbsp;</p>
<p><a href="https://www.operaincertaeditore.it/shop/?attachment_id=758" rel="attachment wp-att-758"><img loading="lazy" decoding="async" class=" wp-image-758 alignleft" src="https://www.operaincertaeditore.it/shop/wp-content/uploads/2019/07/cosi-come-sei-onlus-logo-testo.png" alt="" width="624" height="252" srcset="https://www.operaincertaeditore.it/shop/wp-content/uploads/2019/07/cosi-come-sei-onlus-logo-testo.png 624w, https://www.operaincertaeditore.it/shop/wp-content/uploads/2019/07/cosi-come-sei-onlus-logo-testo-300x121.png 300w, https://www.operaincertaeditore.it/shop/wp-content/uploads/2019/07/cosi-come-sei-onlus-logo-testo-600x242.png 600w" sizes="auto, (max-width: 624px) 100vw, 624px" /></a>Il ricavato, al netto delle spese editoriali, sarà devoluto alla Onlus &#8220;Così come sei&#8221;.</p>
