{"id":740,"date":"2019-07-02T14:58:09","date_gmt":"2019-07-02T12:58:09","guid":{"rendered":"https:\/\/www.operaincertaeditore.it\/shop\/?post_type=product&#038;p=740"},"modified":"2020-04-27T17:42:52","modified_gmt":"2020-04-27T15:42:52","slug":"stefania-cicero-il-dottor-bianchi","status":"publish","type":"product","link":"https:\/\/www.operaincertaeditore.it\/shop\/index.php\/prodotto\/stefania-cicero-il-dottor-bianchi\/","title":{"rendered":"Stefania Cicero: Il dottor Bianchi"},"content":{"rendered":"<p><a href=\"https:\/\/www.operaincertaeditore.it\/shop\/?attachment_id=741\" rel=\"attachment wp-att-741\"><img loading=\"lazy\" decoding=\"async\" class=\"aligncenter size-full wp-image-741\" src=\"https:\/\/www.operaincertaeditore.it\/shop\/wp-content\/uploads\/2019\/07\/cicero_anteprima.jpg\" alt=\"\" width=\"2000\" height=\"1425\" srcset=\"https:\/\/www.operaincertaeditore.it\/shop\/wp-content\/uploads\/2019\/07\/cicero_anteprima.jpg 2000w, https:\/\/www.operaincertaeditore.it\/shop\/wp-content\/uploads\/2019\/07\/cicero_anteprima-300x214.jpg 300w, https:\/\/www.operaincertaeditore.it\/shop\/wp-content\/uploads\/2019\/07\/cicero_anteprima-768x547.jpg 768w, https:\/\/www.operaincertaeditore.it\/shop\/wp-content\/uploads\/2019\/07\/cicero_anteprima-1024x730.jpg 1024w, https:\/\/www.operaincertaeditore.it\/shop\/wp-content\/uploads\/2019\/07\/cicero_anteprima-600x428.jpg 600w\" sizes=\"auto, (max-width: 2000px) 100vw, 2000px\" \/><\/a><\/p>\n","protected":false},"excerpt":{"rendered":"<p>Data di Pubblicazione: 2 agosto 2019<br \/>\nISBN: 978-88-32220-03-2<br \/>\nPagine: 80<\/p>\n<p>Questo romanzo breve potrebbe sembrare una sorta di istant book: un suicidio per ragioni economiche, una vita spezzata da un pirata della strada, la violenza di genere e il bullismo. Si tratta di temi, come si vede, che gi\u00e0 da qualche anno compaiono regolarmente sulle prime pagine dei quotidiani nazionali. Ma il libro non \u00e8 un reportage giornalistico, non ne ha assolutamente la vocazione, \u00e8 letteratura, racconto di finzione. Rispetto alla cronaca c\u2019\u00e8 dunque sempre uno scarto, una voce di speranza che si leva a pi\u00f9 riprese nel tentativo di \u201ctrascinare\u201d la vittima degli eventi a prendere coscienza del suo stato e reagire, non in un modo preciso e preordinato (non cos\u00ec funziona il mondo), ma in modi strani e imprevedibili, forzando gli eventi, costringendo chi subisce ad alzare la testa e andare oltre.\u00a0(Carlo Blangiforti)<\/p>\n<p><a href=\"https:\/\/youtu.be\/Y4Yr0q9hLpA\" target=\"_blank\" rel=\"noopener noreferrer\">Clicca qui per guardare il booktrailer<\/a><\/p>\n","protected":false},"featured_media":742,"comment_status":"closed","ping_status":"closed","template":"","meta":[],"product_brand":[],"product_cat":[18,45],"product_tag":[],"class_list":{"0":"post-740","1":"product","2":"type-product","3":"status-publish","4":"has-post-thumbnail","6":"product_cat-fabula","7":"product_cat-stefania-cicero","9":"first","10":"instock","11":"shipping-taxable","12":"purchasable","13":"product-type-simple"},"_links":{"self":[{"href":"https:\/\/www.operaincertaeditore.it\/shop\/index.php\/wp-json\/wp\/v2\/product\/740","targetHints":{"allow":["GET"]}}],"collection":[{"href":"https:\/\/www.operaincertaeditore.it\/shop\/index.php\/wp-json\/wp\/v2\/product"}],"about":[{"href":"https:\/\/www.operaincertaeditore.it\/shop\/index.php\/wp-json\/wp\/v2\/types\/product"}],"replies":[{"embeddable":true,"href":"https:\/\/www.operaincertaeditore.it\/shop\/index.php\/wp-json\/wp\/v2\/comments?post=740"}],"wp:featuredmedia":[{"embeddable":true,"href":"https:\/\/www.operaincertaeditore.it\/shop\/index.php\/wp-json\/wp\/v2\/media\/742"}],"wp:attachment":[{"href":"https:\/\/www.operaincertaeditore.it\/shop\/index.php\/wp-json\/wp\/v2\/media?parent=740"}],"wp:term":[{"taxonomy":"product_brand","embeddable":true,"href":"https:\/\/www.operaincertaeditore.it\/shop\/index.php\/wp-json\/wp\/v2\/product_brand?post=740"},{"taxonomy":"product_cat","embeddable":true,"href":"https:\/\/www.operaincertaeditore.it\/shop\/index.php\/wp-json\/wp\/v2\/product_cat?post=740"},{"taxonomy":"product_tag","embeddable":true,"href":"https:\/\/www.operaincertaeditore.it\/shop\/index.php\/wp-json\/wp\/v2\/product_tag?post=740"}],"curies":[{"name":"wp","href":"https:\/\/api.w.org\/{rel}","templated":true}]}}

<p>Data di Pubblicazione: 2 agosto 2019<br />
ISBN: 978-88-32220-03-2<br />
Pagine: 80</p>
<p>Questo romanzo breve potrebbe sembrare una sorta di istant book: un suicidio per ragioni economiche, una vita spezzata da un pirata della strada, la violenza di genere e il bullismo. Si tratta di temi, come si vede, che già da qualche anno compaiono regolarmente sulle prime pagine dei quotidiani nazionali. Ma il libro non è un reportage giornalistico, non ne ha assolutamente la vocazione, è letteratura, racconto di finzione. Rispetto alla cronaca c’è dunque sempre uno scarto, una voce di speranza che si leva a più riprese nel tentativo di “trascinare” la vittima degli eventi a prendere coscienza del suo stato e reagire, non in un modo preciso e preordinato (non così funziona il mondo), ma in modi strani e imprevedibili, forzando gli eventi, costringendo chi subisce ad alzare la testa e andare oltre. (Carlo Blangiforti)</p>
<p><a href="https://youtu.be/Y4Yr0q9hLpA" target="_blank" rel="noopener noreferrer">Clicca qui per guardare il booktrailer</a></p>
