{"id":7387,"date":"2022-02-25T11:23:03","date_gmt":"2022-02-25T10:23:03","guid":{"rendered":"https:\/\/www.operaincertaeditore.it\/shop\/?post_type=product&#038;p=7387"},"modified":"2022-02-26T13:00:24","modified_gmt":"2022-02-26T12:00:24","slug":"natale-massenzio-cera-una-volta-a-pozzallo-tomo-1","status":"publish","type":"product","link":"https:\/\/www.operaincertaeditore.it\/shop\/index.php\/prodotto\/natale-massenzio-cera-una-volta-a-pozzallo-tomo-1\/","title":{"rendered":"Natale Massenzio &#8211; C&#8217;era una volta a Pozzallo (tomo 1)"},"content":{"rendered":"<p><a href=\"https:\/\/www.operaincertaeditore.it\/shop\/?attachment_id=7388\" rel=\"attachment wp-att-7388\"><img loading=\"lazy\" decoding=\"async\" class=\"alignleft size-full wp-image-7388\" src=\"https:\/\/www.operaincertaeditore.it\/shop\/wp-content\/uploads\/2022\/02\/pozzallo1_anteprima.jpg\" alt=\"\" width=\"2000\" height=\"1425\" srcset=\"https:\/\/www.operaincertaeditore.it\/shop\/wp-content\/uploads\/2022\/02\/pozzallo1_anteprima.jpg 2000w, https:\/\/www.operaincertaeditore.it\/shop\/wp-content\/uploads\/2022\/02\/pozzallo1_anteprima-300x214.jpg 300w, https:\/\/www.operaincertaeditore.it\/shop\/wp-content\/uploads\/2022\/02\/pozzallo1_anteprima-1024x730.jpg 1024w, https:\/\/www.operaincertaeditore.it\/shop\/wp-content\/uploads\/2022\/02\/pozzallo1_anteprima-768x547.jpg 768w, https:\/\/www.operaincertaeditore.it\/shop\/wp-content\/uploads\/2022\/02\/pozzallo1_anteprima-1536x1094.jpg 1536w, https:\/\/www.operaincertaeditore.it\/shop\/wp-content\/uploads\/2022\/02\/pozzallo1_anteprima-600x428.jpg 600w\" sizes=\"auto, (max-width: 2000px) 100vw, 2000px\" \/><\/a><\/p>\n","protected":false},"excerpt":{"rendered":"<p>Data di Pubblicazione: febbraio 2022<br \/>\nISBN: 978-88-32220-31-5<br \/>\nPagine: 250<\/p>\n<p>Arriva un momento in cui i ricordi affollano la mente e il cuore e per mettere ordine occorre riportarli su di un foglio, farne un disegno vivido tanto quanto il ricordo stesso. Un ricordo \u00e8 fatto di immagini, diapositive, ma anche di emozioni, di sensazioni chiare anche dopo sessant\u2019anni. Ricordare \u00e8 allo stesso momento esercizio di gioia e di dolore, \u00e8 ripercorrere strade familiari con occhi nuovi, \u00e8 assicurarsi che le proprie radici rimangano salde, \u00e8 ritrovare amici. Dentro questa raccolta ci sono ottanta anni di amori, di rancori, di vendette, di gioie e di avventure, di scelte pi\u00f9 o meno giuste ma sempre legate ad un momento e ad un luogo che le hanno condizionate. Scrivere della propria esistenza e di quella delle persone intorno a noi, con cui abbiamo condiviso un pezzo del nostro percorso, non \u00e8 semplice. Un ricordo \u00e8 un punto di vista e come tale pu\u00f2 essere condivisibile o meno. Questa \u00e8 la vita vissuta secondo Natale Massenzio, sono le sue radici e la sua eredit\u00e0. Sono i suoi occhi di bambino e i suoi bilanci di adulto. Allo scrittore appartengono i fili che ha saputo tessere tra il nostro passato ed il nostro presente. Seduti sulla ciappetta lo ascoltiamo raccontare quello che \u00e8 stato.<br \/>\nBianca Massenzio<\/p>\n","protected":false},"featured_media":7389,"comment_status":"closed","ping_status":"closed","template":"","meta":[],"product_brand":[],"product_cat":[18,63],"product_tag":[],"class_list":{"0":"post-7387","1":"product","2":"type-product","3":"status-publish","4":"has-post-thumbnail","6":"product_cat-fabula","7":"product_cat-natale-massenzio","9":"first","10":"instock","11":"shipping-taxable","12":"purchasable","13":"product-type-simple"},"_links":{"self":[{"href":"https:\/\/www.operaincertaeditore.it\/shop\/index.php\/wp-json\/wp\/v2\/product\/7387","targetHints":{"allow":["GET"]}}],"collection":[{"href":"https:\/\/www.operaincertaeditore.it\/shop\/index.php\/wp-json\/wp\/v2\/product"}],"about":[{"href":"https:\/\/www.operaincertaeditore.it\/shop\/index.php\/wp-json\/wp\/v2\/types\/product"}],"replies":[{"embeddable":true,"href":"https:\/\/www.operaincertaeditore.it\/shop\/index.php\/wp-json\/wp\/v2\/comments?post=7387"}],"wp:featuredmedia":[{"embeddable":true,"href":"https:\/\/www.operaincertaeditore.it\/shop\/index.php\/wp-json\/wp\/v2\/media\/7389"}],"wp:attachment":[{"href":"https:\/\/www.operaincertaeditore.it\/shop\/index.php\/wp-json\/wp\/v2\/media?parent=7387"}],"wp:term":[{"taxonomy":"product_brand","embeddable":true,"href":"https:\/\/www.operaincertaeditore.it\/shop\/index.php\/wp-json\/wp\/v2\/product_brand?post=7387"},{"taxonomy":"product_cat","embeddable":true,"href":"https:\/\/www.operaincertaeditore.it\/shop\/index.php\/wp-json\/wp\/v2\/product_cat?post=7387"},{"taxonomy":"product_tag","embeddable":true,"href":"https:\/\/www.operaincertaeditore.it\/shop\/index.php\/wp-json\/wp\/v2\/product_tag?post=7387"}],"curies":[{"name":"wp","href":"https:\/\/api.w.org\/{rel}","templated":true}]}}

<p>Data di Pubblicazione: febbraio 2022<br />
ISBN: 978-88-32220-31-5<br />
Pagine: 250</p>
<p>Arriva un momento in cui i ricordi affollano la mente e il cuore e per mettere ordine occorre riportarli su di un foglio, farne un disegno vivido tanto quanto il ricordo stesso. Un ricordo è fatto di immagini, diapositive, ma anche di emozioni, di sensazioni chiare anche dopo sessant’anni. Ricordare è allo stesso momento esercizio di gioia e di dolore, è ripercorrere strade familiari con occhi nuovi, è assicurarsi che le proprie radici rimangano salde, è ritrovare amici. Dentro questa raccolta ci sono ottanta anni di amori, di rancori, di vendette, di gioie e di avventure, di scelte più o meno giuste ma sempre legate ad un momento e ad un luogo che le hanno condizionate. Scrivere della propria esistenza e di quella delle persone intorno a noi, con cui abbiamo condiviso un pezzo del nostro percorso, non è semplice. Un ricordo è un punto di vista e come tale può essere condivisibile o meno. Questa è la vita vissuta secondo Natale Massenzio, sono le sue radici e la sua eredità. Sono i suoi occhi di bambino e i suoi bilanci di adulto. Allo scrittore appartengono i fili che ha saputo tessere tra il nostro passato ed il nostro presente. Seduti sulla ciappetta lo ascoltiamo raccontare quello che è stato.<br />
Bianca Massenzio</p>
