{"id":7222,"date":"2021-12-25T15:03:46","date_gmt":"2021-12-25T14:03:46","guid":{"rendered":"https:\/\/www.operaincertaeditore.it\/shop\/?post_type=product&#038;p=7222"},"modified":"2021-12-25T15:14:42","modified_gmt":"2021-12-25T14:14:42","slug":"carmela-sgarioto-na-vuci","status":"publish","type":"product","link":"https:\/\/www.operaincertaeditore.it\/shop\/index.php\/prodotto\/carmela-sgarioto-na-vuci\/","title":{"rendered":"Carmela Sgarioto &#8211; Na vuci"},"content":{"rendered":"<p><a href=\"https:\/\/www.operaincertaeditore.it\/shop\/?attachment_id=7225\" rel=\"attachment wp-att-7225\"><img loading=\"lazy\" decoding=\"async\" class=\"alignleft size-full wp-image-7225\" src=\"https:\/\/www.operaincertaeditore.it\/shop\/wp-content\/uploads\/2021\/12\/vuci_anteprima.jpg\" alt=\"\" width=\"2000\" height=\"1425\" srcset=\"https:\/\/www.operaincertaeditore.it\/shop\/wp-content\/uploads\/2021\/12\/vuci_anteprima.jpg 2000w, https:\/\/www.operaincertaeditore.it\/shop\/wp-content\/uploads\/2021\/12\/vuci_anteprima-300x214.jpg 300w, https:\/\/www.operaincertaeditore.it\/shop\/wp-content\/uploads\/2021\/12\/vuci_anteprima-1024x730.jpg 1024w, https:\/\/www.operaincertaeditore.it\/shop\/wp-content\/uploads\/2021\/12\/vuci_anteprima-768x547.jpg 768w, https:\/\/www.operaincertaeditore.it\/shop\/wp-content\/uploads\/2021\/12\/vuci_anteprima-1536x1094.jpg 1536w, https:\/\/www.operaincertaeditore.it\/shop\/wp-content\/uploads\/2021\/12\/vuci_anteprima-600x428.jpg 600w\" sizes=\"auto, (max-width: 2000px) 100vw, 2000px\" \/><\/a><\/p>\n","protected":false},"excerpt":{"rendered":"<p>Data di Pubblicazione: gennaio 2022<br \/>\nISBN: 978-88-32220-13-1<br \/>\nPagine: 220<\/p>\n<p>Na vuci \u00e8 la prima raccolta poetica di Carmela Sgarioto. Essa \u00e8 composta da trentatr\u00e9 liriche in dialetto ragusano, che possono essere classificate, tematicamente, sotto un\u2019etichetta unica:\u00a0 poesie d\u2019amore. Ma diverso \u00e8 l\u2019amore delle prime ventisei liriche rispetto a quello delle ultime sette. Le prime hanno per oggetto la persona amata, la persona del cuore, e le vicende di una vita non sempre felice, le seconde, invece, guardano con amore al tempo della giovinezza e alle persone care. Poesie della memoria, nell\u2019un caso e nell\u2019altro, perch\u00e9 la persona o le persone amate, i luoghi evocati, gli ambienti e i quartieri di Ragusa, le persone che quegli ambienti hanno riempito lasciando traccia nella memoria di un\u2019attenta fanciulla, non sono pi\u00f9 le persone e i luoghi del presente, ma appartengono al passato.<\/p>\n","protected":false},"featured_media":7226,"comment_status":"closed","ping_status":"closed","template":"","meta":[],"product_brand":[],"product_cat":[62,17],"product_tag":[],"class_list":{"0":"post-7222","1":"product","2":"type-product","3":"status-publish","4":"has-post-thumbnail","6":"product_cat-carmela-sgarioto","7":"product_cat-carmina","9":"first","10":"instock","11":"shipping-taxable","12":"purchasable","13":"product-type-simple"},"_links":{"self":[{"href":"https:\/\/www.operaincertaeditore.it\/shop\/index.php\/wp-json\/wp\/v2\/product\/7222","targetHints":{"allow":["GET"]}}],"collection":[{"href":"https:\/\/www.operaincertaeditore.it\/shop\/index.php\/wp-json\/wp\/v2\/product"}],"about":[{"href":"https:\/\/www.operaincertaeditore.it\/shop\/index.php\/wp-json\/wp\/v2\/types\/product"}],"replies":[{"embeddable":true,"href":"https:\/\/www.operaincertaeditore.it\/shop\/index.php\/wp-json\/wp\/v2\/comments?post=7222"}],"wp:featuredmedia":[{"embeddable":true,"href":"https:\/\/www.operaincertaeditore.it\/shop\/index.php\/wp-json\/wp\/v2\/media\/7226"}],"wp:attachment":[{"href":"https:\/\/www.operaincertaeditore.it\/shop\/index.php\/wp-json\/wp\/v2\/media?parent=7222"}],"wp:term":[{"taxonomy":"product_brand","embeddable":true,"href":"https:\/\/www.operaincertaeditore.it\/shop\/index.php\/wp-json\/wp\/v2\/product_brand?post=7222"},{"taxonomy":"product_cat","embeddable":true,"href":"https:\/\/www.operaincertaeditore.it\/shop\/index.php\/wp-json\/wp\/v2\/product_cat?post=7222"},{"taxonomy":"product_tag","embeddable":true,"href":"https:\/\/www.operaincertaeditore.it\/shop\/index.php\/wp-json\/wp\/v2\/product_tag?post=7222"}],"curies":[{"name":"wp","href":"https:\/\/api.w.org\/{rel}","templated":true}]}}

<p>Data di Pubblicazione: gennaio 2022<br />
ISBN: 978-88-32220-13-1<br />
Pagine: 220</p>
<p>Na vuci è la prima raccolta poetica di Carmela Sgarioto. Essa è composta da trentatré liriche in dialetto ragusano, che possono essere classificate, tematicamente, sotto un’etichetta unica:  poesie d’amore. Ma diverso è l’amore delle prime ventisei liriche rispetto a quello delle ultime sette. Le prime hanno per oggetto la persona amata, la persona del cuore, e le vicende di una vita non sempre felice, le seconde, invece, guardano con amore al tempo della giovinezza e alle persone care. Poesie della memoria, nell’un caso e nell’altro, perché la persona o le persone amate, i luoghi evocati, gli ambienti e i quartieri di Ragusa, le persone che quegli ambienti hanno riempito lasciando traccia nella memoria di un’attenta fanciulla, non sono più le persone e i luoghi del presente, ma appartengono al passato.</p>
