{"id":675,"date":"2019-05-24T11:28:54","date_gmt":"2019-05-24T09:28:54","guid":{"rendered":"https:\/\/www.operaincertaeditore.it\/shop\/?post_type=product&#038;p=675"},"modified":"2020-04-27T17:44:09","modified_gmt":"2020-04-27T15:44:09","slug":"maria-antonella-de-blasi-resilienza-le-canzoni-della-mia-vita","status":"publish","type":"product","link":"https:\/\/www.operaincertaeditore.it\/shop\/index.php\/prodotto\/maria-antonella-de-blasi-resilienza-le-canzoni-della-mia-vita\/","title":{"rendered":"Maria Antonella De Blasi: Resilienza &#8211; le canzoni della mia vita"},"content":{"rendered":"<p><a href=\"https:\/\/www.operaincertaeditore.it\/shop\/?attachment_id=676\" rel=\"attachment wp-att-676\"><img loading=\"lazy\" decoding=\"async\" class=\"aligncenter size-full wp-image-676\" src=\"https:\/\/www.operaincertaeditore.it\/shop\/wp-content\/uploads\/2019\/05\/deblasi_anteprima.jpg\" alt=\"\" width=\"2000\" height=\"1425\" srcset=\"https:\/\/www.operaincertaeditore.it\/shop\/wp-content\/uploads\/2019\/05\/deblasi_anteprima.jpg 2000w, https:\/\/www.operaincertaeditore.it\/shop\/wp-content\/uploads\/2019\/05\/deblasi_anteprima-300x214.jpg 300w, https:\/\/www.operaincertaeditore.it\/shop\/wp-content\/uploads\/2019\/05\/deblasi_anteprima-768x547.jpg 768w, https:\/\/www.operaincertaeditore.it\/shop\/wp-content\/uploads\/2019\/05\/deblasi_anteprima-1024x730.jpg 1024w, https:\/\/www.operaincertaeditore.it\/shop\/wp-content\/uploads\/2019\/05\/deblasi_anteprima-600x428.jpg 600w\" sizes=\"auto, (max-width: 2000px) 100vw, 2000px\" \/><\/a><\/p>\n","protected":false},"excerpt":{"rendered":"<p>Data di Pubblicazione: 26 giugno 2019<br \/>\nISBN: 978-88-32220-02-5<br \/>\nPagine: 94<\/p>\n<p>Una giostra simbolica in cui il truce ricordo di parole taglienti come spade si alterna al benevolo segno di una terra genuina e fertile in cui il bianco del vino e lo smeraldo dell&#8217;olio s&#8217;intrecciano alle calde tinte di saggezza popolare, che scandiva i discorsi dei contadini rivolti al cielo e alle nuvole.<br \/>\n(Sara Sigona)<\/p>\n<p>L&#8217;Autrice non si nasconde mai dietro il velo dell&#8217;invenzione letteraria. Questo \u00e8 un libro dichiaratamente autobiografico. Questa \u00e8 vita vera, vissuta profondamente. Questo \u00e8 il suo mondo poetico: persone, cose, stati d&#8217;animo. Affiorano cos\u00ec Atmosfere oggi in gran parte svanite<br \/>\n(Ernesto Di Lorenzo)<\/p>\n<p><a href=\"https:\/\/youtu.be\/4f-1BL1u6p0\" target=\"_blank\" rel=\"noopener noreferrer\">Clicca qui per guardare il booktrailer<\/a><\/p>\n","protected":false},"featured_media":677,"comment_status":"closed","ping_status":"closed","template":"","meta":[],"product_brand":[],"product_cat":[18,43],"product_tag":[],"class_list":{"0":"post-675","1":"product","2":"type-product","3":"status-publish","4":"has-post-thumbnail","6":"product_cat-fabula","7":"product_cat-maria-antonella-de-blasi","9":"first","10":"instock","11":"shipping-taxable","12":"purchasable","13":"product-type-simple"},"_links":{"self":[{"href":"https:\/\/www.operaincertaeditore.it\/shop\/index.php\/wp-json\/wp\/v2\/product\/675","targetHints":{"allow":["GET"]}}],"collection":[{"href":"https:\/\/www.operaincertaeditore.it\/shop\/index.php\/wp-json\/wp\/v2\/product"}],"about":[{"href":"https:\/\/www.operaincertaeditore.it\/shop\/index.php\/wp-json\/wp\/v2\/types\/product"}],"replies":[{"embeddable":true,"href":"https:\/\/www.operaincertaeditore.it\/shop\/index.php\/wp-json\/wp\/v2\/comments?post=675"}],"wp:featuredmedia":[{"embeddable":true,"href":"https:\/\/www.operaincertaeditore.it\/shop\/index.php\/wp-json\/wp\/v2\/media\/677"}],"wp:attachment":[{"href":"https:\/\/www.operaincertaeditore.it\/shop\/index.php\/wp-json\/wp\/v2\/media?parent=675"}],"wp:term":[{"taxonomy":"product_brand","embeddable":true,"href":"https:\/\/www.operaincertaeditore.it\/shop\/index.php\/wp-json\/wp\/v2\/product_brand?post=675"},{"taxonomy":"product_cat","embeddable":true,"href":"https:\/\/www.operaincertaeditore.it\/shop\/index.php\/wp-json\/wp\/v2\/product_cat?post=675"},{"taxonomy":"product_tag","embeddable":true,"href":"https:\/\/www.operaincertaeditore.it\/shop\/index.php\/wp-json\/wp\/v2\/product_tag?post=675"}],"curies":[{"name":"wp","href":"https:\/\/api.w.org\/{rel}","templated":true}]}}

<p>Data di Pubblicazione: 26 giugno 2019<br />
ISBN: 978-88-32220-02-5<br />
Pagine: 94</p>
<p>Una giostra simbolica in cui il truce ricordo di parole taglienti come spade si alterna al benevolo segno di una terra genuina e fertile in cui il bianco del vino e lo smeraldo dell&#8217;olio s&#8217;intrecciano alle calde tinte di saggezza popolare, che scandiva i discorsi dei contadini rivolti al cielo e alle nuvole.<br />
(Sara Sigona)</p>
<p>L&#8217;Autrice non si nasconde mai dietro il velo dell&#8217;invenzione letteraria. Questo è un libro dichiaratamente autobiografico. Questa è vita vera, vissuta profondamente. Questo è il suo mondo poetico: persone, cose, stati d&#8217;animo. Affiorano così Atmosfere oggi in gran parte svanite<br />
(Ernesto Di Lorenzo)</p>
<p><a href="https://youtu.be/4f-1BL1u6p0" target="_blank" rel="noopener noreferrer">Clicca qui per guardare il booktrailer</a></p>
