{"id":6541,"date":"2021-08-18T09:54:56","date_gmt":"2021-08-18T07:54:56","guid":{"rendered":"https:\/\/www.operaincertaeditore.it\/shop\/?post_type=product&#038;p=6541"},"modified":"2021-10-30T21:19:12","modified_gmt":"2021-10-30T19:19:12","slug":"aristide-barraud-ma-non-affondo","status":"publish","type":"product","link":"https:\/\/www.operaincertaeditore.it\/shop\/index.php\/prodotto\/aristide-barraud-ma-non-affondo\/","title":{"rendered":"Aristide Barraud: Ma non affondo"},"content":{"rendered":"<p><a href=\"https:\/\/www.operaincertaeditore.it\/shop\/affondo_anteprima\/\"><img loading=\"lazy\" decoding=\"async\" class=\"alignleft size-full wp-image-6542\" src=\"https:\/\/www.operaincertaeditore.it\/shop\/wp-content\/uploads\/2021\/08\/affondo_anteprima.jpg\" alt=\"\" width=\"2000\" height=\"1425\" srcset=\"https:\/\/www.operaincertaeditore.it\/shop\/wp-content\/uploads\/2021\/08\/affondo_anteprima.jpg 2000w, https:\/\/www.operaincertaeditore.it\/shop\/wp-content\/uploads\/2021\/08\/affondo_anteprima-300x214.jpg 300w, https:\/\/www.operaincertaeditore.it\/shop\/wp-content\/uploads\/2021\/08\/affondo_anteprima-1024x730.jpg 1024w, https:\/\/www.operaincertaeditore.it\/shop\/wp-content\/uploads\/2021\/08\/affondo_anteprima-768x547.jpg 768w, https:\/\/www.operaincertaeditore.it\/shop\/wp-content\/uploads\/2021\/08\/affondo_anteprima-1536x1094.jpg 1536w, https:\/\/www.operaincertaeditore.it\/shop\/wp-content\/uploads\/2021\/08\/affondo_anteprima-600x428.jpg 600w\" sizes=\"auto, (max-width: 2000px) 100vw, 2000px\" \/><\/a><\/p>\n","protected":false},"excerpt":{"rendered":"<p>Data di Pubblicazione: settembre 2021<br \/>\nISBN: 978-88-32220-20-9<br \/>\nPagine: 176<\/p>\n<p>\u00a9 2017 \u2013 \u00c9dition du Seuil &#8211; Paris<br \/>\n\u00a9 2021 \u2013 Operaincerta Editore &#8211; Ragusa<br \/>\nTitolo originale Mais ne sombre pas<br \/>\nTraduzione dal francese di Meno Occhipinti<\/p>\n<p>Il 13 novembre 2015 Parigi fu scossa da una serie di attentati, il pi\u00f9 famoso fu quello al Bataclan. Tra i feriti anche Aristide Barraud. Si trovava al ristorante \u201cLe Petit Cambodge\u201d, con gli amici e la sorella. All\u2019epoca ha ventisei anni e da poco si \u00e8 trasferito in Italia per giocare a rugby. In precedenza aveva vestito le maglie del Massy e dello Stade Fran\u00e7ais, una della pi\u00f9 importanti squadre francesi, dove per\u00f2 aveva trovato poco spazio. Cos\u00ec, nel 2013, accetta l\u2019offerta del Lyons Piacenza e viene a giocare nel nostro campionato di serie A. Si mette subito in evidenza e l\u2019anno successivo viene chiamato dal Mogliano, squadra che disputa il Top 12, e ne diventa uno dei giocatori pi\u00f9 importanti. Ma poi arriva quel maledetto 13 novembre e, nel tentativo di proteggere la sorella (che ne uscir\u00e0 \u201csoltanto\u201d con una ferita al braccio), si ritrova con le costole fratturate, un polmone perforato e una caviglia sbriciolata. Le sue condizioni sono disperate ma lui tiene duro, viene operato, e si riprende. Al punto che, sei mesi dopo il ferimento, ritorna a Mogliano per ricominciare gli allenamenti. Ma il rugby \u00e8 uno sport duro e il suo fisico non riesce pi\u00f9 a reggere gli scontri di gioco. \u00c8 l\u2019addio allo sport tanto amato. Qui racconta la sua storia affrontando il cambiamento. Un lento processo che coinvolge svariati aspetti della sua esistenza e che prende nuova forma giorno dopo giorno. Questo \u00e8 un libro che fa riflettere sotto tanti punti di vista e che fornisce interessanti spunti di rinnovata speranza.<\/p>\n","protected":false},"featured_media":6543,"comment_status":"closed","ping_status":"closed","template":"","meta":[],"product_brand":[],"product_cat":[59,18],"product_tag":[],"class_list":{"0":"post-6541","1":"product","2":"type-product","3":"status-publish","4":"has-post-thumbnail","6":"product_cat-aristide-barraud","7":"product_cat-fabula","9":"first","10":"instock","11":"shipping-taxable","12":"purchasable","13":"product-type-simple"},"_links":{"self":[{"href":"https:\/\/www.operaincertaeditore.it\/shop\/index.php\/wp-json\/wp\/v2\/product\/6541","targetHints":{"allow":["GET"]}}],"collection":[{"href":"https:\/\/www.operaincertaeditore.it\/shop\/index.php\/wp-json\/wp\/v2\/product"}],"about":[{"href":"https:\/\/www.operaincertaeditore.it\/shop\/index.php\/wp-json\/wp\/v2\/types\/product"}],"replies":[{"embeddable":true,"href":"https:\/\/www.operaincertaeditore.it\/shop\/index.php\/wp-json\/wp\/v2\/comments?post=6541"}],"wp:featuredmedia":[{"embeddable":true,"href":"https:\/\/www.operaincertaeditore.it\/shop\/index.php\/wp-json\/wp\/v2\/media\/6543"}],"wp:attachment":[{"href":"https:\/\/www.operaincertaeditore.it\/shop\/index.php\/wp-json\/wp\/v2\/media?parent=6541"}],"wp:term":[{"taxonomy":"product_brand","embeddable":true,"href":"https:\/\/www.operaincertaeditore.it\/shop\/index.php\/wp-json\/wp\/v2\/product_brand?post=6541"},{"taxonomy":"product_cat","embeddable":true,"href":"https:\/\/www.operaincertaeditore.it\/shop\/index.php\/wp-json\/wp\/v2\/product_cat?post=6541"},{"taxonomy":"product_tag","embeddable":true,"href":"https:\/\/www.operaincertaeditore.it\/shop\/index.php\/wp-json\/wp\/v2\/product_tag?post=6541"}],"curies":[{"name":"wp","href":"https:\/\/api.w.org\/{rel}","templated":true}]}}

<p>Data di Pubblicazione: settembre 2021<br />
ISBN: 978-88-32220-20-9<br />
Pagine: 176</p>
<p>© 2017 – Édition du Seuil &#8211; Paris<br />
© 2021 – Operaincerta Editore &#8211; Ragusa<br />
Titolo originale Mais ne sombre pas<br />
Traduzione dal francese di Meno Occhipinti</p>
<p>Il 13 novembre 2015 Parigi fu scossa da una serie di attentati, il più famoso fu quello al Bataclan. Tra i feriti anche Aristide Barraud. Si trovava al ristorante “Le Petit Cambodge”, con gli amici e la sorella. All’epoca ha ventisei anni e da poco si è trasferito in Italia per giocare a rugby. In precedenza aveva vestito le maglie del Massy e dello Stade Français, una della più importanti squadre francesi, dove però aveva trovato poco spazio. Così, nel 2013, accetta l’offerta del Lyons Piacenza e viene a giocare nel nostro campionato di serie A. Si mette subito in evidenza e l’anno successivo viene chiamato dal Mogliano, squadra che disputa il Top 12, e ne diventa uno dei giocatori più importanti. Ma poi arriva quel maledetto 13 novembre e, nel tentativo di proteggere la sorella (che ne uscirà “soltanto” con una ferita al braccio), si ritrova con le costole fratturate, un polmone perforato e una caviglia sbriciolata. Le sue condizioni sono disperate ma lui tiene duro, viene operato, e si riprende. Al punto che, sei mesi dopo il ferimento, ritorna a Mogliano per ricominciare gli allenamenti. Ma il rugby è uno sport duro e il suo fisico non riesce più a reggere gli scontri di gioco. È l’addio allo sport tanto amato. Qui racconta la sua storia affrontando il cambiamento. Un lento processo che coinvolge svariati aspetti della sua esistenza e che prende nuova forma giorno dopo giorno. Questo è un libro che fa riflettere sotto tanti punti di vista e che fornisce interessanti spunti di rinnovata speranza.</p>
