{"id":6517,"date":"2021-08-07T14:40:14","date_gmt":"2021-08-07T12:40:14","guid":{"rendered":"https:\/\/www.operaincertaeditore.it\/shop\/?post_type=product&#038;p=6517"},"modified":"2021-08-07T14:44:33","modified_gmt":"2021-08-07T12:44:33","slug":"paola-damato-le-pagine-di-noi-due","status":"publish","type":"product","link":"https:\/\/www.operaincertaeditore.it\/shop\/index.php\/prodotto\/paola-damato-le-pagine-di-noi-due\/","title":{"rendered":"Paola D&#8217;Amato: Le pagine di noi due"},"content":{"rendered":"<p><a href=\"https:\/\/www.operaincertaeditore.it\/shop\/?attachment_id=6525\" rel=\"attachment wp-att-6525\"><img loading=\"lazy\" decoding=\"async\" class=\"alignleft size-full wp-image-6525\" src=\"https:\/\/www.operaincertaeditore.it\/shop\/wp-content\/uploads\/2021\/08\/pagine_anteprima.jpg\" alt=\"\" width=\"2000\" height=\"1425\" srcset=\"https:\/\/www.operaincertaeditore.it\/shop\/wp-content\/uploads\/2021\/08\/pagine_anteprima.jpg 2000w, https:\/\/www.operaincertaeditore.it\/shop\/wp-content\/uploads\/2021\/08\/pagine_anteprima-300x214.jpg 300w, https:\/\/www.operaincertaeditore.it\/shop\/wp-content\/uploads\/2021\/08\/pagine_anteprima-1024x730.jpg 1024w, https:\/\/www.operaincertaeditore.it\/shop\/wp-content\/uploads\/2021\/08\/pagine_anteprima-768x547.jpg 768w, https:\/\/www.operaincertaeditore.it\/shop\/wp-content\/uploads\/2021\/08\/pagine_anteprima-1536x1094.jpg 1536w, https:\/\/www.operaincertaeditore.it\/shop\/wp-content\/uploads\/2021\/08\/pagine_anteprima-600x428.jpg 600w\" sizes=\"auto, (max-width: 2000px) 100vw, 2000px\" \/><\/a><\/p>\n","protected":false},"excerpt":{"rendered":"<p>Data di Pubblicazione: agosto 2021<br \/>\nISBN: 978-88-32220-24-7<br \/>\nPagine: 102<\/p>\n<p>Lorena \u00e8 una ragazza che vive in un piccolo paese dell&#8217;entroterra siciliano. Giulio, un bel ragazzo dai capelli neri e dallo sguardo magnetico, \u00e8 attratto da lei, ma \u00e8 timido e non ha il coraggio<br \/>\ndi confessarle il suo sentimento. Siamo nei primi anni sessanta e vivere l&#8217;amore, all&#8217;epoca, e soprattutto in un piccolo paese, non \u00e8 facile. Lorenzo invece \u00e8 audace e la corteggia con insistenza e tenacemente fa di tutto per farle capire che la vuole. Chi scegliere? Quale sar\u00e0 l&#8217;uomo giusto? Come riconoscere e far convivere un amore duraturo? Lorena \u00e8 combattuta da sentimenti forti<br \/>\ne istintivi. Sar\u00e0 la tenacia e l&#8217;amore di Lorenzo a farla legare a lui senza esitazione. Queste pagine raccontano una storia d&#8217;amore lunga una vita perch\u00e9 ci si lega davvero a chi ha il nostro stesso modo di pensare, di vivere e di guardare al futuro. Lorena e Lorenzo hanno avuto il tempo\u00a0 che \u00e8 l&#8217;ago della bilancia dell&#8217;intensit\u00e0 di un sentimento forte e condiviso. Hanno<br \/>\ncementato il loro rapporto e hanno trovato i punti d&#8217;incontro. Insieme hanno attraversato, mano nella mano, il cammino dell&#8217;imprevedibilit\u00e0 della vita fino alla fine.<\/p>\n","protected":false},"featured_media":6518,"comment_status":"closed","ping_status":"closed","template":"","meta":[],"product_brand":[],"product_cat":[18,58],"product_tag":[],"class_list":{"0":"post-6517","1":"product","2":"type-product","3":"status-publish","4":"has-post-thumbnail","6":"product_cat-fabula","7":"product_cat-paola-damato","9":"first","10":"instock","11":"shipping-taxable","12":"purchasable","13":"product-type-simple"},"_links":{"self":[{"href":"https:\/\/www.operaincertaeditore.it\/shop\/index.php\/wp-json\/wp\/v2\/product\/6517","targetHints":{"allow":["GET"]}}],"collection":[{"href":"https:\/\/www.operaincertaeditore.it\/shop\/index.php\/wp-json\/wp\/v2\/product"}],"about":[{"href":"https:\/\/www.operaincertaeditore.it\/shop\/index.php\/wp-json\/wp\/v2\/types\/product"}],"replies":[{"embeddable":true,"href":"https:\/\/www.operaincertaeditore.it\/shop\/index.php\/wp-json\/wp\/v2\/comments?post=6517"}],"wp:featuredmedia":[{"embeddable":true,"href":"https:\/\/www.operaincertaeditore.it\/shop\/index.php\/wp-json\/wp\/v2\/media\/6518"}],"wp:attachment":[{"href":"https:\/\/www.operaincertaeditore.it\/shop\/index.php\/wp-json\/wp\/v2\/media?parent=6517"}],"wp:term":[{"taxonomy":"product_brand","embeddable":true,"href":"https:\/\/www.operaincertaeditore.it\/shop\/index.php\/wp-json\/wp\/v2\/product_brand?post=6517"},{"taxonomy":"product_cat","embeddable":true,"href":"https:\/\/www.operaincertaeditore.it\/shop\/index.php\/wp-json\/wp\/v2\/product_cat?post=6517"},{"taxonomy":"product_tag","embeddable":true,"href":"https:\/\/www.operaincertaeditore.it\/shop\/index.php\/wp-json\/wp\/v2\/product_tag?post=6517"}],"curies":[{"name":"wp","href":"https:\/\/api.w.org\/{rel}","templated":true}]}}

<p>Data di Pubblicazione: agosto 2021<br />
ISBN: 978-88-32220-24-7<br />
Pagine: 102</p>
<p>Lorena è una ragazza che vive in un piccolo paese dell&#8217;entroterra siciliano. Giulio, un bel ragazzo dai capelli neri e dallo sguardo magnetico, è attratto da lei, ma è timido e non ha il coraggio<br />
di confessarle il suo sentimento. Siamo nei primi anni sessanta e vivere l&#8217;amore, all&#8217;epoca, e soprattutto in un piccolo paese, non è facile. Lorenzo invece è audace e la corteggia con insistenza e tenacemente fa di tutto per farle capire che la vuole. Chi scegliere? Quale sarà l&#8217;uomo giusto? Come riconoscere e far convivere un amore duraturo? Lorena è combattuta da sentimenti forti<br />
e istintivi. Sarà la tenacia e l&#8217;amore di Lorenzo a farla legare a lui senza esitazione. Queste pagine raccontano una storia d&#8217;amore lunga una vita perché ci si lega davvero a chi ha il nostro stesso modo di pensare, di vivere e di guardare al futuro. Lorena e Lorenzo hanno avuto il tempo  che è l&#8217;ago della bilancia dell&#8217;intensità di un sentimento forte e condiviso. Hanno<br />
cementato il loro rapporto e hanno trovato i punti d&#8217;incontro. Insieme hanno attraversato, mano nella mano, il cammino dell&#8217;imprevedibilità della vita fino alla fine.</p>
