{"id":6503,"date":"2021-06-29T14:47:17","date_gmt":"2021-06-29T12:47:17","guid":{"rendered":"https:\/\/www.operaincertaeditore.it\/shop\/?post_type=product&#038;p=6503"},"modified":"2021-06-29T15:03:39","modified_gmt":"2021-06-29T13:03:39","slug":"meno-occhipinti-e-u-gaddru-ragusa-grande-di-nuovo","status":"publish","type":"product","link":"https:\/\/www.operaincertaeditore.it\/shop\/index.php\/prodotto\/meno-occhipinti-e-u-gaddru-ragusa-grande-di-nuovo\/","title":{"rendered":"Meno Occhipinti e &#8216;U Gaddru: Ragusa grande di nuovo"},"content":{"rendered":"<p><a href=\"https:\/\/www.operaincertaeditore.it\/shop\/?attachment_id=6504\" rel=\"attachment wp-att-6504\"><img loading=\"lazy\" decoding=\"async\" class=\"alignleft size-full wp-image-6504\" src=\"https:\/\/www.operaincertaeditore.it\/shop\/wp-content\/uploads\/2021\/06\/ragusa_anteprima.jpg\" alt=\"\" width=\"2000\" height=\"1425\" srcset=\"https:\/\/www.operaincertaeditore.it\/shop\/wp-content\/uploads\/2021\/06\/ragusa_anteprima.jpg 2000w, https:\/\/www.operaincertaeditore.it\/shop\/wp-content\/uploads\/2021\/06\/ragusa_anteprima-300x214.jpg 300w, https:\/\/www.operaincertaeditore.it\/shop\/wp-content\/uploads\/2021\/06\/ragusa_anteprima-1024x730.jpg 1024w, https:\/\/www.operaincertaeditore.it\/shop\/wp-content\/uploads\/2021\/06\/ragusa_anteprima-768x547.jpg 768w, https:\/\/www.operaincertaeditore.it\/shop\/wp-content\/uploads\/2021\/06\/ragusa_anteprima-1536x1094.jpg 1536w, https:\/\/www.operaincertaeditore.it\/shop\/wp-content\/uploads\/2021\/06\/ragusa_anteprima-600x428.jpg 600w\" sizes=\"auto, (max-width: 2000px) 100vw, 2000px\" \/><\/a><\/p>\n","protected":false},"excerpt":{"rendered":"<p>Data di Pubblicazione: luglio 2021<br \/>\nISBN: 978-88-32220-23-0<br \/>\nPagine: 156<\/p>\n<p>Se \u00e8 vero che la satira fa ridere, \u00e8 ancor pi\u00f9 vero che si tratta di una materia maledettamente seria. Esistono vari modi di praticare questo stile di arte. In ogni caso, tuttavia, quel che conta \u00e8 l\u2019audacia degli autori, la loro volont\u00e0 di irritare il potere che deve essere proporzionale alla capacit\u00e0 di creare pensieri in chi, del potere, \u00e8 spesso vittima inconsapevole. A qualunque livello si faccia riferimento, in qualunque luogo questo possa accadere. In questo volume troverete la raccolta delle Cronache surreali, scritte da due strampalati amici, e pubblicate tra il 2006 e il 2009 sul quindicinale \u201cLa Citt\u00e0 &#8211; il giornale di Ragusa e provincia\u201d, un periodico che rappresenta ancora oggi un caso interessante, forse unico nella storia recente, di editoria ancora libera e persino incosciente. Ma perch\u00e9 pubblicare un libro di cronache surreali che ormai potremmo chiamare \u201cstorie\u201d<br \/>\nvisto l\u2019inesorabile passare del tempo trascorso dalla loro pubblicazione? Perch\u00e9 pu\u00f2 essere comunque utile e divertente riscoprire parte del nostro recente passato, mettere in luce le doti profetiche di Meno Occhipinti e del Gaddru e, soprattutto, spingere altri ed altri ancora a creare nuove occasioni di buona e \u201ccattiva\u201d satira. Buon divertimento a tutti&#8230;<\/p>\n","protected":false},"featured_media":6500,"comment_status":"closed","ping_status":"closed","template":"","meta":[],"product_brand":[],"product_cat":[18,29],"product_tag":[],"class_list":{"0":"post-6503","1":"product","2":"type-product","3":"status-publish","4":"has-post-thumbnail","6":"product_cat-fabula","7":"product_cat-meno-occhipinti","9":"first","10":"instock","11":"shipping-taxable","12":"purchasable","13":"product-type-simple"},"_links":{"self":[{"href":"https:\/\/www.operaincertaeditore.it\/shop\/index.php\/wp-json\/wp\/v2\/product\/6503","targetHints":{"allow":["GET"]}}],"collection":[{"href":"https:\/\/www.operaincertaeditore.it\/shop\/index.php\/wp-json\/wp\/v2\/product"}],"about":[{"href":"https:\/\/www.operaincertaeditore.it\/shop\/index.php\/wp-json\/wp\/v2\/types\/product"}],"replies":[{"embeddable":true,"href":"https:\/\/www.operaincertaeditore.it\/shop\/index.php\/wp-json\/wp\/v2\/comments?post=6503"}],"wp:featuredmedia":[{"embeddable":true,"href":"https:\/\/www.operaincertaeditore.it\/shop\/index.php\/wp-json\/wp\/v2\/media\/6500"}],"wp:attachment":[{"href":"https:\/\/www.operaincertaeditore.it\/shop\/index.php\/wp-json\/wp\/v2\/media?parent=6503"}],"wp:term":[{"taxonomy":"product_brand","embeddable":true,"href":"https:\/\/www.operaincertaeditore.it\/shop\/index.php\/wp-json\/wp\/v2\/product_brand?post=6503"},{"taxonomy":"product_cat","embeddable":true,"href":"https:\/\/www.operaincertaeditore.it\/shop\/index.php\/wp-json\/wp\/v2\/product_cat?post=6503"},{"taxonomy":"product_tag","embeddable":true,"href":"https:\/\/www.operaincertaeditore.it\/shop\/index.php\/wp-json\/wp\/v2\/product_tag?post=6503"}],"curies":[{"name":"wp","href":"https:\/\/api.w.org\/{rel}","templated":true}]}}

<p>Data di Pubblicazione: luglio 2021<br />
ISBN: 978-88-32220-23-0<br />
Pagine: 156</p>
<p>Se è vero che la satira fa ridere, è ancor più vero che si tratta di una materia maledettamente seria. Esistono vari modi di praticare questo stile di arte. In ogni caso, tuttavia, quel che conta è l’audacia degli autori, la loro volontà di irritare il potere che deve essere proporzionale alla capacità di creare pensieri in chi, del potere, è spesso vittima inconsapevole. A qualunque livello si faccia riferimento, in qualunque luogo questo possa accadere. In questo volume troverete la raccolta delle Cronache surreali, scritte da due strampalati amici, e pubblicate tra il 2006 e il 2009 sul quindicinale “La Città &#8211; il giornale di Ragusa e provincia”, un periodico che rappresenta ancora oggi un caso interessante, forse unico nella storia recente, di editoria ancora libera e persino incosciente. Ma perché pubblicare un libro di cronache surreali che ormai potremmo chiamare “storie”<br />
visto l’inesorabile passare del tempo trascorso dalla loro pubblicazione? Perché può essere comunque utile e divertente riscoprire parte del nostro recente passato, mettere in luce le doti profetiche di Meno Occhipinti e del Gaddru e, soprattutto, spingere altri ed altri ancora a creare nuove occasioni di buona e “cattiva” satira. Buon divertimento a tutti&#8230;</p>
