{"id":6352,"date":"2021-04-01T16:29:25","date_gmt":"2021-04-01T14:29:25","guid":{"rendered":"https:\/\/www.operaincertaeditore.it\/shop\/?post_type=product&#038;p=6352"},"modified":"2021-04-19T08:29:58","modified_gmt":"2021-04-19T06:29:58","slug":"giuseppe-tumino-massari","status":"publish","type":"product","link":"https:\/\/www.operaincertaeditore.it\/shop\/index.php\/prodotto\/giuseppe-tumino-massari\/","title":{"rendered":"Giuseppe Tumino: Mass\u00e0ri"},"content":{"rendered":"<p><a href=\"https:\/\/www.operaincertaeditore.it\/shop\/?attachment_id=6354\" rel=\"attachment wp-att-6354\"><img loading=\"lazy\" decoding=\"async\" class=\"alignleft size-full wp-image-6354\" src=\"https:\/\/www.operaincertaeditore.it\/shop\/wp-content\/uploads\/2021\/04\/massari_anteprima.jpg\" alt=\"\" width=\"2000\" height=\"1425\" srcset=\"https:\/\/www.operaincertaeditore.it\/shop\/wp-content\/uploads\/2021\/04\/massari_anteprima.jpg 2000w, https:\/\/www.operaincertaeditore.it\/shop\/wp-content\/uploads\/2021\/04\/massari_anteprima-300x214.jpg 300w, https:\/\/www.operaincertaeditore.it\/shop\/wp-content\/uploads\/2021\/04\/massari_anteprima-1024x730.jpg 1024w, https:\/\/www.operaincertaeditore.it\/shop\/wp-content\/uploads\/2021\/04\/massari_anteprima-768x547.jpg 768w, https:\/\/www.operaincertaeditore.it\/shop\/wp-content\/uploads\/2021\/04\/massari_anteprima-1536x1094.jpg 1536w, https:\/\/www.operaincertaeditore.it\/shop\/wp-content\/uploads\/2021\/04\/massari_anteprima-600x428.jpg 600w\" sizes=\"auto, (max-width: 2000px) 100vw, 2000px\" \/><\/a><\/p>\n","protected":false},"excerpt":{"rendered":"<p>Data di Pubblicazione: aprile 2021<br \/>\nISBN: 978-88-32220-15-5<br \/>\nPagine: 72<\/p>\n<p>Occorre sempre lasciare traccia scritta del nostro passato, altrimenti tutto si perde e si dimentica. Se non c\u2019\u00e8 qualcuno che scrive oggi sul mestiere del <em>mastro ri carretta<\/em>, non sapremo mai come faceva ad infilare il cerchione di ferro sulla ruota del carretto, non sapremo chi dipingeva le fiancate e il portellone del carretto, chi faceva <em>l\u2019armigghji<\/em> per il cavallo, con quali strumenti li facevano e che<br \/>\nmateriali adoperavano. Lo stesso discorso vale per lo <em>scarparo<\/em>, il <em>custurieri<\/em>, l\u2019<em>ippisaru<\/em>, il <em>milaru<\/em>, il <em>cunziruoto<\/em>, il <em>mastru re mura a siccu<\/em>, il <em>firraru<\/em>, il <em>vuttaru<\/em> o l\u2019<em>umbrillaru<\/em>. Cosa ne sappiamo della perizia del <em>mastru re mura a siccu<\/em> nello scegliere la pietra e tagliarla per inserirla in quel capolavoro che \u00e8 il <em>muru a siccu<\/em> cos\u00ec presente dalle nostre parti che assolve alla funzione di delimitare, la propriet\u00e0 e creare le <em>ciuse<\/em> dove gli animali non possono uscire se non attraverso il <em>varu<\/em> che il<br \/>\nmassaro di volta in volta <em>sbraca<\/em> e poi <em>ciuri<\/em>? E che dire degli antichi lavori di campagna che ormai non si fanno pi\u00f9 come <em>u pisari che cavaddi<\/em>, mietere <em>i saittuna<\/em>, <em>fari i scuparini<\/em>, o <em>i liami p\u2019anfasciari i regni<\/em>? Per questo \u00e8 necessario lasciare testimonianza di questo passato. Perch\u00e9 \u00e8 storia e questa serve alle nuove generazione per capire il presente.<\/p>\n<p><a href=\"https:\/\/youtu.be\/nBUOGUNntQI\" target=\"_blank\" rel=\"noopener noreferrer\">Il booktrailer<\/a><\/p>\n","protected":false},"featured_media":6353,"comment_status":"closed","ping_status":"closed","template":"","meta":[],"product_brand":[],"product_cat":[16,55],"product_tag":[],"class_list":{"0":"post-6352","1":"product","2":"type-product","3":"status-publish","4":"has-post-thumbnail","6":"product_cat-fabrica","7":"product_cat-giuseppe-tumino","9":"first","10":"instock","11":"shipping-taxable","12":"purchasable","13":"product-type-simple"},"_links":{"self":[{"href":"https:\/\/www.operaincertaeditore.it\/shop\/index.php\/wp-json\/wp\/v2\/product\/6352","targetHints":{"allow":["GET"]}}],"collection":[{"href":"https:\/\/www.operaincertaeditore.it\/shop\/index.php\/wp-json\/wp\/v2\/product"}],"about":[{"href":"https:\/\/www.operaincertaeditore.it\/shop\/index.php\/wp-json\/wp\/v2\/types\/product"}],"replies":[{"embeddable":true,"href":"https:\/\/www.operaincertaeditore.it\/shop\/index.php\/wp-json\/wp\/v2\/comments?post=6352"}],"wp:featuredmedia":[{"embeddable":true,"href":"https:\/\/www.operaincertaeditore.it\/shop\/index.php\/wp-json\/wp\/v2\/media\/6353"}],"wp:attachment":[{"href":"https:\/\/www.operaincertaeditore.it\/shop\/index.php\/wp-json\/wp\/v2\/media?parent=6352"}],"wp:term":[{"taxonomy":"product_brand","embeddable":true,"href":"https:\/\/www.operaincertaeditore.it\/shop\/index.php\/wp-json\/wp\/v2\/product_brand?post=6352"},{"taxonomy":"product_cat","embeddable":true,"href":"https:\/\/www.operaincertaeditore.it\/shop\/index.php\/wp-json\/wp\/v2\/product_cat?post=6352"},{"taxonomy":"product_tag","embeddable":true,"href":"https:\/\/www.operaincertaeditore.it\/shop\/index.php\/wp-json\/wp\/v2\/product_tag?post=6352"}],"curies":[{"name":"wp","href":"https:\/\/api.w.org\/{rel}","templated":true}]}}