{"id":2548,"date":"2019-11-13T09:24:41","date_gmt":"2019-11-13T08:24:41","guid":{"rendered":"https:\/\/www.operaincertaeditore.it\/shop\/?post_type=product&#038;p=2548"},"modified":"2019-11-13T09:32:22","modified_gmt":"2019-11-13T08:32:22","slug":"carlo-blangiforti-urlano-anche-i-topi-2a-edizione","status":"publish","type":"product","link":"https:\/\/www.operaincertaeditore.it\/shop\/index.php\/prodotto\/carlo-blangiforti-urlano-anche-i-topi-2a-edizione\/","title":{"rendered":"Carlo Blangiforti: Urlano anche i topi (2a edizione)"},"content":{"rendered":"<p><a href=\"https:\/\/www.operaincertaeditore.it\/shop\/?attachment_id=2553\" rel=\"attachment wp-att-2553\"><img loading=\"lazy\" decoding=\"async\" class=\"aligncenter size-full wp-image-2553\" src=\"https:\/\/www.operaincertaeditore.it\/shop\/wp-content\/uploads\/2019\/11\/blangi_topi2_anteprima.jpg\" alt=\"\" width=\"2000\" height=\"1425\" srcset=\"https:\/\/www.operaincertaeditore.it\/shop\/wp-content\/uploads\/2019\/11\/blangi_topi2_anteprima.jpg 2000w, https:\/\/www.operaincertaeditore.it\/shop\/wp-content\/uploads\/2019\/11\/blangi_topi2_anteprima-300x214.jpg 300w, https:\/\/www.operaincertaeditore.it\/shop\/wp-content\/uploads\/2019\/11\/blangi_topi2_anteprima-1024x730.jpg 1024w, https:\/\/www.operaincertaeditore.it\/shop\/wp-content\/uploads\/2019\/11\/blangi_topi2_anteprima-768x547.jpg 768w, https:\/\/www.operaincertaeditore.it\/shop\/wp-content\/uploads\/2019\/11\/blangi_topi2_anteprima-1536x1094.jpg 1536w, https:\/\/www.operaincertaeditore.it\/shop\/wp-content\/uploads\/2019\/11\/blangi_topi2_anteprima-600x428.jpg 600w\" sizes=\"auto, (max-width: 2000px) 100vw, 2000px\" \/><\/a><\/p>\n","protected":false},"excerpt":{"rendered":"<p>La dimensione siberiana nell&#8217;esperienza di \u010cechov<\/p>\n<p>Data di Pubblicazione: 2019<br \/>\nISBN: 978-88-32220-08-7<br \/>\nPagine: 394<\/p>\n<p>Una bruma spessa che si alza dai bassi fondali del canale di Tartaria, il profondo cupo della costa, la tetra rassegnazione dei deportati e la testardaggine d\u2019un medico che vuol svelare la violenza senza responsabili di un potere sedicente illuminato: ecco Ostrov Sachalin, L\u2019isola di Sachalin, di Anton Pavlovi\u010d \u010cechov. Un testo eccezionale le cui peculiarit\u00e0 risiedono nel suo autore, nel tema trattato e nel vergognoso silenzio in cui s\u2019\u00e8 permesso cadesse il capolavoro del drammaturgo di Taganrog. Lentamente ci siamo abituati all\u2019idea che la violenza, anche se di stato, \u00e8 inevitabile, che bisogna accettare un dignitoso compromesso tra la nostra libert\u00e0 e la nostra umanit\u00e0. Urlano anche i topi (i siberiani usano le parole in modo diverso rispetto ai russi) attraverso la disanima letteraria parla della disumanizzazione insita nella deportazione, la violenza delle istituzioni e il dovere alla resistenza al male. Si tratta di uno studio letterario che non pu\u00f2 dimenticare che l\u2019oggetto trattato \u00e8 fatto di carne e sangue. A ricordarcelo \u00e8 l\u2019ampio apparato iconografico: foto d\u2019epoca, alcune scattate dallo stesso \u010cechov, carte geografiche e altro. Un viaggio, per quanto atroce, \u00e8 pur sempre un viaggio. Nel viaggio, come nella lettura, si \u00e8 obbligati al cambiamento, anche a questo serve il testo di Blangiforti.<\/p>\n","protected":false},"featured_media":2554,"comment_status":"closed","ping_status":"closed","template":"","meta":[],"product_brand":[],"product_cat":[23,16],"product_tag":[],"class_list":{"0":"post-2548","1":"product","2":"type-product","3":"status-publish","4":"has-post-thumbnail","6":"product_cat-carlo-blangiforti","7":"product_cat-fabrica","9":"first","10":"instock","11":"shipping-taxable","12":"purchasable","13":"product-type-simple"},"_links":{"self":[{"href":"https:\/\/www.operaincertaeditore.it\/shop\/index.php\/wp-json\/wp\/v2\/product\/2548","targetHints":{"allow":["GET"]}}],"collection":[{"href":"https:\/\/www.operaincertaeditore.it\/shop\/index.php\/wp-json\/wp\/v2\/product"}],"about":[{"href":"https:\/\/www.operaincertaeditore.it\/shop\/index.php\/wp-json\/wp\/v2\/types\/product"}],"replies":[{"embeddable":true,"href":"https:\/\/www.operaincertaeditore.it\/shop\/index.php\/wp-json\/wp\/v2\/comments?post=2548"}],"wp:featuredmedia":[{"embeddable":true,"href":"https:\/\/www.operaincertaeditore.it\/shop\/index.php\/wp-json\/wp\/v2\/media\/2554"}],"wp:attachment":[{"href":"https:\/\/www.operaincertaeditore.it\/shop\/index.php\/wp-json\/wp\/v2\/media?parent=2548"}],"wp:term":[{"taxonomy":"product_brand","embeddable":true,"href":"https:\/\/www.operaincertaeditore.it\/shop\/index.php\/wp-json\/wp\/v2\/product_brand?post=2548"},{"taxonomy":"product_cat","embeddable":true,"href":"https:\/\/www.operaincertaeditore.it\/shop\/index.php\/wp-json\/wp\/v2\/product_cat?post=2548"},{"taxonomy":"product_tag","embeddable":true,"href":"https:\/\/www.operaincertaeditore.it\/shop\/index.php\/wp-json\/wp\/v2\/product_tag?post=2548"}],"curies":[{"name":"wp","href":"https:\/\/api.w.org\/{rel}","templated":true}]}}

<p>La dimensione siberiana nell&#8217;esperienza di Čechov</p>
<p>Data di Pubblicazione: 2019<br />
ISBN: 978-88-32220-08-7<br />
Pagine: 394</p>
<p>Una bruma spessa che si alza dai bassi fondali del canale di Tartaria, il profondo cupo della costa, la tetra rassegnazione dei deportati e la testardaggine d’un medico che vuol svelare la violenza senza responsabili di un potere sedicente illuminato: ecco Ostrov Sachalin, L’isola di Sachalin, di Anton Pavlovič Čechov. Un testo eccezionale le cui peculiarità risiedono nel suo autore, nel tema trattato e nel vergognoso silenzio in cui s’è permesso cadesse il capolavoro del drammaturgo di Taganrog. Lentamente ci siamo abituati all’idea che la violenza, anche se di stato, è inevitabile, che bisogna accettare un dignitoso compromesso tra la nostra libertà e la nostra umanità. Urlano anche i topi (i siberiani usano le parole in modo diverso rispetto ai russi) attraverso la disanima letteraria parla della disumanizzazione insita nella deportazione, la violenza delle istituzioni e il dovere alla resistenza al male. Si tratta di uno studio letterario che non può dimenticare che l’oggetto trattato è fatto di carne e sangue. A ricordarcelo è l’ampio apparato iconografico: foto d’epoca, alcune scattate dallo stesso Čechov, carte geografiche e altro. Un viaggio, per quanto atroce, è pur sempre un viaggio. Nel viaggio, come nella lettura, si è obbligati al cambiamento, anche a questo serve il testo di Blangiforti.</p>
