{"id":2109,"date":"2019-10-25T11:48:59","date_gmt":"2019-10-25T09:48:59","guid":{"rendered":"https:\/\/www.operaincertaeditore.it\/shop\/?post_type=product&#038;p=2109"},"modified":"2025-10-05T11:10:28","modified_gmt":"2025-10-05T09:10:28","slug":"angelo-aliquo-vita-di-milo","status":"publish","type":"product","link":"https:\/\/www.operaincertaeditore.it\/shop\/index.php\/prodotto\/angelo-aliquo-vita-di-milo\/","title":{"rendered":"Angelo Aliqu\u00f2: Vita di Milo"},"content":{"rendered":"<p><img loading=\"lazy\" decoding=\"async\" class=\"aligncenter size-full wp-image-2112\" src=\"https:\/\/www.operaincertaeditore.it\/shop\/wp-content\/uploads\/2019\/10\/aliquo_anteprima.jpg\" alt=\"\" width=\"2000\" height=\"1425\" srcset=\"https:\/\/www.operaincertaeditore.it\/shop\/wp-content\/uploads\/2019\/10\/aliquo_anteprima.jpg 2000w, https:\/\/www.operaincertaeditore.it\/shop\/wp-content\/uploads\/2019\/10\/aliquo_anteprima-300x214.jpg 300w, https:\/\/www.operaincertaeditore.it\/shop\/wp-content\/uploads\/2019\/10\/aliquo_anteprima-768x547.jpg 768w, https:\/\/www.operaincertaeditore.it\/shop\/wp-content\/uploads\/2019\/10\/aliquo_anteprima-1024x730.jpg 1024w, https:\/\/www.operaincertaeditore.it\/shop\/wp-content\/uploads\/2019\/10\/aliquo_anteprima-600x428.jpg 600w\" sizes=\"auto, (max-width: 2000px) 100vw, 2000px\" \/><\/p>\n","protected":false},"excerpt":{"rendered":"<p>Data di Pubblicazione: 12 novembre 2019<br \/>\nISBN: 978-88-32220-06-3<br \/>\nPagine: 150<\/p>\n<p>Il romanzo Vita di Milo attraversa i capitoli come un lungo fiume tranquillo, una vita che scorre tra le dita come le stesse pagine di questo agile volume. Impresa ardua quella dell\u2019Autore, riassumere nella sua prosa essenziale la vita di un uomo \u201cqualunque\u201d, quasi ordinario. Talvolta si ha l\u2019impressione che il protagonista non agisca, ma si limiti semplicemente ad accompagnare gli eventi, decide di volta in volta come fa una foglia in balia dell\u2019acqua, ora imprevedibile, ora assecondando le cose della vita. Il racconto \u00e8 punteggiato da grandi verit\u00e0, mai esposte didascalicamente, il pi\u00f9 delle volte lasciate intendere come se si trattasse di cose scontate. Ci vuole grande maestria narrativa per scrivere in questo modo, infatti Aliqu\u00f2, nel suo linguaggio spedito, lineare a tratti essenziale, non cade mai nel superficiale, la sua prosa \u00e8 leggera, leggera come dovrebbe essere tutto quello che in punta di piedi entra nell\u2019anima per restarvi per sempre.<\/p>\n<p><a href=\"https:\/\/www.operaincertaeditore.it\/bt\/bt_milo.mp4\" target=\"_blank\" rel=\"noopener noreferrer\">Il booktrailer<\/a><\/p>\n","protected":false},"featured_media":2110,"comment_status":"closed","ping_status":"closed","template":"","meta":[],"product_brand":[],"product_cat":[48,18],"product_tag":[],"class_list":{"0":"post-2109","1":"product","2":"type-product","3":"status-publish","4":"has-post-thumbnail","6":"product_cat-angelo-aliquo","7":"product_cat-fabula","9":"first","10":"outofstock","11":"shipping-taxable","12":"purchasable","13":"product-type-simple"},"_links":{"self":[{"href":"https:\/\/www.operaincertaeditore.it\/shop\/index.php\/wp-json\/wp\/v2\/product\/2109","targetHints":{"allow":["GET"]}}],"collection":[{"href":"https:\/\/www.operaincertaeditore.it\/shop\/index.php\/wp-json\/wp\/v2\/product"}],"about":[{"href":"https:\/\/www.operaincertaeditore.it\/shop\/index.php\/wp-json\/wp\/v2\/types\/product"}],"replies":[{"embeddable":true,"href":"https:\/\/www.operaincertaeditore.it\/shop\/index.php\/wp-json\/wp\/v2\/comments?post=2109"}],"wp:featuredmedia":[{"embeddable":true,"href":"https:\/\/www.operaincertaeditore.it\/shop\/index.php\/wp-json\/wp\/v2\/media\/2110"}],"wp:attachment":[{"href":"https:\/\/www.operaincertaeditore.it\/shop\/index.php\/wp-json\/wp\/v2\/media?parent=2109"}],"wp:term":[{"taxonomy":"product_brand","embeddable":true,"href":"https:\/\/www.operaincertaeditore.it\/shop\/index.php\/wp-json\/wp\/v2\/product_brand?post=2109"},{"taxonomy":"product_cat","embeddable":true,"href":"https:\/\/www.operaincertaeditore.it\/shop\/index.php\/wp-json\/wp\/v2\/product_cat?post=2109"},{"taxonomy":"product_tag","embeddable":true,"href":"https:\/\/www.operaincertaeditore.it\/shop\/index.php\/wp-json\/wp\/v2\/product_tag?post=2109"}],"curies":[{"name":"wp","href":"https:\/\/api.w.org\/{rel}","templated":true}]}}

Angelo Aliquò: Vita di Milo

<p>Data di Pubblicazione: 12 novembre 2019<br />
ISBN: 978-88-32220-06-3<br />
Pagine: 150</p>
<p>Il romanzo Vita di Milo attraversa i capitoli come un lungo fiume tranquillo, una vita che scorre tra le dita come le stesse pagine di questo agile volume. Impresa ardua quella dell’Autore, riassumere nella sua prosa essenziale la vita di un uomo “qualunque”, quasi ordinario. Talvolta si ha l’impressione che il protagonista non agisca, ma si limiti semplicemente ad accompagnare gli eventi, decide di volta in volta come fa una foglia in balia dell’acqua, ora imprevedibile, ora assecondando le cose della vita. Il racconto è punteggiato da grandi verità, mai esposte didascalicamente, il più delle volte lasciate intendere come se si trattasse di cose scontate. Ci vuole grande maestria narrativa per scrivere in questo modo, infatti Aliquò, nel suo linguaggio spedito, lineare a tratti essenziale, non cade mai nel superficiale, la sua prosa è leggera, leggera come dovrebbe essere tutto quello che in punta di piedi entra nell’anima per restarvi per sempre.</p>
<p><a href="https://www.operaincertaeditore.it/bt/bt_milo.mp4" target="_blank" rel="noopener noreferrer">Il booktrailer</a></p>
