{"id":2011,"date":"2019-10-21T20:52:44","date_gmt":"2019-10-21T18:52:44","guid":{"rendered":"https:\/\/www.operaincertaeditore.it\/shop\/?post_type=product&#038;p=2011"},"modified":"2019-10-25T11:49:45","modified_gmt":"2019-10-25T09:49:45","slug":"giovanni-bracchitta-metastasio-poliziottidazione","status":"publish","type":"product","link":"https:\/\/www.operaincertaeditore.it\/shop\/index.php\/prodotto\/giovanni-bracchitta-metastasio-poliziottidazione\/","title":{"rendered":"Giovanni Bracchitta Metastasio: Poliziotti d&#8217;azione"},"content":{"rendered":"<p><a href=\"https:\/\/www.operaincertaeditore.it\/shop\/?attachment_id=2021\" rel=\"attachment wp-att-2021\"><img loading=\"lazy\" decoding=\"async\" class=\"aligncenter size-full wp-image-2021\" src=\"https:\/\/www.operaincertaeditore.it\/shop\/wp-content\/uploads\/2019\/10\/bracchitta_anteprima.jpg\" alt=\"\" width=\"2000\" height=\"1425\" srcset=\"https:\/\/www.operaincertaeditore.it\/shop\/wp-content\/uploads\/2019\/10\/bracchitta_anteprima.jpg 2000w, https:\/\/www.operaincertaeditore.it\/shop\/wp-content\/uploads\/2019\/10\/bracchitta_anteprima-300x214.jpg 300w, https:\/\/www.operaincertaeditore.it\/shop\/wp-content\/uploads\/2019\/10\/bracchitta_anteprima-768x547.jpg 768w, https:\/\/www.operaincertaeditore.it\/shop\/wp-content\/uploads\/2019\/10\/bracchitta_anteprima-1024x730.jpg 1024w, https:\/\/www.operaincertaeditore.it\/shop\/wp-content\/uploads\/2019\/10\/bracchitta_anteprima-600x428.jpg 600w\" sizes=\"auto, (max-width: 2000px) 100vw, 2000px\" \/><\/a><\/p>\n","protected":false},"excerpt":{"rendered":"<p>Data di Pubblicazione: 21 ottobre 2019<br \/>\nISBN: 978-88-32220-05-6<br \/>\nPagine: 216<\/p>\n<p>La fulmineit\u00e0 d&#8217;intervento che permette al poliziotto d&#8217;azione di entrare dentro la scena del crimine mentre esso \u00e8 ancora in pieno svolgimento, la capacit\u00e0 di gestire con equilibrio e autocontrollo da funambolo i propri temperamenti e di cementare con i cittadini che si ispirano alla cultura della collaborazione con le forze dell&#8217;ordine rapporti di cortesia e di buona comunicazione sono, in questo saggio, credo sufficientemente divulgati.<\/p>\n<p>Crescita professionale e democratica, nel senso di una preparazione di spiccato livello specialistico, hanno collocato negli ultimi anni i poliziotti d&#8217;azione italiani nelle graduatorie di vertice tra tutte le polizie europee.<\/p>\n<p>&nbsp;<\/p>\n","protected":false},"featured_media":2012,"comment_status":"closed","ping_status":"closed","template":"","meta":[],"product_brand":[],"product_cat":[16,18,36],"product_tag":[],"class_list":{"0":"post-2011","1":"product","2":"type-product","3":"status-publish","4":"has-post-thumbnail","6":"product_cat-fabrica","7":"product_cat-fabula","8":"product_cat-giovanni-bracchitta-metastasio","10":"first","11":"instock","12":"shipping-taxable","13":"purchasable","14":"product-type-simple"},"_links":{"self":[{"href":"https:\/\/www.operaincertaeditore.it\/shop\/index.php\/wp-json\/wp\/v2\/product\/2011","targetHints":{"allow":["GET"]}}],"collection":[{"href":"https:\/\/www.operaincertaeditore.it\/shop\/index.php\/wp-json\/wp\/v2\/product"}],"about":[{"href":"https:\/\/www.operaincertaeditore.it\/shop\/index.php\/wp-json\/wp\/v2\/types\/product"}],"replies":[{"embeddable":true,"href":"https:\/\/www.operaincertaeditore.it\/shop\/index.php\/wp-json\/wp\/v2\/comments?post=2011"}],"wp:featuredmedia":[{"embeddable":true,"href":"https:\/\/www.operaincertaeditore.it\/shop\/index.php\/wp-json\/wp\/v2\/media\/2012"}],"wp:attachment":[{"href":"https:\/\/www.operaincertaeditore.it\/shop\/index.php\/wp-json\/wp\/v2\/media?parent=2011"}],"wp:term":[{"taxonomy":"product_brand","embeddable":true,"href":"https:\/\/www.operaincertaeditore.it\/shop\/index.php\/wp-json\/wp\/v2\/product_brand?post=2011"},{"taxonomy":"product_cat","embeddable":true,"href":"https:\/\/www.operaincertaeditore.it\/shop\/index.php\/wp-json\/wp\/v2\/product_cat?post=2011"},{"taxonomy":"product_tag","embeddable":true,"href":"https:\/\/www.operaincertaeditore.it\/shop\/index.php\/wp-json\/wp\/v2\/product_tag?post=2011"}],"curies":[{"name":"wp","href":"https:\/\/api.w.org\/{rel}","templated":true}]}}

<p>Data di Pubblicazione: 21 ottobre 2019<br />
ISBN: 978-88-32220-05-6<br />
Pagine: 216</p>
<p>La fulmineità d&#8217;intervento che permette al poliziotto d&#8217;azione di entrare dentro la scena del crimine mentre esso è ancora in pieno svolgimento, la capacità di gestire con equilibrio e autocontrollo da funambolo i propri temperamenti e di cementare con i cittadini che si ispirano alla cultura della collaborazione con le forze dell&#8217;ordine rapporti di cortesia e di buona comunicazione sono, in questo saggio, credo sufficientemente divulgati.</p>
<p>Crescita professionale e democratica, nel senso di una preparazione di spiccato livello specialistico, hanno collocato negli ultimi anni i poliziotti d&#8217;azione italiani nelle graduatorie di vertice tra tutte le polizie europee.</p>
<p>&nbsp;</p>
