{"id":191,"date":"2018-07-08T11:53:59","date_gmt":"2018-07-08T09:53:59","guid":{"rendered":"https:\/\/www.operaincertaeditore.it\/shop\/?post_type=product&#038;p=191"},"modified":"2018-11-02T17:33:36","modified_gmt":"2018-11-02T16:33:36","slug":"marinella-tumino-lurlo-del-danubio-2ed","status":"publish","type":"product","link":"https:\/\/www.operaincertaeditore.it\/shop\/index.php\/prodotto\/marinella-tumino-lurlo-del-danubio-2ed\/","title":{"rendered":"Marinella Tumino: L&#8217;Urlo del Danubio (2a edizione)"},"content":{"rendered":"<p><a href=\"https:\/\/www.operaincertaeditore.it\/shop\/?attachment_id=186\" target=\"_blank\" rel=\"attachment noopener wp-att-186\"><img loading=\"lazy\" decoding=\"async\" width=\"2000\" height=\"1438\" class=\"alignnone wp-image-186 size-full\" src=\"https:\/\/www.operaincertaeditore.it\/shop\/wp-content\/uploads\/2018\/06\/Marinella-Tumino-Lurlo-del-Danubio.jpg\" alt=\"\" srcset=\"https:\/\/www.operaincertaeditore.it\/shop\/wp-content\/uploads\/2018\/06\/Marinella-Tumino-Lurlo-del-Danubio.jpg 2000w, https:\/\/www.operaincertaeditore.it\/shop\/wp-content\/uploads\/2018\/06\/Marinella-Tumino-Lurlo-del-Danubio-300x216.jpg 300w, https:\/\/www.operaincertaeditore.it\/shop\/wp-content\/uploads\/2018\/06\/Marinella-Tumino-Lurlo-del-Danubio-768x552.jpg 768w, https:\/\/www.operaincertaeditore.it\/shop\/wp-content\/uploads\/2018\/06\/Marinella-Tumino-Lurlo-del-Danubio-1024x736.jpg 1024w, https:\/\/www.operaincertaeditore.it\/shop\/wp-content\/uploads\/2018\/06\/Marinella-Tumino-Lurlo-del-Danubio-600x431.jpg 600w\" sizes=\"auto, (max-width: 2000px) 100vw, 2000px\" \/><\/a><\/p>\n","protected":false},"excerpt":{"rendered":"<p>Data di Pubblicazione: 2018<br \/>\nISBN: 978-88-943464-3-5<br \/>\nPagine: 152<\/p>\n<p>&nbsp;<\/p>\n<p>Prefazione di Danilo Amione<\/p>\n<p>La memoria storica \u00e8 testimonianza del passato, insegna la fecondit\u00e0 del sacrificio e celebra il trionfo della spiritualit\u00e0. L\u2019urlo del Danubio ripercorre con un treno immaginario un viaggio interiore effettuato dall\u2019autrice nei luoghi della disumanit\u00e0: dal campo di Dachau all\u2019Alloggio segreto di Anne Frank e poi ancora dalla risiera di San Sabba a Trieste ai quartieri ebraici di Ferrara, Roma, Budapest. Ripercorrere i binari della memoria storica \u00e8 un modo per tenere vivo il ricordo di ci\u00f2 che \u00e8 stato ma soprattutto per far s\u00ec che simili tragedie non debbano accadere mai pi\u00f9. \u201cNe plus jamais!\u201d, come recita il severo monito che ora sovrasta il lager di Dachau e, idealmente, tutti i luoghi di sterminio e di offesa dell\u2019uomo.<\/p>\n<p><a href=\"http:\/\/www.operaincertaeditore.it\/bt\/bt_urlo_danubio.mp4\" target=\"_blank\" rel=\"noopener\">L&#8217;urlo del Danubio (book trailer)<\/a><\/p>\n","protected":false},"featured_media":192,"comment_status":"closed","ping_status":"closed","template":"","meta":[],"product_brand":[],"product_cat":[17,16,18,31],"product_tag":[],"class_list":{"0":"post-191","1":"product","2":"type-product","3":"status-publish","4":"has-post-thumbnail","6":"product_cat-carmina","7":"product_cat-fabrica","8":"product_cat-fabula","9":"product_cat-marinella-tumino","11":"first","12":"instock","13":"shipping-taxable","14":"purchasable","15":"product-type-simple"},"_links":{"self":[{"href":"https:\/\/www.operaincertaeditore.it\/shop\/index.php\/wp-json\/wp\/v2\/product\/191","targetHints":{"allow":["GET"]}}],"collection":[{"href":"https:\/\/www.operaincertaeditore.it\/shop\/index.php\/wp-json\/wp\/v2\/product"}],"about":[{"href":"https:\/\/www.operaincertaeditore.it\/shop\/index.php\/wp-json\/wp\/v2\/types\/product"}],"replies":[{"embeddable":true,"href":"https:\/\/www.operaincertaeditore.it\/shop\/index.php\/wp-json\/wp\/v2\/comments?post=191"}],"wp:featuredmedia":[{"embeddable":true,"href":"https:\/\/www.operaincertaeditore.it\/shop\/index.php\/wp-json\/wp\/v2\/media\/192"}],"wp:attachment":[{"href":"https:\/\/www.operaincertaeditore.it\/shop\/index.php\/wp-json\/wp\/v2\/media?parent=191"}],"wp:term":[{"taxonomy":"product_brand","embeddable":true,"href":"https:\/\/www.operaincertaeditore.it\/shop\/index.php\/wp-json\/wp\/v2\/product_brand?post=191"},{"taxonomy":"product_cat","embeddable":true,"href":"https:\/\/www.operaincertaeditore.it\/shop\/index.php\/wp-json\/wp\/v2\/product_cat?post=191"},{"taxonomy":"product_tag","embeddable":true,"href":"https:\/\/www.operaincertaeditore.it\/shop\/index.php\/wp-json\/wp\/v2\/product_tag?post=191"}],"curies":[{"name":"wp","href":"https:\/\/api.w.org\/{rel}","templated":true}]}}

<p>Data di Pubblicazione: 2018<br />
ISBN: 978-88-943464-3-5<br />
Pagine: 152</p>
<p>&nbsp;</p>
<p>Prefazione di Danilo Amione</p>
<p>La memoria storica è testimonianza del passato, insegna la fecondità del sacrificio e celebra il trionfo della spiritualità. L’urlo del Danubio ripercorre con un treno immaginario un viaggio interiore effettuato dall’autrice nei luoghi della disumanità: dal campo di Dachau all’Alloggio segreto di Anne Frank e poi ancora dalla risiera di San Sabba a Trieste ai quartieri ebraici di Ferrara, Roma, Budapest. Ripercorrere i binari della memoria storica è un modo per tenere vivo il ricordo di ciò che è stato ma soprattutto per far sì che simili tragedie non debbano accadere mai più. “Ne plus jamais!”, come recita il severo monito che ora sovrasta il lager di Dachau e, idealmente, tutti i luoghi di sterminio e di offesa dell’uomo.</p>
<p><a href="http://www.operaincertaeditore.it/bt/bt_urlo_danubio.mp4" target="_blank" rel="noopener">L&#8217;urlo del Danubio (book trailer)</a></p>
