{"id":16834,"date":"2024-12-12T16:22:57","date_gmt":"2024-12-12T15:22:57","guid":{"rendered":"https:\/\/www.operaincertaeditore.it\/shop\/?post_type=product&#038;p=16834"},"modified":"2026-03-11T03:24:46","modified_gmt":"2026-03-11T02:24:46","slug":"daniela-vaccaro-con-antonella-galuppi-io-e-nicoletta","status":"publish","type":"product","link":"https:\/\/www.operaincertaeditore.it\/shop\/index.php\/prodotto\/daniela-vaccaro-con-antonella-galuppi-io-e-nicoletta\/","title":{"rendered":"Daniela Vaccaro con Antonella Galuppi &#8211; Io e Nicoletta"},"content":{"rendered":"<p><a href=\"https:\/\/www.operaincertaeditore.it\/shop\/?attachment_id=16835\" rel=\"attachment wp-att-16835\"><img loading=\"lazy\" decoding=\"async\" class=\"alignleft size-full wp-image-16835\" src=\"https:\/\/www.operaincertaeditore.it\/shop\/wp-content\/uploads\/2024\/12\/nicoletta_anteprima.jpg\" alt=\"\" width=\"2000\" height=\"1425\" srcset=\"https:\/\/www.operaincertaeditore.it\/shop\/wp-content\/uploads\/2024\/12\/nicoletta_anteprima.jpg 2000w, https:\/\/www.operaincertaeditore.it\/shop\/wp-content\/uploads\/2024\/12\/nicoletta_anteprima-300x214.jpg 300w, https:\/\/www.operaincertaeditore.it\/shop\/wp-content\/uploads\/2024\/12\/nicoletta_anteprima-1024x730.jpg 1024w, https:\/\/www.operaincertaeditore.it\/shop\/wp-content\/uploads\/2024\/12\/nicoletta_anteprima-768x547.jpg 768w, https:\/\/www.operaincertaeditore.it\/shop\/wp-content\/uploads\/2024\/12\/nicoletta_anteprima-1536x1094.jpg 1536w, https:\/\/www.operaincertaeditore.it\/shop\/wp-content\/uploads\/2024\/12\/nicoletta_anteprima-600x428.jpg 600w, https:\/\/www.operaincertaeditore.it\/shop\/wp-content\/uploads\/2024\/12\/nicoletta_anteprima-126x90.jpg 126w, https:\/\/www.operaincertaeditore.it\/shop\/wp-content\/uploads\/2024\/12\/nicoletta_anteprima-84x60.jpg 84w\" sizes=\"auto, (max-width: 2000px) 100vw, 2000px\" \/><\/a><\/p>\n","protected":false},"excerpt":{"rendered":"<p>Data di Pubblicazione: dicembre 2024<br \/>\nISBN: 978-88-32220-85-8<br \/>\nPagine: 80<\/p>\n<p>Perch\u00e9 raccontare una storia cos\u00ec intima, privata, che ha per protagonista la propria figlia affetta da una disabilit\u00e0 importante? Di certo, non per suscitare piet\u00e0, tantomeno ammirazione. L\u2019idea nasce dalla voglia di mettere la propria esperienza a disposizione di tutti coloro che vivono la disabilit\u00e0 sotto vari fronti: genitori, fratelli, amici. Tanti genitori vivono con imbarazzo la condizione dei propri figli, al punto da relegarli in casa per evitare loro sofferenze inutili o per proteggere se stessi dalla societ\u00e0 che non \u00e8 ancora pronta ad accettarli. Una storia di vita raccontata senza tab\u00f9, con schiettezza e semplicit\u00e0, perch\u00e9 tocca tutti da vicino.<\/p>\n","protected":false},"featured_media":16836,"comment_status":"open","ping_status":"closed","template":"","meta":[],"product_brand":[],"product_cat":[60,18],"product_tag":[],"class_list":{"0":"post-16834","1":"product","2":"type-product","3":"status-publish","4":"has-post-thumbnail","6":"product_cat-antonella-galuppi","7":"product_cat-fabula","9":"first","10":"instock","11":"shipping-taxable","12":"purchasable","13":"product-type-simple"},"_links":{"self":[{"href":"https:\/\/www.operaincertaeditore.it\/shop\/index.php\/wp-json\/wp\/v2\/product\/16834","targetHints":{"allow":["GET"]}}],"collection":[{"href":"https:\/\/www.operaincertaeditore.it\/shop\/index.php\/wp-json\/wp\/v2\/product"}],"about":[{"href":"https:\/\/www.operaincertaeditore.it\/shop\/index.php\/wp-json\/wp\/v2\/types\/product"}],"replies":[{"embeddable":true,"href":"https:\/\/www.operaincertaeditore.it\/shop\/index.php\/wp-json\/wp\/v2\/comments?post=16834"}],"wp:featuredmedia":[{"embeddable":true,"href":"https:\/\/www.operaincertaeditore.it\/shop\/index.php\/wp-json\/wp\/v2\/media\/16836"}],"wp:attachment":[{"href":"https:\/\/www.operaincertaeditore.it\/shop\/index.php\/wp-json\/wp\/v2\/media?parent=16834"}],"wp:term":[{"taxonomy":"product_brand","embeddable":true,"href":"https:\/\/www.operaincertaeditore.it\/shop\/index.php\/wp-json\/wp\/v2\/product_brand?post=16834"},{"taxonomy":"product_cat","embeddable":true,"href":"https:\/\/www.operaincertaeditore.it\/shop\/index.php\/wp-json\/wp\/v2\/product_cat?post=16834"},{"taxonomy":"product_tag","embeddable":true,"href":"https:\/\/www.operaincertaeditore.it\/shop\/index.php\/wp-json\/wp\/v2\/product_tag?post=16834"}],"curies":[{"name":"wp","href":"https:\/\/api.w.org\/{rel}","templated":true}]}}

<p>Data di Pubblicazione: dicembre 2024<br />
ISBN: 978-88-32220-85-8<br />
Pagine: 80</p>
<p>Perché raccontare una storia così intima, privata, che ha per protagonista la propria figlia affetta da una disabilità importante? Di certo, non per suscitare pietà, tantomeno ammirazione. L’idea nasce dalla voglia di mettere la propria esperienza a disposizione di tutti coloro che vivono la disabilità sotto vari fronti: genitori, fratelli, amici. Tanti genitori vivono con imbarazzo la condizione dei propri figli, al punto da relegarli in casa per evitare loro sofferenze inutili o per proteggere se stessi dalla società che non è ancora pronta ad accettarli. Una storia di vita raccontata senza tabù, con schiettezza e semplicità, perché tocca tutti da vicino.</p>
