{"id":16783,"date":"2024-11-15T07:29:39","date_gmt":"2024-11-15T06:29:39","guid":{"rendered":"https:\/\/www.operaincertaeditore.it\/shop\/?post_type=product&#038;p=16783"},"modified":"2026-03-11T03:25:12","modified_gmt":"2026-03-11T02:25:12","slug":"ermelinda-simona-buccheri-mimi","status":"publish","type":"product","link":"https:\/\/www.operaincertaeditore.it\/shop\/index.php\/prodotto\/ermelinda-simona-buccheri-mimi\/","title":{"rendered":"Ermelinda Simona Buccheri &#8211; Mimi"},"content":{"rendered":"<p><a href=\"https:\/\/www.operaincertaeditore.it\/shop\/?attachment_id=16784\" rel=\"attachment wp-att-16784\"><img loading=\"lazy\" decoding=\"async\" class=\"alignleft size-full wp-image-16784\" src=\"https:\/\/www.operaincertaeditore.it\/shop\/wp-content\/uploads\/2024\/11\/mimi_anteprima.jpg\" alt=\"\" width=\"2000\" height=\"1425\" srcset=\"https:\/\/www.operaincertaeditore.it\/shop\/wp-content\/uploads\/2024\/11\/mimi_anteprima.jpg 2000w, https:\/\/www.operaincertaeditore.it\/shop\/wp-content\/uploads\/2024\/11\/mimi_anteprima-300x214.jpg 300w, https:\/\/www.operaincertaeditore.it\/shop\/wp-content\/uploads\/2024\/11\/mimi_anteprima-1024x730.jpg 1024w, https:\/\/www.operaincertaeditore.it\/shop\/wp-content\/uploads\/2024\/11\/mimi_anteprima-768x547.jpg 768w, https:\/\/www.operaincertaeditore.it\/shop\/wp-content\/uploads\/2024\/11\/mimi_anteprima-1536x1094.jpg 1536w, https:\/\/www.operaincertaeditore.it\/shop\/wp-content\/uploads\/2024\/11\/mimi_anteprima-600x428.jpg 600w, https:\/\/www.operaincertaeditore.it\/shop\/wp-content\/uploads\/2024\/11\/mimi_anteprima-126x90.jpg 126w, https:\/\/www.operaincertaeditore.it\/shop\/wp-content\/uploads\/2024\/11\/mimi_anteprima-84x60.jpg 84w\" sizes=\"auto, (max-width: 2000px) 100vw, 2000px\" \/><\/a><\/p>\n","protected":false},"excerpt":{"rendered":"<p>Data di Pubblicazione: novembre 2024<br \/>\nISBN: 978-88-32220-82-7<br \/>\nPagine: 82<\/p>\n<p>Mimi \u00e8 un gattino dotato di grande intraprendenza e candore. Una mattina di fine inverno, durante il consueto giro con la madre e i fratellini, accade qualcosa di imprevedibile che segner\u00e0 la sua giornata e la sua giovane vita. Attraverso la sua storia si pu\u00f2 scoprire il valore della resilienza, quel saper cogliere nonostante tutto il lato positivo delle vicende pi\u00f9 sgradevoli, quel saper trovare anche in mezzo alle difficolt\u00e0 delle vere e preziose amicizie. Nascono, infatti, lungo tutto il racconto legami basati sull\u2019empatia e sulla solidariet\u00e0, sull\u2019inclusione e sul coraggio. Atteggiamenti e sentimenti con cui ogni bambino\/adulto fa i conti giorno per giorno e su cui \u00e8 possibile riconoscersi per ampliare la propria capacit\u00e0 nel far fronte agli accadimenti molesti e spiacevoli della vita.<\/p>\n","protected":false},"featured_media":16785,"comment_status":"open","ping_status":"closed","template":"","meta":[],"product_brand":[],"product_cat":[101,83],"product_tag":[],"class_list":{"0":"post-16783","1":"product","2":"type-product","3":"status-publish","4":"has-post-thumbnail","6":"product_cat-ermelinda-simona-buccheri","7":"product_cat-iuvenilia","9":"first","10":"instock","11":"shipping-taxable","12":"purchasable","13":"product-type-simple"},"_links":{"self":[{"href":"https:\/\/www.operaincertaeditore.it\/shop\/index.php\/wp-json\/wp\/v2\/product\/16783","targetHints":{"allow":["GET"]}}],"collection":[{"href":"https:\/\/www.operaincertaeditore.it\/shop\/index.php\/wp-json\/wp\/v2\/product"}],"about":[{"href":"https:\/\/www.operaincertaeditore.it\/shop\/index.php\/wp-json\/wp\/v2\/types\/product"}],"replies":[{"embeddable":true,"href":"https:\/\/www.operaincertaeditore.it\/shop\/index.php\/wp-json\/wp\/v2\/comments?post=16783"}],"wp:featuredmedia":[{"embeddable":true,"href":"https:\/\/www.operaincertaeditore.it\/shop\/index.php\/wp-json\/wp\/v2\/media\/16785"}],"wp:attachment":[{"href":"https:\/\/www.operaincertaeditore.it\/shop\/index.php\/wp-json\/wp\/v2\/media?parent=16783"}],"wp:term":[{"taxonomy":"product_brand","embeddable":true,"href":"https:\/\/www.operaincertaeditore.it\/shop\/index.php\/wp-json\/wp\/v2\/product_brand?post=16783"},{"taxonomy":"product_cat","embeddable":true,"href":"https:\/\/www.operaincertaeditore.it\/shop\/index.php\/wp-json\/wp\/v2\/product_cat?post=16783"},{"taxonomy":"product_tag","embeddable":true,"href":"https:\/\/www.operaincertaeditore.it\/shop\/index.php\/wp-json\/wp\/v2\/product_tag?post=16783"}],"curies":[{"name":"wp","href":"https:\/\/api.w.org\/{rel}","templated":true}]}}

<p>Data di Pubblicazione: novembre 2024<br />
ISBN: 978-88-32220-82-7<br />
Pagine: 82</p>
<p>Mimi è un gattino dotato di grande intraprendenza e candore. Una mattina di fine inverno, durante il consueto giro con la madre e i fratellini, accade qualcosa di imprevedibile che segnerà la sua giornata e la sua giovane vita. Attraverso la sua storia si può scoprire il valore della resilienza, quel saper cogliere nonostante tutto il lato positivo delle vicende più sgradevoli, quel saper trovare anche in mezzo alle difficoltà delle vere e preziose amicizie. Nascono, infatti, lungo tutto il racconto legami basati sull’empatia e sulla solidarietà, sull’inclusione e sul coraggio. Atteggiamenti e sentimenti con cui ogni bambino/adulto fa i conti giorno per giorno e su cui è possibile riconoscersi per ampliare la propria capacità nel far fronte agli accadimenti molesti e spiacevoli della vita.</p>
