{"id":15417,"date":"2024-05-28T10:56:13","date_gmt":"2024-05-28T08:56:13","guid":{"rendered":"https:\/\/www.operaincertaeditore.it\/shop\/?post_type=product&#038;p=15417"},"modified":"2024-05-28T11:22:47","modified_gmt":"2024-05-28T09:22:47","slug":"nicola-colombo-cronache-di-ragazzi-di-strada","status":"publish","type":"product","link":"https:\/\/www.operaincertaeditore.it\/shop\/index.php\/prodotto\/nicola-colombo-cronache-di-ragazzi-di-strada\/","title":{"rendered":"Nicola Colombo &#8211; Cronache di ragazzi di strada"},"content":{"rendered":"<p><a href=\"https:\/\/www.operaincertaeditore.it\/shop\/?attachment_id=15419\" rel=\"attachment wp-att-15419\"><img loading=\"lazy\" decoding=\"async\" class=\"alignleft size-full wp-image-15419\" src=\"https:\/\/www.operaincertaeditore.it\/shop\/wp-content\/uploads\/2024\/05\/boca_anteprima.jpg\" alt=\"\" width=\"2000\" height=\"1425\" srcset=\"https:\/\/www.operaincertaeditore.it\/shop\/wp-content\/uploads\/2024\/05\/boca_anteprima.jpg 2000w, https:\/\/www.operaincertaeditore.it\/shop\/wp-content\/uploads\/2024\/05\/boca_anteprima-300x214.jpg 300w, https:\/\/www.operaincertaeditore.it\/shop\/wp-content\/uploads\/2024\/05\/boca_anteprima-1024x730.jpg 1024w, https:\/\/www.operaincertaeditore.it\/shop\/wp-content\/uploads\/2024\/05\/boca_anteprima-768x547.jpg 768w, https:\/\/www.operaincertaeditore.it\/shop\/wp-content\/uploads\/2024\/05\/boca_anteprima-1536x1094.jpg 1536w, https:\/\/www.operaincertaeditore.it\/shop\/wp-content\/uploads\/2024\/05\/boca_anteprima-600x428.jpg 600w, https:\/\/www.operaincertaeditore.it\/shop\/wp-content\/uploads\/2024\/05\/boca_anteprima-126x90.jpg 126w, https:\/\/www.operaincertaeditore.it\/shop\/wp-content\/uploads\/2024\/05\/boca_anteprima-84x60.jpg 84w\" sizes=\"auto, (max-width: 2000px) 100vw, 2000px\" \/><\/a><\/p>\n","protected":false},"excerpt":{"rendered":"<p>Data di Pubblicazione: maggio 2024<br \/>\nISBN: 978-88-32220-70-4<br \/>\nPagine: 462<\/p>\n<p>I protagonisti di Cronache di ragazzi di strada che vivono nella Buenos Aires tra il 1920 e il 1960 circa \u2013 H\u00e9ctor el L\u00e1piz, Obdulio Media palabra, Abdo el Zorro, Omar Pie r\u00e1pido e Junin Peque\u00f1a pulga \u2013 sono cinque adolescenti figli della seconda generazione di italiani sbarcati in Argentina. Le avversit\u00e0 che la vita ha riservato loro li ha spinti a vivere da ni\u00f1os de la calle, nel barrio porte\u00f1o de La Boca. Per tale ragione sono costretti ad arrangiarsi con piccoli furti e raggiri vari per garantirsi la pur minima, per quanto misera, esistenza inseguiti dal truce sargento primero Fernandez che li vuole segregare in reformatorio, se non pure farli marcire in carcere. Non tutti riusciranno, crescendo, a trovare nella societ\u00e0 e nelle istituzioni le occasioni di riscatto sociale e le opportunit\u00e0 auspicate, desiderate, sognate. L&#8217;opera si presenta come un affresco letterario tra il romanzo storico e il romanzo di appendice dove si susseguono i colpi di scena che vedono i protagonisti, e non solo loro, di volta in volta coinvolti in vicende che sanno tanto di periferia, emarginazione, ingiu stizia sociale, pure di amori e di passioni. Il lavoro letterario si legge, dunque, come una sorta di Les Mis\u00e9rables per la Buenos Aires segnata dalla crisi economica della D\u00e9cada Infame e dai vari golpe che segnano l\u2019Argentina dal profondo. E dove per\u00f2 la sete di giustizia sociale e di libert\u00e0, contro una giustizia spesso ingiusta, la strenua lotta per la sopravvivenza per gli ultimi della scala sociale, rimangono i capisaldi per\u00a0 l&#8217;auspicato riscatto dei reietti e degli offesi della storia.<\/p>\n","protected":false},"featured_media":15422,"comment_status":"closed","ping_status":"closed","template":"","meta":[],"product_brand":[],"product_cat":[18,53],"product_tag":[],"class_list":{"0":"post-15417","1":"product","2":"type-product","3":"status-publish","4":"has-post-thumbnail","6":"product_cat-fabula","7":"product_cat-nicola-colombo","9":"first","10":"instock","11":"shipping-taxable","12":"purchasable","13":"product-type-simple"},"_links":{"self":[{"href":"https:\/\/www.operaincertaeditore.it\/shop\/index.php\/wp-json\/wp\/v2\/product\/15417","targetHints":{"allow":["GET"]}}],"collection":[{"href":"https:\/\/www.operaincertaeditore.it\/shop\/index.php\/wp-json\/wp\/v2\/product"}],"about":[{"href":"https:\/\/www.operaincertaeditore.it\/shop\/index.php\/wp-json\/wp\/v2\/types\/product"}],"replies":[{"embeddable":true,"href":"https:\/\/www.operaincertaeditore.it\/shop\/index.php\/wp-json\/wp\/v2\/comments?post=15417"}],"wp:featuredmedia":[{"embeddable":true,"href":"https:\/\/www.operaincertaeditore.it\/shop\/index.php\/wp-json\/wp\/v2\/media\/15422"}],"wp:attachment":[{"href":"https:\/\/www.operaincertaeditore.it\/shop\/index.php\/wp-json\/wp\/v2\/media?parent=15417"}],"wp:term":[{"taxonomy":"product_brand","embeddable":true,"href":"https:\/\/www.operaincertaeditore.it\/shop\/index.php\/wp-json\/wp\/v2\/product_brand?post=15417"},{"taxonomy":"product_cat","embeddable":true,"href":"https:\/\/www.operaincertaeditore.it\/shop\/index.php\/wp-json\/wp\/v2\/product_cat?post=15417"},{"taxonomy":"product_tag","embeddable":true,"href":"https:\/\/www.operaincertaeditore.it\/shop\/index.php\/wp-json\/wp\/v2\/product_tag?post=15417"}],"curies":[{"name":"wp","href":"https:\/\/api.w.org\/{rel}","templated":true}]}}

<p>Data di Pubblicazione: maggio 2024<br />
ISBN: 978-88-32220-70-4<br />
Pagine: 462</p>
<p>I protagonisti di Cronache di ragazzi di strada che vivono nella Buenos Aires tra il 1920 e il 1960 circa – Héctor el Lápiz, Obdulio Media palabra, Abdo el Zorro, Omar Pie rápido e Junin Pequeña pulga – sono cinque adolescenti figli della seconda generazione di italiani sbarcati in Argentina. Le avversità che la vita ha riservato loro li ha spinti a vivere da niños de la calle, nel barrio porteño de La Boca. Per tale ragione sono costretti ad arrangiarsi con piccoli furti e raggiri vari per garantirsi la pur minima, per quanto misera, esistenza inseguiti dal truce sargento primero Fernandez che li vuole segregare in reformatorio, se non pure farli marcire in carcere. Non tutti riusciranno, crescendo, a trovare nella società e nelle istituzioni le occasioni di riscatto sociale e le opportunità auspicate, desiderate, sognate. L&#8217;opera si presenta come un affresco letterario tra il romanzo storico e il romanzo di appendice dove si susseguono i colpi di scena che vedono i protagonisti, e non solo loro, di volta in volta coinvolti in vicende che sanno tanto di periferia, emarginazione, ingiu stizia sociale, pure di amori e di passioni. Il lavoro letterario si legge, dunque, come una sorta di Les Misérables per la Buenos Aires segnata dalla crisi economica della Década Infame e dai vari golpe che segnano l’Argentina dal profondo. E dove però la sete di giustizia sociale e di libertà, contro una giustizia spesso ingiusta, la strenua lotta per la sopravvivenza per gli ultimi della scala sociale, rimangono i capisaldi per  l&#8217;auspicato riscatto dei reietti e degli offesi della storia.</p>
