{"id":14039,"date":"2024-02-28T17:50:12","date_gmt":"2024-02-28T16:50:12","guid":{"rendered":"https:\/\/www.operaincertaeditore.it\/shop\/?post_type=product&#038;p=14039"},"modified":"2024-02-28T17:53:50","modified_gmt":"2024-02-28T16:53:50","slug":"domenico-pisana-profili-di-tempo-e-danima","status":"publish","type":"product","link":"https:\/\/www.operaincertaeditore.it\/shop\/index.php\/prodotto\/domenico-pisana-profili-di-tempo-e-danima\/","title":{"rendered":"Domenico Pisana &#8211; Profili di tempo e d&#8217;anima"},"content":{"rendered":"<p><a href=\"https:\/\/www.operaincertaeditore.it\/shop\/?attachment_id=14040\" rel=\"attachment wp-att-14040\"><img loading=\"lazy\" decoding=\"async\" class=\"alignleft size-full wp-image-14040\" src=\"https:\/\/www.operaincertaeditore.it\/shop\/wp-content\/uploads\/2024\/02\/profili_anteprima.jpg\" alt=\"\" width=\"2000\" height=\"1425\" srcset=\"https:\/\/www.operaincertaeditore.it\/shop\/wp-content\/uploads\/2024\/02\/profili_anteprima.jpg 2000w, https:\/\/www.operaincertaeditore.it\/shop\/wp-content\/uploads\/2024\/02\/profili_anteprima-300x214.jpg 300w, https:\/\/www.operaincertaeditore.it\/shop\/wp-content\/uploads\/2024\/02\/profili_anteprima-1024x730.jpg 1024w, https:\/\/www.operaincertaeditore.it\/shop\/wp-content\/uploads\/2024\/02\/profili_anteprima-768x547.jpg 768w, https:\/\/www.operaincertaeditore.it\/shop\/wp-content\/uploads\/2024\/02\/profili_anteprima-1536x1094.jpg 1536w, https:\/\/www.operaincertaeditore.it\/shop\/wp-content\/uploads\/2024\/02\/profili_anteprima-600x428.jpg 600w, https:\/\/www.operaincertaeditore.it\/shop\/wp-content\/uploads\/2024\/02\/profili_anteprima-126x90.jpg 126w, https:\/\/www.operaincertaeditore.it\/shop\/wp-content\/uploads\/2024\/02\/profili_anteprima-84x60.jpg 84w\" sizes=\"auto, (max-width: 2000px) 100vw, 2000px\" \/><\/a><\/p>\n","protected":false},"excerpt":{"rendered":"<p>Data di Pubblicazione: marzo 2024<br \/>\nISBN: 978-88-32220-66-7<br \/>\nPagine: 136<\/p>\n<p>Il tempo e l&#8217;anima sono due concetti che sono stati affrontati da filosofi e studiosi per secoli. Non esiste una definizione univoca di nessuno dei due, ma \u00e8 possibile identificare alcuni profili comuni che si riconoscono e si definiscono nelle poesie della presente raccolta, ove si sente la presenza di certi personaggi che conversano con il poeta. C\u2019\u00e8 sempre \u201cio\u201d e \u201ctu\u201d, io che guardo e tu che mi conosci. Io sono il poeta, ma anche l\u2019uomo, tutta l\u2019umanit\u00e0. E tu sei Cristo, Dio, l\u2019Amato, la salvezza e la Speranza. Le voci della guerra e della pace si agitano e si dividono nella mente del poeta, creando un senso di confusione e smarrimento. Tuttavia, il poeta non si arrende alla disperazione e continua ad amare e sperare\u2026 La molteplicit\u00e0, la diversit\u00e0 e la ricchezza della poesia pisaniana riflettono fedelmente la molteplicit\u00e0 e la diversit\u00e0 della vita stessa. Il poeta stesso mostra capacit\u00e0 di abbinare il personale e l\u2019intimo al globale e all\u2019universale. Hussein Mahmoud<\/p>\n","protected":false},"featured_media":14044,"comment_status":"closed","ping_status":"closed","template":"","meta":[],"product_brand":[],"product_cat":[17,73],"product_tag":[],"class_list":{"0":"post-14039","1":"product","2":"type-product","3":"status-publish","4":"has-post-thumbnail","6":"product_cat-carmina","7":"product_cat-domenico-pisana","9":"first","10":"instock","11":"shipping-taxable","12":"purchasable","13":"product-type-simple"},"_links":{"self":[{"href":"https:\/\/www.operaincertaeditore.it\/shop\/index.php\/wp-json\/wp\/v2\/product\/14039","targetHints":{"allow":["GET"]}}],"collection":[{"href":"https:\/\/www.operaincertaeditore.it\/shop\/index.php\/wp-json\/wp\/v2\/product"}],"about":[{"href":"https:\/\/www.operaincertaeditore.it\/shop\/index.php\/wp-json\/wp\/v2\/types\/product"}],"replies":[{"embeddable":true,"href":"https:\/\/www.operaincertaeditore.it\/shop\/index.php\/wp-json\/wp\/v2\/comments?post=14039"}],"wp:featuredmedia":[{"embeddable":true,"href":"https:\/\/www.operaincertaeditore.it\/shop\/index.php\/wp-json\/wp\/v2\/media\/14044"}],"wp:attachment":[{"href":"https:\/\/www.operaincertaeditore.it\/shop\/index.php\/wp-json\/wp\/v2\/media?parent=14039"}],"wp:term":[{"taxonomy":"product_brand","embeddable":true,"href":"https:\/\/www.operaincertaeditore.it\/shop\/index.php\/wp-json\/wp\/v2\/product_brand?post=14039"},{"taxonomy":"product_cat","embeddable":true,"href":"https:\/\/www.operaincertaeditore.it\/shop\/index.php\/wp-json\/wp\/v2\/product_cat?post=14039"},{"taxonomy":"product_tag","embeddable":true,"href":"https:\/\/www.operaincertaeditore.it\/shop\/index.php\/wp-json\/wp\/v2\/product_tag?post=14039"}],"curies":[{"name":"wp","href":"https:\/\/api.w.org\/{rel}","templated":true}]}}

<p>Data di Pubblicazione: marzo 2024<br />
ISBN: 978-88-32220-66-7<br />
Pagine: 136</p>
<p>Il tempo e l&#8217;anima sono due concetti che sono stati affrontati da filosofi e studiosi per secoli. Non esiste una definizione univoca di nessuno dei due, ma è possibile identificare alcuni profili comuni che si riconoscono e si definiscono nelle poesie della presente raccolta, ove si sente la presenza di certi personaggi che conversano con il poeta. C’è sempre “io” e “tu”, io che guardo e tu che mi conosci. Io sono il poeta, ma anche l’uomo, tutta l’umanità. E tu sei Cristo, Dio, l’Amato, la salvezza e la Speranza. Le voci della guerra e della pace si agitano e si dividono nella mente del poeta, creando un senso di confusione e smarrimento. Tuttavia, il poeta non si arrende alla disperazione e continua ad amare e sperare… La molteplicità, la diversità e la ricchezza della poesia pisaniana riflettono fedelmente la molteplicità e la diversità della vita stessa. Il poeta stesso mostra capacità di abbinare il personale e l’intimo al globale e all’universale. Hussein Mahmoud</p>
