{"id":12674,"date":"2023-11-10T12:25:29","date_gmt":"2023-11-10T11:25:29","guid":{"rendered":"https:\/\/www.operaincertaeditore.it\/shop\/?post_type=product&#038;p=12674"},"modified":"2023-11-10T12:31:59","modified_gmt":"2023-11-10T11:31:59","slug":"angela-amato-incontri","status":"publish","type":"product","link":"https:\/\/www.operaincertaeditore.it\/shop\/index.php\/prodotto\/angela-amato-incontri\/","title":{"rendered":"Angela Amato &#8211; Incontri"},"content":{"rendered":"<p><a href=\"https:\/\/www.operaincertaeditore.it\/shop\/?attachment_id=12675\" rel=\"attachment wp-att-12675\"><img loading=\"lazy\" decoding=\"async\" class=\"alignleft size-full wp-image-12675\" src=\"https:\/\/www.operaincertaeditore.it\/shop\/wp-content\/uploads\/2023\/11\/incontri_anteprima.jpg\" alt=\"\" width=\"2000\" height=\"1425\" srcset=\"https:\/\/www.operaincertaeditore.it\/shop\/wp-content\/uploads\/2023\/11\/incontri_anteprima.jpg 2000w, https:\/\/www.operaincertaeditore.it\/shop\/wp-content\/uploads\/2023\/11\/incontri_anteprima-300x214.jpg 300w, https:\/\/www.operaincertaeditore.it\/shop\/wp-content\/uploads\/2023\/11\/incontri_anteprima-1024x730.jpg 1024w, https:\/\/www.operaincertaeditore.it\/shop\/wp-content\/uploads\/2023\/11\/incontri_anteprima-768x547.jpg 768w, https:\/\/www.operaincertaeditore.it\/shop\/wp-content\/uploads\/2023\/11\/incontri_anteprima-1536x1094.jpg 1536w, https:\/\/www.operaincertaeditore.it\/shop\/wp-content\/uploads\/2023\/11\/incontri_anteprima-600x428.jpg 600w, https:\/\/www.operaincertaeditore.it\/shop\/wp-content\/uploads\/2023\/11\/incontri_anteprima-126x90.jpg 126w, https:\/\/www.operaincertaeditore.it\/shop\/wp-content\/uploads\/2023\/11\/incontri_anteprima-84x60.jpg 84w\" sizes=\"auto, (max-width: 2000px) 100vw, 2000px\" \/><\/a><\/p>\n","protected":false},"excerpt":{"rendered":"<p>Data di Pubblicazione: novembre 2023<br \/>\nISBN 978-88-32220-61-2<br \/>\nPagine: 134<\/p>\n<p>\u201cL\u2019uomo \u00e8 un animale politico\u201d, siamo fatti per la relazione, cio\u00e8 per stabilire un legame, una relazione, un incontro con l\u2019altro. Tema pi\u00f9 che mai attuale in un\u2019epoca in cui le connessioni hanno sostituito le relazioni, dove con un click o con un\u2018emoticon si esprimono cordoglio e felicitazioni.\u00a0L\u2019autrice si interroga sul significato profondo del termine \u201cincontro\u201d, considerato come un aspetto importante della vita di ogni essere umano e lo fa attraverso una galleria di personaggi diversi ma accomunanti da una singolare esperienza di cui si scandagliano le conseguenze: l\u2019incontro con Ges\u00f9.\u00a0Il giovane Meir segue la sua vocazione. Pietro impara a fidarsi di Ges\u00f9 nel bel mezzo di una tempesta. Una concubina peccatrice incontra Ges\u00f9 da cui si sente accolta e amata senza essere giudicata. Il cieco dalla nascita, dopo il suo incontro con Ges\u00f9, vede per la prima volta il mondo che lo circonda. Una madre invoca la guarigione per la figlia ma \u00e8 lei ad essere guarita per prima, scoprendo la sua forza di madre e di donna.\u00a0Una giovane sposa ricorda il suo incontro con il Maestro. Un\u2019adultera, destinata alla lapidazione, dall\u2019incontro con Ges\u00f9 ha una seconda possibilit\u00e0. Un contadino lebbroso \u00e8 avvicinato dal Maestro che lo guarisce e gli permette di ritornare a casa.\u00a0Un pastore diffidente deve ricredersi dopo il suo incontro nella stalla di Betlemme. Il pubblicano Zaccheo ha l\u2019onore di ospitare a casa sua il Maestro. Sono tutti personaggi che grazie all\u2019Incontro con Ges\u00f9 hanno scoperto il senso della loro esistenza e trovato la loro strada, un percorso che ogni lettore pu\u00f2 compiere.<\/p>\n","protected":false},"featured_media":12676,"comment_status":"closed","ping_status":"closed","template":"","meta":[],"product_brand":[],"product_cat":[50,18],"product_tag":[],"class_list":{"0":"post-12674","1":"product","2":"type-product","3":"status-publish","4":"has-post-thumbnail","6":"product_cat-angela-amato","7":"product_cat-fabula","9":"first","10":"instock","11":"shipping-taxable","12":"purchasable","13":"product-type-simple"},"_links":{"self":[{"href":"https:\/\/www.operaincertaeditore.it\/shop\/index.php\/wp-json\/wp\/v2\/product\/12674","targetHints":{"allow":["GET"]}}],"collection":[{"href":"https:\/\/www.operaincertaeditore.it\/shop\/index.php\/wp-json\/wp\/v2\/product"}],"about":[{"href":"https:\/\/www.operaincertaeditore.it\/shop\/index.php\/wp-json\/wp\/v2\/types\/product"}],"replies":[{"embeddable":true,"href":"https:\/\/www.operaincertaeditore.it\/shop\/index.php\/wp-json\/wp\/v2\/comments?post=12674"}],"wp:featuredmedia":[{"embeddable":true,"href":"https:\/\/www.operaincertaeditore.it\/shop\/index.php\/wp-json\/wp\/v2\/media\/12676"}],"wp:attachment":[{"href":"https:\/\/www.operaincertaeditore.it\/shop\/index.php\/wp-json\/wp\/v2\/media?parent=12674"}],"wp:term":[{"taxonomy":"product_brand","embeddable":true,"href":"https:\/\/www.operaincertaeditore.it\/shop\/index.php\/wp-json\/wp\/v2\/product_brand?post=12674"},{"taxonomy":"product_cat","embeddable":true,"href":"https:\/\/www.operaincertaeditore.it\/shop\/index.php\/wp-json\/wp\/v2\/product_cat?post=12674"},{"taxonomy":"product_tag","embeddable":true,"href":"https:\/\/www.operaincertaeditore.it\/shop\/index.php\/wp-json\/wp\/v2\/product_tag?post=12674"}],"curies":[{"name":"wp","href":"https:\/\/api.w.org\/{rel}","templated":true}]}}

<p>Data di Pubblicazione: novembre 2023<br />
ISBN 978-88-32220-61-2<br />
Pagine: 134</p>
<p>“L’uomo è un animale politico”, siamo fatti per la relazione, cioè per stabilire un legame, una relazione, un incontro con l’altro. Tema più che mai attuale in un’epoca in cui le connessioni hanno sostituito le relazioni, dove con un click o con un‘emoticon si esprimono cordoglio e felicitazioni. L’autrice si interroga sul significato profondo del termine “incontro”, considerato come un aspetto importante della vita di ogni essere umano e lo fa attraverso una galleria di personaggi diversi ma accomunanti da una singolare esperienza di cui si scandagliano le conseguenze: l’incontro con Gesù. Il giovane Meir segue la sua vocazione. Pietro impara a fidarsi di Gesù nel bel mezzo di una tempesta. Una concubina peccatrice incontra Gesù da cui si sente accolta e amata senza essere giudicata. Il cieco dalla nascita, dopo il suo incontro con Gesù, vede per la prima volta il mondo che lo circonda. Una madre invoca la guarigione per la figlia ma è lei ad essere guarita per prima, scoprendo la sua forza di madre e di donna. Una giovane sposa ricorda il suo incontro con il Maestro. Un’adultera, destinata alla lapidazione, dall’incontro con Gesù ha una seconda possibilità. Un contadino lebbroso è avvicinato dal Maestro che lo guarisce e gli permette di ritornare a casa. Un pastore diffidente deve ricredersi dopo il suo incontro nella stalla di Betlemme. Il pubblicano Zaccheo ha l’onore di ospitare a casa sua il Maestro. Sono tutti personaggi che grazie all’Incontro con Gesù hanno scoperto il senso della loro esistenza e trovato la loro strada, un percorso che ogni lettore può compiere.</p>
