{"id":12119,"date":"2023-09-28T15:02:36","date_gmt":"2023-09-28T13:02:36","guid":{"rendered":"https:\/\/www.operaincertaeditore.it\/shop\/?post_type=product&#038;p=12119"},"modified":"2023-09-28T15:10:17","modified_gmt":"2023-09-28T13:10:17","slug":"anna-ferlito-amici-sotto-la-tempesta","status":"publish","type":"product","link":"https:\/\/www.operaincertaeditore.it\/shop\/index.php\/prodotto\/anna-ferlito-amici-sotto-la-tempesta\/","title":{"rendered":"Anna Ferlito &#8211; Amici sotto la tempesta"},"content":{"rendered":"<p><a href=\"https:\/\/www.operaincertaeditore.it\/shop\/?attachment_id=12120\" rel=\"attachment wp-att-12120\"><img loading=\"lazy\" decoding=\"async\" class=\"alignleft size-full wp-image-12120\" src=\"https:\/\/www.operaincertaeditore.it\/shop\/wp-content\/uploads\/2023\/09\/amici_anteprima.jpg\" alt=\"\" width=\"2000\" height=\"1425\" srcset=\"https:\/\/www.operaincertaeditore.it\/shop\/wp-content\/uploads\/2023\/09\/amici_anteprima.jpg 2000w, https:\/\/www.operaincertaeditore.it\/shop\/wp-content\/uploads\/2023\/09\/amici_anteprima-300x214.jpg 300w, https:\/\/www.operaincertaeditore.it\/shop\/wp-content\/uploads\/2023\/09\/amici_anteprima-1024x730.jpg 1024w, https:\/\/www.operaincertaeditore.it\/shop\/wp-content\/uploads\/2023\/09\/amici_anteprima-768x547.jpg 768w, https:\/\/www.operaincertaeditore.it\/shop\/wp-content\/uploads\/2023\/09\/amici_anteprima-1536x1094.jpg 1536w, https:\/\/www.operaincertaeditore.it\/shop\/wp-content\/uploads\/2023\/09\/amici_anteprima-600x428.jpg 600w, https:\/\/www.operaincertaeditore.it\/shop\/wp-content\/uploads\/2023\/09\/amici_anteprima-126x90.jpg 126w, https:\/\/www.operaincertaeditore.it\/shop\/wp-content\/uploads\/2023\/09\/amici_anteprima-84x60.jpg 84w\" sizes=\"auto, (max-width: 2000px) 100vw, 2000px\" \/><\/a><\/p>\n","protected":false},"excerpt":{"rendered":"<p>Data di Pubblicazione: settembre 2023<br \/>\nISBN 978-88-32220-58-2<br \/>\nPagine: 28<\/p>\n<p>Tartaruga e Scoiattolo vivono sotto lo stesso grande albero. Un giorno scoppi\u00f2 una burrasca. Scoiattolo si ripar\u00f2 dentro al tronco. Tartaruga invece rest\u00f2 sotto la pioggia. Allora Scoiattolo&#8230;<\/p>\n","protected":false},"featured_media":12121,"comment_status":"closed","ping_status":"closed","template":"","meta":[],"product_brand":[],"product_cat":[84,83],"product_tag":[],"class_list":{"0":"post-12119","1":"product","2":"type-product","3":"status-publish","4":"has-post-thumbnail","6":"product_cat-anna-ferlito","7":"product_cat-iuvenilia","9":"first","10":"instock","11":"shipping-taxable","12":"purchasable","13":"product-type-simple"},"_links":{"self":[{"href":"https:\/\/www.operaincertaeditore.it\/shop\/index.php\/wp-json\/wp\/v2\/product\/12119","targetHints":{"allow":["GET"]}}],"collection":[{"href":"https:\/\/www.operaincertaeditore.it\/shop\/index.php\/wp-json\/wp\/v2\/product"}],"about":[{"href":"https:\/\/www.operaincertaeditore.it\/shop\/index.php\/wp-json\/wp\/v2\/types\/product"}],"replies":[{"embeddable":true,"href":"https:\/\/www.operaincertaeditore.it\/shop\/index.php\/wp-json\/wp\/v2\/comments?post=12119"}],"wp:featuredmedia":[{"embeddable":true,"href":"https:\/\/www.operaincertaeditore.it\/shop\/index.php\/wp-json\/wp\/v2\/media\/12121"}],"wp:attachment":[{"href":"https:\/\/www.operaincertaeditore.it\/shop\/index.php\/wp-json\/wp\/v2\/media?parent=12119"}],"wp:term":[{"taxonomy":"product_brand","embeddable":true,"href":"https:\/\/www.operaincertaeditore.it\/shop\/index.php\/wp-json\/wp\/v2\/product_brand?post=12119"},{"taxonomy":"product_cat","embeddable":true,"href":"https:\/\/www.operaincertaeditore.it\/shop\/index.php\/wp-json\/wp\/v2\/product_cat?post=12119"},{"taxonomy":"product_tag","embeddable":true,"href":"https:\/\/www.operaincertaeditore.it\/shop\/index.php\/wp-json\/wp\/v2\/product_tag?post=12119"}],"curies":[{"name":"wp","href":"https:\/\/api.w.org\/{rel}","templated":true}]}}

<p>Data di Pubblicazione: settembre 2023<br />
ISBN 978-88-32220-58-2<br />
Pagine: 28</p>
<p>Tartaruga e Scoiattolo vivono sotto lo stesso grande albero. Un giorno scoppiò una burrasca. Scoiattolo si riparò dentro al tronco. Tartaruga invece restò sotto la pioggia. Allora Scoiattolo&#8230;</p>
