{"id":11763,"date":"2023-07-26T17:52:40","date_gmt":"2023-07-26T15:52:40","guid":{"rendered":"https:\/\/www.operaincertaeditore.it\/shop\/?post_type=product&#038;p=11763"},"modified":"2023-08-05T09:38:49","modified_gmt":"2023-08-05T07:38:49","slug":"ciccio-schembari-il-pensiero-adulto","status":"publish","type":"product","link":"https:\/\/www.operaincertaeditore.it\/shop\/index.php\/prodotto\/ciccio-schembari-il-pensiero-adulto\/","title":{"rendered":"Ciccio Schembari &#8211; Il pensiero adulto"},"content":{"rendered":"<p><a href=\"https:\/\/www.operaincertaeditore.it\/shop\/?attachment_id=11806\" rel=\"attachment wp-att-11806\"><img loading=\"lazy\" decoding=\"async\" class=\"alignleft size-full wp-image-11806\" src=\"https:\/\/www.operaincertaeditore.it\/shop\/wp-content\/uploads\/2023\/07\/pensiero_anteprima.jpg\" alt=\"\" width=\"2000\" height=\"1425\" srcset=\"https:\/\/www.operaincertaeditore.it\/shop\/wp-content\/uploads\/2023\/07\/pensiero_anteprima.jpg 2000w, https:\/\/www.operaincertaeditore.it\/shop\/wp-content\/uploads\/2023\/07\/pensiero_anteprima-300x214.jpg 300w, https:\/\/www.operaincertaeditore.it\/shop\/wp-content\/uploads\/2023\/07\/pensiero_anteprima-1024x730.jpg 1024w, https:\/\/www.operaincertaeditore.it\/shop\/wp-content\/uploads\/2023\/07\/pensiero_anteprima-768x547.jpg 768w, https:\/\/www.operaincertaeditore.it\/shop\/wp-content\/uploads\/2023\/07\/pensiero_anteprima-1536x1094.jpg 1536w, https:\/\/www.operaincertaeditore.it\/shop\/wp-content\/uploads\/2023\/07\/pensiero_anteprima-600x428.jpg 600w, https:\/\/www.operaincertaeditore.it\/shop\/wp-content\/uploads\/2023\/07\/pensiero_anteprima-126x90.jpg 126w, https:\/\/www.operaincertaeditore.it\/shop\/wp-content\/uploads\/2023\/07\/pensiero_anteprima-84x60.jpg 84w\" sizes=\"auto, (max-width: 2000px) 100vw, 2000px\" \/><\/a><\/p>\n","protected":false},"excerpt":{"rendered":"<p>Data di Pubblicazione: agosto 2023<br \/>\nISBN 978-88-32220-57-5<br \/>\nPagine: 252<\/p>\n<p>Arrivato alla \u201cet\u00e0 adulta\u201d, l&#8217;Autore ha sentito la necessit\u00e0, per sua stessa ammissione, di dipanare un corrispondente \u201cpensiero adulto\u201d che tenga conto di quanto l&#8217;esperienza, gli studi, le riflessioni, l&#8217;attivit\u00e0 politica, l&#8217;osservazione diretta gli ha permesso di accumulare. Lo fa con passione, spesso con sdegno o con scoperta irritazione, non lesinando all&#8217;occorrenza i \u201cche palle!\u201d o i \u201ccose da pazzi!\u201d verso vuoti clich\u00e9. Partendo dal dato storico e culturale, mescolato a quello autobiografico, Schembari ripercorre nodi e snodi del passato e del presente denunciando le cancrene che da millenni atrofizzano il nostro vivere sociale con spaventosi e insensati eccessi di crudelt\u00e0, violenza, aggressioni, sottomissioni, disparit\u00e0. Da irriducibile quale si presenta, prova ad andare alla radice delle questioni fondamentali e affronta temi enormi come la figura del tiranno dall&#8217;antichit\u00e0 a oggi, i concetti di libert\u00e0 uguaglianza fraternit\u00e0 e le loro deturpazioni, la responsabilit\u00e0 della Storia, la complessit\u00e0, la bellezza della vita (\u201cmorire o rinnegare se stessi?\u201d si chiede attraverso l&#8217;Alcesti e altri esempi contemporanei), la felicit\u00e0 (da Omero a Leopardi), il lavoro, lo scadimento del mito nel divismo, il rapporto mafia-politica, l&#8217;onest\u00e0, la crisi della Sinistra. Si prova rispetto per quest&#8217;opera cos\u00ec animata da folle ragionevolezza, per questo tentativo avventato di richiamare a un \u201cpensiero adulto\u201d non solo l&#8217;oscuro mondo occidentale nel quale ci troviamo a vivere, ma l\u2019umanit\u00e0 intera. Sono pagine che si leggono con innegabile adesione, per la scrittura chiara, calda, diretta, senza sconti per nessuno e tanto meno per l&#8217;Autore stesso.<\/p>\n","protected":false},"featured_media":11807,"comment_status":"closed","ping_status":"closed","template":"","meta":[],"product_brand":[],"product_cat":[82,16],"product_tag":[],"class_list":{"0":"post-11763","1":"product","2":"type-product","3":"status-publish","4":"has-post-thumbnail","6":"product_cat-ciccio-schembari","7":"product_cat-fabrica","9":"first","10":"instock","11":"shipping-taxable","12":"purchasable","13":"product-type-simple"},"_links":{"self":[{"href":"https:\/\/www.operaincertaeditore.it\/shop\/index.php\/wp-json\/wp\/v2\/product\/11763","targetHints":{"allow":["GET"]}}],"collection":[{"href":"https:\/\/www.operaincertaeditore.it\/shop\/index.php\/wp-json\/wp\/v2\/product"}],"about":[{"href":"https:\/\/www.operaincertaeditore.it\/shop\/index.php\/wp-json\/wp\/v2\/types\/product"}],"replies":[{"embeddable":true,"href":"https:\/\/www.operaincertaeditore.it\/shop\/index.php\/wp-json\/wp\/v2\/comments?post=11763"}],"wp:featuredmedia":[{"embeddable":true,"href":"https:\/\/www.operaincertaeditore.it\/shop\/index.php\/wp-json\/wp\/v2\/media\/11807"}],"wp:attachment":[{"href":"https:\/\/www.operaincertaeditore.it\/shop\/index.php\/wp-json\/wp\/v2\/media?parent=11763"}],"wp:term":[{"taxonomy":"product_brand","embeddable":true,"href":"https:\/\/www.operaincertaeditore.it\/shop\/index.php\/wp-json\/wp\/v2\/product_brand?post=11763"},{"taxonomy":"product_cat","embeddable":true,"href":"https:\/\/www.operaincertaeditore.it\/shop\/index.php\/wp-json\/wp\/v2\/product_cat?post=11763"},{"taxonomy":"product_tag","embeddable":true,"href":"https:\/\/www.operaincertaeditore.it\/shop\/index.php\/wp-json\/wp\/v2\/product_tag?post=11763"}],"curies":[{"name":"wp","href":"https:\/\/api.w.org\/{rel}","templated":true}]}}

<p>Data di Pubblicazione: agosto 2023<br />
ISBN 978-88-32220-57-5<br />
Pagine: 252</p>
<p>Arrivato alla “età adulta”, l&#8217;Autore ha sentito la necessità, per sua stessa ammissione, di dipanare un corrispondente “pensiero adulto” che tenga conto di quanto l&#8217;esperienza, gli studi, le riflessioni, l&#8217;attività politica, l&#8217;osservazione diretta gli ha permesso di accumulare. Lo fa con passione, spesso con sdegno o con scoperta irritazione, non lesinando all&#8217;occorrenza i “che palle!” o i “cose da pazzi!” verso vuoti cliché. Partendo dal dato storico e culturale, mescolato a quello autobiografico, Schembari ripercorre nodi e snodi del passato e del presente denunciando le cancrene che da millenni atrofizzano il nostro vivere sociale con spaventosi e insensati eccessi di crudeltà, violenza, aggressioni, sottomissioni, disparità. Da irriducibile quale si presenta, prova ad andare alla radice delle questioni fondamentali e affronta temi enormi come la figura del tiranno dall&#8217;antichità a oggi, i concetti di libertà uguaglianza fraternità e le loro deturpazioni, la responsabilità della Storia, la complessità, la bellezza della vita (“morire o rinnegare se stessi?” si chiede attraverso l&#8217;Alcesti e altri esempi contemporanei), la felicità (da Omero a Leopardi), il lavoro, lo scadimento del mito nel divismo, il rapporto mafia-politica, l&#8217;onestà, la crisi della Sinistra. Si prova rispetto per quest&#8217;opera così animata da folle ragionevolezza, per questo tentativo avventato di richiamare a un “pensiero adulto” non solo l&#8217;oscuro mondo occidentale nel quale ci troviamo a vivere, ma l’umanità intera. Sono pagine che si leggono con innegabile adesione, per la scrittura chiara, calda, diretta, senza sconti per nessuno e tanto meno per l&#8217;Autore stesso.</p>
