{"id":11385,"date":"2023-07-01T11:19:18","date_gmt":"2023-07-01T09:19:18","guid":{"rendered":"https:\/\/www.operaincertaeditore.it\/shop\/?post_type=product&#038;p=11385"},"modified":"2024-03-22T12:56:45","modified_gmt":"2024-03-22T11:56:45","slug":"meno-occhipinti-interviste","status":"publish","type":"product","link":"https:\/\/www.operaincertaeditore.it\/shop\/index.php\/prodotto\/meno-occhipinti-interviste\/","title":{"rendered":"Meno Occhipinti &#8211; Interviste"},"content":{"rendered":"<p><a href=\"https:\/\/www.operaincertaeditore.it\/shop\/?attachment_id=11387\" rel=\"attachment wp-att-11387\"><img loading=\"lazy\" decoding=\"async\" class=\"alignleft size-full wp-image-11387\" src=\"https:\/\/www.operaincertaeditore.it\/shop\/wp-content\/uploads\/2023\/07\/interviste_anteprima.jpg\" alt=\"\" width=\"2000\" height=\"1425\" srcset=\"https:\/\/www.operaincertaeditore.it\/shop\/wp-content\/uploads\/2023\/07\/interviste_anteprima.jpg 2000w, https:\/\/www.operaincertaeditore.it\/shop\/wp-content\/uploads\/2023\/07\/interviste_anteprima-300x214.jpg 300w, https:\/\/www.operaincertaeditore.it\/shop\/wp-content\/uploads\/2023\/07\/interviste_anteprima-1024x730.jpg 1024w, https:\/\/www.operaincertaeditore.it\/shop\/wp-content\/uploads\/2023\/07\/interviste_anteprima-768x547.jpg 768w, https:\/\/www.operaincertaeditore.it\/shop\/wp-content\/uploads\/2023\/07\/interviste_anteprima-1536x1094.jpg 1536w, https:\/\/www.operaincertaeditore.it\/shop\/wp-content\/uploads\/2023\/07\/interviste_anteprima-600x428.jpg 600w\" sizes=\"auto, (max-width: 2000px) 100vw, 2000px\" \/><\/a><\/p>\n","protected":false},"excerpt":{"rendered":"<p>Data di Pubblicazione: luglio 2023<br \/>\nISBN 978-88-32220-55-1<br \/>\nPagine: 128<\/p>\n<p>Era l\u2019estate del 1975 e, come ogni anno, con la mia famiglia passavamo le vacanze scolastiche nella nostra casa di campagna. In quel periodo, alla radio trasmettevano un programma che passava canzoni \u201cnuove\u201d. Quelli erano gli anni dei cantautori e io mi ero talmente fatto prendere da quell\u2019onda che avevo imparato a suonare la chitarra e avevo provato anch\u2019io a scrivere delle canzoni, prendendo la decisione che \u201cda grande\u201d avrei fatto il cantautore. In effetti ci ho anche provato. Ma le mie canzoni non erano granch\u00e9 e io ero piuttosto scarso come cantante. Cos\u00ec ho capito che quello non poteva essere il mio futuro. Ma quel mondo mi piaceva, mi attirava. Cos\u00ec appena ne avevo l\u2019occasione, andavo ad intervistare tutti gli artisti che mi capitavano a tiro di microfono, grazie ai tanti concerti e spettacoli che nei primi anni duemila passavano dalla nostra provincia e ai festival che ho avuto modo di seguire in giro per l\u2019Europa. Adesso, rileggendole, mi sono anche reso conto che per certi versi sono ancora attuali e ho pensato che alcune di quelle che avevo raccolto nel periodo che va dal 2003 al 2022 possono essere ancora interessanti per qualcuno che non sia mio figlio, mia sorella, o i miei amici pi\u00f9 cari.<\/p>\n<p>INTERVISTE A:<br \/>\nFranco Trincale<br \/>\nOtello Profazio<br \/>\nStefano \u201cCisco\u201d Bellotti (Modena City Ramblers)<br \/>\nFrancesco Di Giacomo (Banco del Mutuo Soccorso)<br \/>\nClaudio Lolli<br \/>\nNabil Salameh (Radiodervish)<br \/>\nEnrico Erriquez Greppi (Bandabard\u00f2)<br \/>\nCapodicasa, Gazz\u00e8, Analfino, Hendel<br \/>\nAlfio Antico<br \/>\nPippo Pattavina e Tuccio Musumeci<br \/>\nMarcello Perracchio<br \/>\nFrancesco Paolantoni<br \/>\nValentino Bianchi e Luisa Cottifogli (Quintorigo)<br \/>\nMaddalena Crippa<br \/>\nPauline Croze<br \/>\nAgn\u00e8s Bihl<br \/>\nMarilena Licitra (figlia di Maria Occhipinti)<br \/>\nRoberto Fuzio (Lautari)<br \/>\nVladimir Luxuria<br \/>\nCesaria Evora<br \/>\nEugenio Bennato<br \/>\nL\u2019Aura<br \/>\nGiovanni Impastato<br \/>\nMoussa Sidibe (Orchestra Baobab)<\/p>\n","protected":false},"featured_media":11388,"comment_status":"closed","ping_status":"closed","template":"","meta":[],"product_brand":[],"product_cat":[90,29],"product_tag":[],"class_list":{"0":"post-11385","1":"product","2":"type-product","3":"status-publish","4":"has-post-thumbnail","6":"product_cat-ludus","7":"product_cat-meno-occhipinti","9":"first","10":"instock","11":"shipping-taxable","12":"purchasable","13":"product-type-simple"},"_links":{"self":[{"href":"https:\/\/www.operaincertaeditore.it\/shop\/index.php\/wp-json\/wp\/v2\/product\/11385","targetHints":{"allow":["GET"]}}],"collection":[{"href":"https:\/\/www.operaincertaeditore.it\/shop\/index.php\/wp-json\/wp\/v2\/product"}],"about":[{"href":"https:\/\/www.operaincertaeditore.it\/shop\/index.php\/wp-json\/wp\/v2\/types\/product"}],"replies":[{"embeddable":true,"href":"https:\/\/www.operaincertaeditore.it\/shop\/index.php\/wp-json\/wp\/v2\/comments?post=11385"}],"wp:featuredmedia":[{"embeddable":true,"href":"https:\/\/www.operaincertaeditore.it\/shop\/index.php\/wp-json\/wp\/v2\/media\/11388"}],"wp:attachment":[{"href":"https:\/\/www.operaincertaeditore.it\/shop\/index.php\/wp-json\/wp\/v2\/media?parent=11385"}],"wp:term":[{"taxonomy":"product_brand","embeddable":true,"href":"https:\/\/www.operaincertaeditore.it\/shop\/index.php\/wp-json\/wp\/v2\/product_brand?post=11385"},{"taxonomy":"product_cat","embeddable":true,"href":"https:\/\/www.operaincertaeditore.it\/shop\/index.php\/wp-json\/wp\/v2\/product_cat?post=11385"},{"taxonomy":"product_tag","embeddable":true,"href":"https:\/\/www.operaincertaeditore.it\/shop\/index.php\/wp-json\/wp\/v2\/product_tag?post=11385"}],"curies":[{"name":"wp","href":"https:\/\/api.w.org\/{rel}","templated":true}]}}

<p>Data di Pubblicazione: luglio 2023<br />
ISBN 978-88-32220-55-1<br />
Pagine: 128</p>
<p>Era l’estate del 1975 e, come ogni anno, con la mia famiglia passavamo le vacanze scolastiche nella nostra casa di campagna. In quel periodo, alla radio trasmettevano un programma che passava canzoni “nuove”. Quelli erano gli anni dei cantautori e io mi ero talmente fatto prendere da quell’onda che avevo imparato a suonare la chitarra e avevo provato anch’io a scrivere delle canzoni, prendendo la decisione che “da grande” avrei fatto il cantautore. In effetti ci ho anche provato. Ma le mie canzoni non erano granché e io ero piuttosto scarso come cantante. Così ho capito che quello non poteva essere il mio futuro. Ma quel mondo mi piaceva, mi attirava. Così appena ne avevo l’occasione, andavo ad intervistare tutti gli artisti che mi capitavano a tiro di microfono, grazie ai tanti concerti e spettacoli che nei primi anni duemila passavano dalla nostra provincia e ai festival che ho avuto modo di seguire in giro per l’Europa. Adesso, rileggendole, mi sono anche reso conto che per certi versi sono ancora attuali e ho pensato che alcune di quelle che avevo raccolto nel periodo che va dal 2003 al 2022 possono essere ancora interessanti per qualcuno che non sia mio figlio, mia sorella, o i miei amici più cari.</p>
<p>INTERVISTE A:<br />
Franco Trincale<br />
Otello Profazio<br />
Stefano “Cisco” Bellotti (Modena City Ramblers)<br />
Francesco Di Giacomo (Banco del Mutuo Soccorso)<br />
Claudio Lolli<br />
Nabil Salameh (Radiodervish)<br />
Enrico Erriquez Greppi (Bandabardò)<br />
Capodicasa, Gazzè, Analfino, Hendel<br />
Alfio Antico<br />
Pippo Pattavina e Tuccio Musumeci<br />
Marcello Perracchio<br />
Francesco Paolantoni<br />
Valentino Bianchi e Luisa Cottifogli (Quintorigo)<br />
Maddalena Crippa<br />
Pauline Croze<br />
Agnès Bihl<br />
Marilena Licitra (figlia di Maria Occhipinti)<br />
Roberto Fuzio (Lautari)<br />
Vladimir Luxuria<br />
Cesaria Evora<br />
Eugenio Bennato<br />
L’Aura<br />
Giovanni Impastato<br />
Moussa Sidibe (Orchestra Baobab)</p>
