{"id":11096,"date":"2023-06-08T14:42:39","date_gmt":"2023-06-08T12:42:39","guid":{"rendered":"https:\/\/www.operaincertaeditore.it\/shop\/?post_type=product&#038;p=11096"},"modified":"2023-06-08T14:49:39","modified_gmt":"2023-06-08T12:49:39","slug":"guglielmo-tasca-malacarni","status":"publish","type":"product","link":"https:\/\/www.operaincertaeditore.it\/shop\/index.php\/prodotto\/guglielmo-tasca-malacarni\/","title":{"rendered":"Guglielmo Tasca &#8211; Malacarni"},"content":{"rendered":"<p><a href=\"https:\/\/www.operaincertaeditore.it\/shop\/?attachment_id=11098\" rel=\"attachment wp-att-11098\"><img loading=\"lazy\" decoding=\"async\" class=\"alignright size-full wp-image-11098\" src=\"https:\/\/www.operaincertaeditore.it\/shop\/wp-content\/uploads\/2023\/06\/malacarni_anteprima.jpg\" alt=\"\" width=\"2000\" height=\"1425\" srcset=\"https:\/\/www.operaincertaeditore.it\/shop\/wp-content\/uploads\/2023\/06\/malacarni_anteprima.jpg 2000w, https:\/\/www.operaincertaeditore.it\/shop\/wp-content\/uploads\/2023\/06\/malacarni_anteprima-300x214.jpg 300w, https:\/\/www.operaincertaeditore.it\/shop\/wp-content\/uploads\/2023\/06\/malacarni_anteprima-1024x730.jpg 1024w, https:\/\/www.operaincertaeditore.it\/shop\/wp-content\/uploads\/2023\/06\/malacarni_anteprima-768x547.jpg 768w, https:\/\/www.operaincertaeditore.it\/shop\/wp-content\/uploads\/2023\/06\/malacarni_anteprima-1536x1094.jpg 1536w, https:\/\/www.operaincertaeditore.it\/shop\/wp-content\/uploads\/2023\/06\/malacarni_anteprima-600x428.jpg 600w\" sizes=\"auto, (max-width: 2000px) 100vw, 2000px\" \/><\/a><\/p>\n","protected":false},"excerpt":{"rendered":"<p>Data di Pubblicazione: giugno 2023<br \/>\nISBN 978-88-32220-53-7<br \/>\nPagine: 276<\/p>\n<p>Turiddu \u00e8 un bambino che nasce e cresce in un ambiente mafioso. Un bambino, neanche troppo sveglio, che, per una serie di casi fortuiti e strane coincidenze, assurge a fama di \u201cspietato e crudele\u201d sin dalla pi\u00f9 tenera et\u00e0. Protagonista della storia non \u00e8 lui, e nemmeno il padre, don Calogero (il vero mafioso), quanto piuttosto l\u2019ambiente nel quale Turiddu cresce: quell\u2019ambiente che, complice l\u2019ignoranza, concorre a generare un\u2019ammirazione sconfinata per le gesta eroiche sue e del padre. Quell\u2019ambiente in cui la povert\u00e0 e l\u2019assenza di alternative fanno s\u00ec che la delinquenza diventi una reale possibilit\u00e0 di sopravvivenza e la sola carriera possibile. Da qui lo stupore per chi ha progredito in questo percorso e Turiddu, suo malgrado, ha iniziato presto. Ma tutto ci\u00f2 \u00e8 solo lo spunto, in realt\u00e0 \u00e8 tutto esageratamente esagerato, perch\u00e9 la narrazione \u00e8 comica, ironica, satirica e, a tratti, sarcastica. Vengono presi in giro proprio i luoghi comuni, che caratterizzano il pensiero e il comportamento mafioso. Questo libro, se riesce a far sorridere per un attimo e a far riflettere per un altro attimo ha gi\u00e0 raggiunto il suo scopo.<\/p>\n","protected":false},"featured_media":11099,"comment_status":"closed","ping_status":"closed","template":"","meta":[],"product_brand":[],"product_cat":[18,79],"product_tag":[],"class_list":{"0":"post-11096","1":"product","2":"type-product","3":"status-publish","4":"has-post-thumbnail","6":"product_cat-fabula","7":"product_cat-guglielmo-tasca","9":"first","10":"instock","11":"shipping-taxable","12":"purchasable","13":"product-type-simple"},"_links":{"self":[{"href":"https:\/\/www.operaincertaeditore.it\/shop\/index.php\/wp-json\/wp\/v2\/product\/11096","targetHints":{"allow":["GET"]}}],"collection":[{"href":"https:\/\/www.operaincertaeditore.it\/shop\/index.php\/wp-json\/wp\/v2\/product"}],"about":[{"href":"https:\/\/www.operaincertaeditore.it\/shop\/index.php\/wp-json\/wp\/v2\/types\/product"}],"replies":[{"embeddable":true,"href":"https:\/\/www.operaincertaeditore.it\/shop\/index.php\/wp-json\/wp\/v2\/comments?post=11096"}],"wp:featuredmedia":[{"embeddable":true,"href":"https:\/\/www.operaincertaeditore.it\/shop\/index.php\/wp-json\/wp\/v2\/media\/11099"}],"wp:attachment":[{"href":"https:\/\/www.operaincertaeditore.it\/shop\/index.php\/wp-json\/wp\/v2\/media?parent=11096"}],"wp:term":[{"taxonomy":"product_brand","embeddable":true,"href":"https:\/\/www.operaincertaeditore.it\/shop\/index.php\/wp-json\/wp\/v2\/product_brand?post=11096"},{"taxonomy":"product_cat","embeddable":true,"href":"https:\/\/www.operaincertaeditore.it\/shop\/index.php\/wp-json\/wp\/v2\/product_cat?post=11096"},{"taxonomy":"product_tag","embeddable":true,"href":"https:\/\/www.operaincertaeditore.it\/shop\/index.php\/wp-json\/wp\/v2\/product_tag?post=11096"}],"curies":[{"name":"wp","href":"https:\/\/api.w.org\/{rel}","templated":true}]}}

<p>Data di Pubblicazione: giugno 2023<br />
ISBN 978-88-32220-53-7<br />
Pagine: 276</p>
<p>Turiddu è un bambino che nasce e cresce in un ambiente mafioso. Un bambino, neanche troppo sveglio, che, per una serie di casi fortuiti e strane coincidenze, assurge a fama di “spietato e crudele” sin dalla più tenera età. Protagonista della storia non è lui, e nemmeno il padre, don Calogero (il vero mafioso), quanto piuttosto l’ambiente nel quale Turiddu cresce: quell’ambiente che, complice l’ignoranza, concorre a generare un’ammirazione sconfinata per le gesta eroiche sue e del padre. Quell’ambiente in cui la povertà e l’assenza di alternative fanno sì che la delinquenza diventi una reale possibilità di sopravvivenza e la sola carriera possibile. Da qui lo stupore per chi ha progredito in questo percorso e Turiddu, suo malgrado, ha iniziato presto. Ma tutto ciò è solo lo spunto, in realtà è tutto esageratamente esagerato, perché la narrazione è comica, ironica, satirica e, a tratti, sarcastica. Vengono presi in giro proprio i luoghi comuni, che caratterizzano il pensiero e il comportamento mafioso. Questo libro, se riesce a far sorridere per un attimo e a far riflettere per un altro attimo ha già raggiunto il suo scopo.</p>
