{"id":10995,"date":"2023-06-06T14:22:03","date_gmt":"2023-06-06T12:22:03","guid":{"rendered":"https:\/\/www.operaincertaeditore.it\/shop\/?post_type=product&#038;p=10995"},"modified":"2023-06-06T14:26:46","modified_gmt":"2023-06-06T12:26:46","slug":"paola-damato-legami","status":"publish","type":"product","link":"https:\/\/www.operaincertaeditore.it\/shop\/index.php\/prodotto\/paola-damato-legami\/","title":{"rendered":"Paola D&#8217;Amato &#8211; Legami"},"content":{"rendered":"<p><a href=\"https:\/\/www.operaincertaeditore.it\/shop\/?attachment_id=10996\" rel=\"attachment wp-att-10996\"><img loading=\"lazy\" decoding=\"async\" class=\"alignright size-full wp-image-10996\" src=\"https:\/\/www.operaincertaeditore.it\/shop\/wp-content\/uploads\/2023\/06\/legami_anteprima.jpg\" alt=\"\" width=\"2000\" height=\"1425\" srcset=\"https:\/\/www.operaincertaeditore.it\/shop\/wp-content\/uploads\/2023\/06\/legami_anteprima.jpg 2000w, https:\/\/www.operaincertaeditore.it\/shop\/wp-content\/uploads\/2023\/06\/legami_anteprima-300x214.jpg 300w, https:\/\/www.operaincertaeditore.it\/shop\/wp-content\/uploads\/2023\/06\/legami_anteprima-1024x730.jpg 1024w, https:\/\/www.operaincertaeditore.it\/shop\/wp-content\/uploads\/2023\/06\/legami_anteprima-768x547.jpg 768w, https:\/\/www.operaincertaeditore.it\/shop\/wp-content\/uploads\/2023\/06\/legami_anteprima-1536x1094.jpg 1536w, https:\/\/www.operaincertaeditore.it\/shop\/wp-content\/uploads\/2023\/06\/legami_anteprima-600x428.jpg 600w\" sizes=\"auto, (max-width: 2000px) 100vw, 2000px\" \/><\/a><\/p>\n","protected":false},"excerpt":{"rendered":"<p>Data di Pubblicazione: giugno 2023<br \/>\nISBN: 978-88-32220-50-6<br \/>\nPagine: 168<\/p>\n<p>Le strade di Marco Lagan\u00e0 e Adelaide Quintavalle si erano incontrate tantissimo tempo fa. Erano giovani ma il loro amore sembrava gi\u00e0 maturo. Con la partenza di Marco, i loro percorsi si erano per\u00f2 divisi. Quarant\u2019anni dopo si ritrovano per caso. Entrambi hanno una famiglia, dei figli, la propria vita. Ma se la vita di Adelaide scorre tranquilla, accanto al marito Alberto, del quale \u00e8 ancora innamorata, e alle due figlie, quella di Marco, invece, sta attraversando un momento di crisi. Il suo matrimonio sembra essere arrivato al capolinea. L&#8217;incontro fortuito con Adelaide, la sua presenza, nonch\u00e8 la sua vicinanza risveglier\u00e0 vecchi, e forse mai sopiti,\u00a0sentimenti.<\/p>\n","protected":false},"featured_media":10997,"comment_status":"closed","ping_status":"closed","template":"","meta":[],"product_brand":[],"product_cat":[18,58],"product_tag":[],"class_list":{"0":"post-10995","1":"product","2":"type-product","3":"status-publish","4":"has-post-thumbnail","6":"product_cat-fabula","7":"product_cat-paola-damato","9":"first","10":"instock","11":"shipping-taxable","12":"purchasable","13":"product-type-simple"},"_links":{"self":[{"href":"https:\/\/www.operaincertaeditore.it\/shop\/index.php\/wp-json\/wp\/v2\/product\/10995","targetHints":{"allow":["GET"]}}],"collection":[{"href":"https:\/\/www.operaincertaeditore.it\/shop\/index.php\/wp-json\/wp\/v2\/product"}],"about":[{"href":"https:\/\/www.operaincertaeditore.it\/shop\/index.php\/wp-json\/wp\/v2\/types\/product"}],"replies":[{"embeddable":true,"href":"https:\/\/www.operaincertaeditore.it\/shop\/index.php\/wp-json\/wp\/v2\/comments?post=10995"}],"wp:featuredmedia":[{"embeddable":true,"href":"https:\/\/www.operaincertaeditore.it\/shop\/index.php\/wp-json\/wp\/v2\/media\/10997"}],"wp:attachment":[{"href":"https:\/\/www.operaincertaeditore.it\/shop\/index.php\/wp-json\/wp\/v2\/media?parent=10995"}],"wp:term":[{"taxonomy":"product_brand","embeddable":true,"href":"https:\/\/www.operaincertaeditore.it\/shop\/index.php\/wp-json\/wp\/v2\/product_brand?post=10995"},{"taxonomy":"product_cat","embeddable":true,"href":"https:\/\/www.operaincertaeditore.it\/shop\/index.php\/wp-json\/wp\/v2\/product_cat?post=10995"},{"taxonomy":"product_tag","embeddable":true,"href":"https:\/\/www.operaincertaeditore.it\/shop\/index.php\/wp-json\/wp\/v2\/product_tag?post=10995"}],"curies":[{"name":"wp","href":"https:\/\/api.w.org\/{rel}","templated":true}]}}

<p>Data di Pubblicazione: giugno 2023<br />
ISBN: 978-88-32220-50-6<br />
Pagine: 168</p>
<p>Le strade di Marco Laganà e Adelaide Quintavalle si erano incontrate tantissimo tempo fa. Erano giovani ma il loro amore sembrava già maturo. Con la partenza di Marco, i loro percorsi si erano però divisi. Quarant’anni dopo si ritrovano per caso. Entrambi hanno una famiglia, dei figli, la propria vita. Ma se la vita di Adelaide scorre tranquilla, accanto al marito Alberto, del quale è ancora innamorata, e alle due figlie, quella di Marco, invece, sta attraversando un momento di crisi. Il suo matrimonio sembra essere arrivato al capolinea. L&#8217;incontro fortuito con Adelaide, la sua presenza, nonchè la sua vicinanza risveglierà vecchi, e forse mai sopiti, sentimenti.</p>
