{"id":10585,"date":"2023-05-02T14:38:28","date_gmt":"2023-05-02T12:38:28","guid":{"rendered":"https:\/\/www.operaincertaeditore.it\/shop\/?post_type=product&#038;p=10585"},"modified":"2023-05-02T15:11:56","modified_gmt":"2023-05-02T13:11:56","slug":"saverio-ricordo-e-alessandro-turtulici-le-fiuredde","status":"publish","type":"product","link":"https:\/\/www.operaincertaeditore.it\/shop\/index.php\/prodotto\/saverio-ricordo-e-alessandro-turtulici-le-fiuredde\/","title":{"rendered":"Saverio Ricordo e Alessandro Turtulici &#8211; Le Fiuredde"},"content":{"rendered":"<p><a href=\"https:\/\/www.operaincertaeditore.it\/shop\/?attachment_id=10632\" rel=\"attachment wp-att-10632\"><img loading=\"lazy\" decoding=\"async\" class=\"alignright size-full wp-image-10632\" src=\"https:\/\/www.operaincertaeditore.it\/shop\/wp-content\/uploads\/2023\/05\/fiuredde_anteprima.jpg\" alt=\"\" width=\"2000\" height=\"1425\" srcset=\"https:\/\/www.operaincertaeditore.it\/shop\/wp-content\/uploads\/2023\/05\/fiuredde_anteprima.jpg 2000w, https:\/\/www.operaincertaeditore.it\/shop\/wp-content\/uploads\/2023\/05\/fiuredde_anteprima-300x214.jpg 300w, https:\/\/www.operaincertaeditore.it\/shop\/wp-content\/uploads\/2023\/05\/fiuredde_anteprima-1024x730.jpg 1024w, https:\/\/www.operaincertaeditore.it\/shop\/wp-content\/uploads\/2023\/05\/fiuredde_anteprima-768x547.jpg 768w, https:\/\/www.operaincertaeditore.it\/shop\/wp-content\/uploads\/2023\/05\/fiuredde_anteprima-1536x1094.jpg 1536w, https:\/\/www.operaincertaeditore.it\/shop\/wp-content\/uploads\/2023\/05\/fiuredde_anteprima-600x428.jpg 600w\" sizes=\"auto, (max-width: 2000px) 100vw, 2000px\" \/><\/a><\/p>\n","protected":false},"excerpt":{"rendered":"<p>Data di Pubblicazione: maggio 2023<br \/>\nISBN: 978-88-32220-49-0<br \/>\nPagine: 126<\/p>\n<p>Conversando qualche giorno fa con una mia collega insegnante, convenivamo assieme su quanto di singolare accada a chi, per mestiere e per passione, ha quotidiane frequentazioni con la letteratura: tutto ci\u00f2 che una persona tale vive, le sue esperienze, i pensieri, le parole proprie o altrui assumono una doppia valenza. Valgono per se stessi, in quanto fatti e accadimenti della realt\u00e0, ma rimandano al contempo a passi di romanzi, o a scene drammatiche, pi\u00f9 spesso ancora a versi, comunque ad una \u201crealt\u00e0 dell\u2019immaginazione\u201d che dona loro un valore ulteriore,<br \/>\nimponderabile ed inestimabile. Confesso che capita di frequente anche a me, e che \u00e8 successo anche quando il magnifico gruppo di lavoro che ha dato vita a quest\u2019opera \u00e8 venuto a propormi di riflettere e scrivere qualche riga di presentazione in qualit\u00e0 di primo cittadino. La mia memoria, sollecitata dal tema delle \u201cfiuredde\u201d, \u00e8 corsa a cercare tra i versi di un poeta dialettale che al rapporto tra un cieco e il Cristo di un\u2019edicola di Trastevere dedica alcuni dei suoi pi\u00f9 intensi sonetti. Un cieco &#8211; canta Trilussa nei suoi endecasillabi in romanesco &#8211; si ferma ogni giorno all\u2019angolo di una via, tastando con il bastone il punto esatto, laddove la madre da bambino gli diceva ci fosse un\u2019immagine di Ges\u00f9, esortandolo a pregare l\u00ec davanti e a non temere mai, nemmeno l\u2019oscurit\u00e0 a cui era condannato. Il cieco ormai adulto non sa che quell\u2019edicola \u00e8 stata smantellata da qualche tempo, che le statuette dei puttini che la abbellivano, cos\u00ec come le altre sue parti pi\u00f9 pregevoli, sono andate vendute da vari rigattieri a danarosi acquirenti, e allorch\u00e9 sente di essere giunto davanti al suo Cristo \u201csi ferma, fa un inchino, recita un Paternostro e riv\u00e0 via\u201d. La realt\u00e0 \u00e8 che in quello stesso punto da alcuni mesi insiste un\u2019insegna d\u2019osteria, che illuminata in rosso invita gli avventori a gustare del buon vino. Certo il contrasto tra il trasporto fiducioso del cieco e la prosaicit\u00e0 del luogo ormai spogliato della sacralit\u00e0 popolare di un tempo \u00e8 grande, tanto da suscitare il riso dell\u2019ostessa, che sarebbe tentata di svelare al poveretto la triste verit\u00e0, \u201cma quann\u2019\u00e8 ar dunque, nun se sa\u2019 decide\u201d: saggiamente la donna pensa &#8211; alle preghiere sincere di un uomo Dio risponde con immediata liberalit\u00e0, \u201csenza guarda\u2019 la mostra<br \/>\nde bottega\u201d. \u00c8 proprio cos\u00ec, alcune delle immagini sacre fotografate da Gaetano, catalogate e commentate da Alessandro con la guida sapiente e dotta del Maestro Saverio Ricordo,<br \/>\nsono ormai parzialmente danneggiate o completamente abrase. Eppure, esse continuano a donarci un confortante senso di appartenenza ad una Fede semplice ed immediata, che in un percorso fisico lungo strade cittadine o viottoli di campagna, tra immagini del Cristo, di Madonne Annunciate o Addolorate, di Santi oranti e miracolosi, ci dona l\u2019impareggiabile illusione di essere parte di qualcosa che c\u2019\u00e8 da sempre e che, se solo ce ne prendiamo cura, continuer\u00e0 ad esserci per sempre, in questo cammino terreno che ci \u00e8 toccato di compiere proprio qui e proprio ora.<\/p>\n","protected":false},"featured_media":10625,"comment_status":"closed","ping_status":"closed","template":"","meta":[],"product_brand":[],"product_cat":[16,77],"product_tag":[],"class_list":{"0":"post-10585","1":"product","2":"type-product","3":"status-publish","4":"has-post-thumbnail","6":"product_cat-fabrica","7":"product_cat-ricordo-turtulici","9":"first","10":"instock","11":"shipping-taxable","12":"purchasable","13":"product-type-simple"},"_links":{"self":[{"href":"https:\/\/www.operaincertaeditore.it\/shop\/index.php\/wp-json\/wp\/v2\/product\/10585","targetHints":{"allow":["GET"]}}],"collection":[{"href":"https:\/\/www.operaincertaeditore.it\/shop\/index.php\/wp-json\/wp\/v2\/product"}],"about":[{"href":"https:\/\/www.operaincertaeditore.it\/shop\/index.php\/wp-json\/wp\/v2\/types\/product"}],"replies":[{"embeddable":true,"href":"https:\/\/www.operaincertaeditore.it\/shop\/index.php\/wp-json\/wp\/v2\/comments?post=10585"}],"wp:featuredmedia":[{"embeddable":true,"href":"https:\/\/www.operaincertaeditore.it\/shop\/index.php\/wp-json\/wp\/v2\/media\/10625"}],"wp:attachment":[{"href":"https:\/\/www.operaincertaeditore.it\/shop\/index.php\/wp-json\/wp\/v2\/media?parent=10585"}],"wp:term":[{"taxonomy":"product_brand","embeddable":true,"href":"https:\/\/www.operaincertaeditore.it\/shop\/index.php\/wp-json\/wp\/v2\/product_brand?post=10585"},{"taxonomy":"product_cat","embeddable":true,"href":"https:\/\/www.operaincertaeditore.it\/shop\/index.php\/wp-json\/wp\/v2\/product_cat?post=10585"},{"taxonomy":"product_tag","embeddable":true,"href":"https:\/\/www.operaincertaeditore.it\/shop\/index.php\/wp-json\/wp\/v2\/product_tag?post=10585"}],"curies":[{"name":"wp","href":"https:\/\/api.w.org\/{rel}","templated":true}]}}

<p>Data di Pubblicazione: maggio 2023<br />
ISBN: 978-88-32220-49-0<br />
Pagine: 126</p>
<p>Conversando qualche giorno fa con una mia collega insegnante, convenivamo assieme su quanto di singolare accada a chi, per mestiere e per passione, ha quotidiane frequentazioni con la letteratura: tutto ciò che una persona tale vive, le sue esperienze, i pensieri, le parole proprie o altrui assumono una doppia valenza. Valgono per se stessi, in quanto fatti e accadimenti della realtà, ma rimandano al contempo a passi di romanzi, o a scene drammatiche, più spesso ancora a versi, comunque ad una “realtà dell’immaginazione” che dona loro un valore ulteriore,<br />
imponderabile ed inestimabile. Confesso che capita di frequente anche a me, e che è successo anche quando il magnifico gruppo di lavoro che ha dato vita a quest’opera è venuto a propormi di riflettere e scrivere qualche riga di presentazione in qualità di primo cittadino. La mia memoria, sollecitata dal tema delle “fiuredde”, è corsa a cercare tra i versi di un poeta dialettale che al rapporto tra un cieco e il Cristo di un’edicola di Trastevere dedica alcuni dei suoi più intensi sonetti. Un cieco &#8211; canta Trilussa nei suoi endecasillabi in romanesco &#8211; si ferma ogni giorno all’angolo di una via, tastando con il bastone il punto esatto, laddove la madre da bambino gli diceva ci fosse un’immagine di Gesù, esortandolo a pregare lì davanti e a non temere mai, nemmeno l’oscurità a cui era condannato. Il cieco ormai adulto non sa che quell’edicola è stata smantellata da qualche tempo, che le statuette dei puttini che la abbellivano, così come le altre sue parti più pregevoli, sono andate vendute da vari rigattieri a danarosi acquirenti, e allorché sente di essere giunto davanti al suo Cristo “si ferma, fa un inchino, recita un Paternostro e rivà via”. La realtà è che in quello stesso punto da alcuni mesi insiste un’insegna d’osteria, che illuminata in rosso invita gli avventori a gustare del buon vino. Certo il contrasto tra il trasporto fiducioso del cieco e la prosaicità del luogo ormai spogliato della sacralità popolare di un tempo è grande, tanto da suscitare il riso dell’ostessa, che sarebbe tentata di svelare al poveretto la triste verità, “ma quann’è ar dunque, nun se sa’ decide”: saggiamente la donna pensa &#8211; alle preghiere sincere di un uomo Dio risponde con immediata liberalità, “senza guarda’ la mostra<br />
de bottega”. È proprio così, alcune delle immagini sacre fotografate da Gaetano, catalogate e commentate da Alessandro con la guida sapiente e dotta del Maestro Saverio Ricordo,<br />
sono ormai parzialmente danneggiate o completamente abrase. Eppure, esse continuano a donarci un confortante senso di appartenenza ad una Fede semplice ed immediata, che in un percorso fisico lungo strade cittadine o viottoli di campagna, tra immagini del Cristo, di Madonne Annunciate o Addolorate, di Santi oranti e miracolosi, ci dona l’impareggiabile illusione di essere parte di qualcosa che c’è da sempre e che, se solo ce ne prendiamo cura, continuerà ad esserci per sempre, in questo cammino terreno che ci è toccato di compiere proprio qui e proprio ora.</p>
