{"id":10265,"date":"2023-03-24T14:56:22","date_gmt":"2023-03-24T13:56:22","guid":{"rendered":"https:\/\/www.operaincertaeditore.it\/shop\/?post_type=product&#038;p=10265"},"modified":"2024-03-22T12:57:41","modified_gmt":"2024-03-22T11:57:41","slug":"baky-meite-gli-stracci-blu","status":"publish","type":"product","link":"https:\/\/www.operaincertaeditore.it\/shop\/index.php\/prodotto\/baky-meite-gli-stracci-blu\/","title":{"rendered":"Baky Meit\u00e9 &#8211; Gli stracci blu"},"content":{"rendered":"<p><a href=\"https:\/\/www.operaincertaeditore.it\/shop\/?attachment_id=10271\" rel=\"attachment wp-att-10271\"><img loading=\"lazy\" decoding=\"async\" class=\"alignright size-full wp-image-10271\" src=\"https:\/\/www.operaincertaeditore.it\/shop\/wp-content\/uploads\/2023\/03\/stracci_anteprima.jpg\" alt=\"\" width=\"2000\" height=\"1425\" srcset=\"https:\/\/www.operaincertaeditore.it\/shop\/wp-content\/uploads\/2023\/03\/stracci_anteprima.jpg 2000w, https:\/\/www.operaincertaeditore.it\/shop\/wp-content\/uploads\/2023\/03\/stracci_anteprima-300x214.jpg 300w, https:\/\/www.operaincertaeditore.it\/shop\/wp-content\/uploads\/2023\/03\/stracci_anteprima-1024x730.jpg 1024w, https:\/\/www.operaincertaeditore.it\/shop\/wp-content\/uploads\/2023\/03\/stracci_anteprima-768x547.jpg 768w, https:\/\/www.operaincertaeditore.it\/shop\/wp-content\/uploads\/2023\/03\/stracci_anteprima-1536x1094.jpg 1536w, https:\/\/www.operaincertaeditore.it\/shop\/wp-content\/uploads\/2023\/03\/stracci_anteprima-600x428.jpg 600w\" sizes=\"auto, (max-width: 2000px) 100vw, 2000px\" \/><\/a><\/p>\n","protected":false},"excerpt":{"rendered":"<p>Data di Pubblicazione: aprile 2023<br \/>\nISBN: 978-88-32220-48-3<br \/>\nPagine: 198<\/p>\n<p>In queste pagine non c\u2019\u00e8 solo il racconto di uomo che ha dato parte del suo tempo (forzatamente) libero per aiutare chi in quel periodo stava cercando di sconfiggere il Covid quando stava iniziando a mietere le prime vittime. In questo libro ci sono anche i ritratti di chi, pur non essendo sotto i riflettori della ribalta mediatica, ha dato il suo importante contributo perch\u00e9 il contagio non si propagasse. Conosceremo cos\u00ec Soued, Mariam, Couz, Sara, quelle persone cio\u00e8 che sono apparse nei telegiornali, quelle per le quali non si sono sprecati applausi, ma anche H\u00e9l\u00e8ne, Olivier e quanti si trovavano in ospedale perch\u00e9 anziano, costretti a combattere con il virus e non sempre uscendone vincitori. Baky ha indossato le vesti di puliziere solo per un paio di mesi, forse pochi, ma sufficienti perch\u00e9 queste pagine possano essere sfogliate come tante fotografie di persone, oggetti, ambienti, per non dimenticarli. Perch\u00e9, se il mare \u00e8 formato da tante gocce d\u2019acqua, ciascuno di noi \u00e8 una di quelle gocce che lo formano.<\/p>\n","protected":false},"featured_media":10272,"comment_status":"closed","ping_status":"closed","template":"","meta":[],"product_brand":[],"product_cat":[76,90],"product_tag":[],"class_list":{"0":"post-10265","1":"product","2":"type-product","3":"status-publish","4":"has-post-thumbnail","6":"product_cat-baky-meite","7":"product_cat-ludus","9":"first","10":"instock","11":"shipping-taxable","12":"purchasable","13":"product-type-simple"},"_links":{"self":[{"href":"https:\/\/www.operaincertaeditore.it\/shop\/index.php\/wp-json\/wp\/v2\/product\/10265","targetHints":{"allow":["GET"]}}],"collection":[{"href":"https:\/\/www.operaincertaeditore.it\/shop\/index.php\/wp-json\/wp\/v2\/product"}],"about":[{"href":"https:\/\/www.operaincertaeditore.it\/shop\/index.php\/wp-json\/wp\/v2\/types\/product"}],"replies":[{"embeddable":true,"href":"https:\/\/www.operaincertaeditore.it\/shop\/index.php\/wp-json\/wp\/v2\/comments?post=10265"}],"wp:featuredmedia":[{"embeddable":true,"href":"https:\/\/www.operaincertaeditore.it\/shop\/index.php\/wp-json\/wp\/v2\/media\/10272"}],"wp:attachment":[{"href":"https:\/\/www.operaincertaeditore.it\/shop\/index.php\/wp-json\/wp\/v2\/media?parent=10265"}],"wp:term":[{"taxonomy":"product_brand","embeddable":true,"href":"https:\/\/www.operaincertaeditore.it\/shop\/index.php\/wp-json\/wp\/v2\/product_brand?post=10265"},{"taxonomy":"product_cat","embeddable":true,"href":"https:\/\/www.operaincertaeditore.it\/shop\/index.php\/wp-json\/wp\/v2\/product_cat?post=10265"},{"taxonomy":"product_tag","embeddable":true,"href":"https:\/\/www.operaincertaeditore.it\/shop\/index.php\/wp-json\/wp\/v2\/product_tag?post=10265"}],"curies":[{"name":"wp","href":"https:\/\/api.w.org\/{rel}","templated":true}]}}

Baky Meité &#8211; Gli stracci blu

<p>Data di Pubblicazione: aprile 2023<br />
ISBN: 978-88-32220-48-3<br />
Pagine: 198</p>
<p>In queste pagine non c’è solo il racconto di uomo che ha dato parte del suo tempo (forzatamente) libero per aiutare chi in quel periodo stava cercando di sconfiggere il Covid quando stava iniziando a mietere le prime vittime. In questo libro ci sono anche i ritratti di chi, pur non essendo sotto i riflettori della ribalta mediatica, ha dato il suo importante contributo perché il contagio non si propagasse. Conosceremo così Soued, Mariam, Couz, Sara, quelle persone cioè che sono apparse nei telegiornali, quelle per le quali non si sono sprecati applausi, ma anche Hélène, Olivier e quanti si trovavano in ospedale perché anziano, costretti a combattere con il virus e non sempre uscendone vincitori. Baky ha indossato le vesti di puliziere solo per un paio di mesi, forse pochi, ma sufficienti perché queste pagine possano essere sfogliate come tante fotografie di persone, oggetti, ambienti, per non dimenticarli. Perché, se il mare è formato da tante gocce d’acqua, ciascuno di noi è una di quelle gocce che lo formano.</p>
