{"id":10053,"date":"2023-02-02T15:14:24","date_gmt":"2023-02-02T14:14:24","guid":{"rendered":"https:\/\/www.operaincertaeditore.it\/shop\/?post_type=product&#038;p=10053"},"modified":"2024-03-22T12:58:22","modified_gmt":"2024-03-22T11:58:22","slug":"nigel-owens-half-time","status":"publish","type":"product","link":"https:\/\/www.operaincertaeditore.it\/shop\/index.php\/prodotto\/nigel-owens-half-time\/","title":{"rendered":"Nigel Owens &#8211; Half time"},"content":{"rendered":"<p><a href=\"https:\/\/www.operaincertaeditore.it\/shop\/?attachment_id=10046\" rel=\"attachment wp-att-10046\"><img loading=\"lazy\" decoding=\"async\" class=\"alignleft size-full wp-image-10046\" src=\"https:\/\/www.operaincertaeditore.it\/shop\/wp-content\/uploads\/2023\/02\/halftime_anteprima.jpg\" alt=\"\" width=\"2000\" height=\"1425\" srcset=\"https:\/\/www.operaincertaeditore.it\/shop\/wp-content\/uploads\/2023\/02\/halftime_anteprima.jpg 2000w, https:\/\/www.operaincertaeditore.it\/shop\/wp-content\/uploads\/2023\/02\/halftime_anteprima-300x214.jpg 300w, https:\/\/www.operaincertaeditore.it\/shop\/wp-content\/uploads\/2023\/02\/halftime_anteprima-1024x730.jpg 1024w, https:\/\/www.operaincertaeditore.it\/shop\/wp-content\/uploads\/2023\/02\/halftime_anteprima-768x547.jpg 768w, https:\/\/www.operaincertaeditore.it\/shop\/wp-content\/uploads\/2023\/02\/halftime_anteprima-1536x1094.jpg 1536w, https:\/\/www.operaincertaeditore.it\/shop\/wp-content\/uploads\/2023\/02\/halftime_anteprima-600x428.jpg 600w\" sizes=\"auto, (max-width: 2000px) 100vw, 2000px\" \/><\/a><\/p>\n","protected":false},"excerpt":{"rendered":"<p>Data di Pubblicazione: marzo 2023<br \/>\nISBN: 978-88-32220-45-2<br \/>\nPagine: 230<\/p>\n<p>Difficile riassumere in poche righe quella che \u00e8 stata, ed \u00e8 ancora, la vita di Nigel Owens, una vita legata soprattutto al mondo del rugby, ma non solo. Con l\u2019Italia a fare spesso da fil rouge<br \/>\nnei momenti importanti della sua carriera: la sua prima partita internazionale \u00e8 stata London Irish-Lyons Piacenza nel 2001 (Challenge Cup). La prima nell&#8217;Heineken Cup: Calvisano-Perpignan (2002). La prima partita nel Sei Nazioni: Inghilterra-Italia (2007). Il centesimo e ultimo test-match: Francia-Italia (2020) Arbitro con il record di partite arbitrate (100 test-match), testimonial della comunit\u00e0 Lgbt e contro il bullismo, del quale anche \u00e8 stato vittima, comico, doppiatore, cantante, allevatore, conduttore radiofonico e televisivo, editorialista, difensore del Cymraeg. Gay dichiarato, ha fatto coming out nel 2007, la biografia inizia con il suo proposito di suicidio proprio per sfuggire alla pressione della sua condizione. Per fortuna, sua e nostra, non \u00e8 riuscito nel suo intento, \u00e8 stato trovato in tempo. \u201cNon accettavo \u2013 scrive \u2013 chi e cosa ero, ma non permetter\u00f2 pi\u00f9 a me stesso di raggiungere un tale stato\u201d. Noi italiani amanti del mondo ovale abbiamo inizialmente conosciuto solo una piccola parte di Nigel Owens, quando gi\u00e0 era entrato nel club degli arbitri internazionali, non sapendo che dietro le sue memorabili battute con i giocatori (da \u201cIl campo da calcio \u00e8 500 metri pi\u00f9 in l\u00e0\u201d a \u201cNon credo che ci siamo mai incontrati prima, ma io sono l&#8217;arbitro\u201d) c&#8217;era un complesso e avventuroso cammino che lascia a bocca spalancata e che merita di essere ripercorso passo dopo passo grazie a questa sua autobiografia. \u201cDevo pi\u00f9 io al rugby di quanto il rugby mi dovr\u00e0 mai\u201d \u00e8 il tweet digitato subito dopo il suo ultimo test-match internazionale. Un saluto alla Nigel Owens.<\/p>\n","protected":false},"featured_media":10047,"comment_status":"closed","ping_status":"closed","template":"","meta":[],"product_brand":[],"product_cat":[90,75],"product_tag":[],"class_list":{"0":"post-10053","1":"product","2":"type-product","3":"status-publish","4":"has-post-thumbnail","6":"product_cat-ludus","7":"product_cat-nigel-owens","9":"first","10":"instock","11":"shipping-taxable","12":"purchasable","13":"product-type-simple"},"_links":{"self":[{"href":"https:\/\/www.operaincertaeditore.it\/shop\/index.php\/wp-json\/wp\/v2\/product\/10053","targetHints":{"allow":["GET"]}}],"collection":[{"href":"https:\/\/www.operaincertaeditore.it\/shop\/index.php\/wp-json\/wp\/v2\/product"}],"about":[{"href":"https:\/\/www.operaincertaeditore.it\/shop\/index.php\/wp-json\/wp\/v2\/types\/product"}],"replies":[{"embeddable":true,"href":"https:\/\/www.operaincertaeditore.it\/shop\/index.php\/wp-json\/wp\/v2\/comments?post=10053"}],"wp:featuredmedia":[{"embeddable":true,"href":"https:\/\/www.operaincertaeditore.it\/shop\/index.php\/wp-json\/wp\/v2\/media\/10047"}],"wp:attachment":[{"href":"https:\/\/www.operaincertaeditore.it\/shop\/index.php\/wp-json\/wp\/v2\/media?parent=10053"}],"wp:term":[{"taxonomy":"product_brand","embeddable":true,"href":"https:\/\/www.operaincertaeditore.it\/shop\/index.php\/wp-json\/wp\/v2\/product_brand?post=10053"},{"taxonomy":"product_cat","embeddable":true,"href":"https:\/\/www.operaincertaeditore.it\/shop\/index.php\/wp-json\/wp\/v2\/product_cat?post=10053"},{"taxonomy":"product_tag","embeddable":true,"href":"https:\/\/www.operaincertaeditore.it\/shop\/index.php\/wp-json\/wp\/v2\/product_tag?post=10053"}],"curies":[{"name":"wp","href":"https:\/\/api.w.org\/{rel}","templated":true}]}}