{"id":10038,"date":"2023-02-02T14:58:41","date_gmt":"2023-02-02T13:58:41","guid":{"rendered":"https:\/\/www.operaincertaeditore.it\/shop\/?post_type=product&#038;p=10038"},"modified":"2023-02-02T15:13:57","modified_gmt":"2023-02-02T14:13:57","slug":"domenico-pisana-carmelo-lauretta","status":"publish","type":"product","link":"https:\/\/www.operaincertaeditore.it\/shop\/index.php\/prodotto\/domenico-pisana-carmelo-lauretta\/","title":{"rendered":"Domenico Pisana &#8211; Carmelo Lauretta"},"content":{"rendered":"<p><a href=\"https:\/\/www.operaincertaeditore.it\/shop\/?attachment_id=10039\" rel=\"attachment wp-att-10039\"><img loading=\"lazy\" decoding=\"async\" class=\"alignleft size-full wp-image-10039\" src=\"https:\/\/www.operaincertaeditore.it\/shop\/wp-content\/uploads\/2023\/02\/lauretta_anteprima.jpg\" alt=\"\" width=\"2000\" height=\"1425\" srcset=\"https:\/\/www.operaincertaeditore.it\/shop\/wp-content\/uploads\/2023\/02\/lauretta_anteprima.jpg 2000w, https:\/\/www.operaincertaeditore.it\/shop\/wp-content\/uploads\/2023\/02\/lauretta_anteprima-300x214.jpg 300w, https:\/\/www.operaincertaeditore.it\/shop\/wp-content\/uploads\/2023\/02\/lauretta_anteprima-1024x730.jpg 1024w, https:\/\/www.operaincertaeditore.it\/shop\/wp-content\/uploads\/2023\/02\/lauretta_anteprima-768x547.jpg 768w, https:\/\/www.operaincertaeditore.it\/shop\/wp-content\/uploads\/2023\/02\/lauretta_anteprima-1536x1094.jpg 1536w, https:\/\/www.operaincertaeditore.it\/shop\/wp-content\/uploads\/2023\/02\/lauretta_anteprima-600x428.jpg 600w\" sizes=\"auto, (max-width: 2000px) 100vw, 2000px\" \/><\/a><\/p>\n","protected":false},"excerpt":{"rendered":"<p>Data di Pubblicazione: febbraio 2023<br \/>\nISBN: 978-88-32220-46-9<br \/>\nPagine: 150<\/p>\n<p>Carmelo Lauretta, nato nel 1917 e morto l\u201911 settembre del 2011, \u00e8 un figlio illustre di Comiso, e questa monografia a lui dedicata dal poeta e scrittore modicano Domenico Pisana, ne \u00e8 una\u00a0 conferma. L\u2019autore disegna tre orizzonti della personalit\u00e0 letteraria di Lauretta. Anzitutto quello poetico, ove Pisana offre al lettore un\u2019analisi critica di diverse raccolte del poeta comisano, tutte intrise di interiorit\u00e0 e religiosit\u00e0, nonch\u00e9 della capacit\u00e0 di Carmelo Lauretta di leggere, con magistrale ed efficace utilizzo del dialetto siciliano, la sua citt\u00e0, la terra iblea e la sua<br \/>\nSicilia, manifestando una cultura classica non comune e interpretando le inquietudini e i problemi della contemporaneit\u00e0. Nel secondo orizzonte si staglia il Lauretta autore di novelle e racconti, la cui scrittura vibra di uno stile personale e affabulante, di un dettato narratologico dal quale trasuda il suo ardente desiderio di dialogo umano e di fraternit\u00e0. Nel terzo orizzonte l\u2019autore offre al lettore una parte della corrispondenza epistolare avuta con Carmelo Lauretta, dalla quale emerge il rapporto umano e di amicizia, intenso e fraterno, che lo stesso ha avuto con il poeta comisano dal 1985 fino al 2007. La bellezza della poesia di Carmelo Lauretta \u2013 afferma Domenico Pisana \u2013 sta tutta nella delicatezza dei sentimenti, nell\u2019armoniosa e delicata vivacit\u00e0 dell\u2019atto creativo, nello stile semplice e lineare, nella sua capacit\u00e0 di trasfigurazione della realt\u00e0 e di comunicazione di valori umani e religiosi capaci di ricostruire spazi di un nuovo umanesimo .<\/p>\n","protected":false},"featured_media":10040,"comment_status":"closed","ping_status":"closed","template":"","meta":[],"product_brand":[],"product_cat":[73,16],"product_tag":[],"class_list":{"0":"post-10038","1":"product","2":"type-product","3":"status-publish","4":"has-post-thumbnail","6":"product_cat-domenico-pisana","7":"product_cat-fabrica","9":"first","10":"instock","11":"shipping-taxable","12":"purchasable","13":"product-type-simple"},"_links":{"self":[{"href":"https:\/\/www.operaincertaeditore.it\/shop\/index.php\/wp-json\/wp\/v2\/product\/10038","targetHints":{"allow":["GET"]}}],"collection":[{"href":"https:\/\/www.operaincertaeditore.it\/shop\/index.php\/wp-json\/wp\/v2\/product"}],"about":[{"href":"https:\/\/www.operaincertaeditore.it\/shop\/index.php\/wp-json\/wp\/v2\/types\/product"}],"replies":[{"embeddable":true,"href":"https:\/\/www.operaincertaeditore.it\/shop\/index.php\/wp-json\/wp\/v2\/comments?post=10038"}],"wp:featuredmedia":[{"embeddable":true,"href":"https:\/\/www.operaincertaeditore.it\/shop\/index.php\/wp-json\/wp\/v2\/media\/10040"}],"wp:attachment":[{"href":"https:\/\/www.operaincertaeditore.it\/shop\/index.php\/wp-json\/wp\/v2\/media?parent=10038"}],"wp:term":[{"taxonomy":"product_brand","embeddable":true,"href":"https:\/\/www.operaincertaeditore.it\/shop\/index.php\/wp-json\/wp\/v2\/product_brand?post=10038"},{"taxonomy":"product_cat","embeddable":true,"href":"https:\/\/www.operaincertaeditore.it\/shop\/index.php\/wp-json\/wp\/v2\/product_cat?post=10038"},{"taxonomy":"product_tag","embeddable":true,"href":"https:\/\/www.operaincertaeditore.it\/shop\/index.php\/wp-json\/wp\/v2\/product_tag?post=10038"}],"curies":[{"name":"wp","href":"https:\/\/api.w.org\/{rel}","templated":true}]}}

<p>Data di Pubblicazione: febbraio 2023<br />
ISBN: 978-88-32220-46-9<br />
Pagine: 150</p>
<p>Carmelo Lauretta, nato nel 1917 e morto l’11 settembre del 2011, è un figlio illustre di Comiso, e questa monografia a lui dedicata dal poeta e scrittore modicano Domenico Pisana, ne è una  conferma. L’autore disegna tre orizzonti della personalità letteraria di Lauretta. Anzitutto quello poetico, ove Pisana offre al lettore un’analisi critica di diverse raccolte del poeta comisano, tutte intrise di interiorità e religiosità, nonché della capacità di Carmelo Lauretta di leggere, con magistrale ed efficace utilizzo del dialetto siciliano, la sua città, la terra iblea e la sua<br />
Sicilia, manifestando una cultura classica non comune e interpretando le inquietudini e i problemi della contemporaneità. Nel secondo orizzonte si staglia il Lauretta autore di novelle e racconti, la cui scrittura vibra di uno stile personale e affabulante, di un dettato narratologico dal quale trasuda il suo ardente desiderio di dialogo umano e di fraternità. Nel terzo orizzonte l’autore offre al lettore una parte della corrispondenza epistolare avuta con Carmelo Lauretta, dalla quale emerge il rapporto umano e di amicizia, intenso e fraterno, che lo stesso ha avuto con il poeta comisano dal 1985 fino al 2007. La bellezza della poesia di Carmelo Lauretta – afferma Domenico Pisana – sta tutta nella delicatezza dei sentimenti, nell’armoniosa e delicata vivacità dell’atto creativo, nello stile semplice e lineare, nella sua capacità di trasfigurazione della realtà e di comunicazione di valori umani e religiosi capaci di ricostruire spazi di un nuovo umanesimo .</p>
